000
CXUS53 KMKX 012103 RRA
CLMMSN

CLIMATE REPORT
NATIONAL WEATHER SERVICE IN MILWAUKEE
253 PM CST MON DEC 1 2014

...................................

...THE MADISON WI CLIMATE SUMMARY FOR THE SEASON, FROM
9/1/2014 TO 11/30/2014...

CLIMATE NORMAL PERIOD 1981 TO 2010
CLIMATE RECORD PERIOD 1871 TO 2014

WEATHER         OBSERVED          NORMAL  DEPART  LAST YEAR`S
                 VALUE   DATE(S)  VALUE   FROM    VALUE  DATE(S)
                                          NORMAL
................................................................
TEMPERATURE (F)
RECORD
 HIGH              99   09/01/1953
 LOW              -14   11/28/1887
HIGHEST            84   09/04        87      -3       94  09/10
LOWEST              2   11/21         9      -7        8  11/29
AVG. MAXIMUM     56.6              58.3    -1.7     59.4
AVG. MINIMUM     37.2              39.0    -1.8     39.4
MEAN             46.9              48.7    -1.8     49.4
DAYS MAX >= 90      0               0.1    -0.1        3
DAYS MAX <= 32     14               4.4     9.6        7
DAYS MIN <= 32     30              28.0     2.0       27
DAYS MIN <= 0       0               0.1    -0.1        0

PRECIPITATION (INCHES)
RECORD
 MAXIMUM        19.85   1881
 MINIMUM         2.10   1976
TOTALS           6.47              7.92   -1.45     7.28
DAILY AVG.       0.07              0.09   -0.02     0.08
DAYS >= .01        34              29.7     4.3       29
DAYS >= .10        13              16.3    -3.3       14
DAYS >= .50         5               5.0     0.0        5
DAYS >= 1.00        1               1.5    -0.5        1
GREATEST
 24 HR. TOTAL    2.03   10/13 TO 10/14              1.94 9/19

SNOWFALL (INCHES)
RECORDS
 TOTAL           18.3   1985
TOTALS            8.5               4.1     4.4      3.5
SINCE 7/1         8.5               4.1     4.4      3.5
SNOWDEPTH AVG.      0                MM      MM        0
DAYS >= 1.0         2               1.3     0.7        2
GREATEST
 SNOW DEPTH         5   11/25                          1  11/29
                                                          11/27
                                                          11/28
 24 HR TOTAL      5.3   11/24 TO 11/25               1.5  11/25

DEGREE_DAYS
HEATING TOTAL    1667              1542     125     1489
 SINCE 7/1         MM              1579      MM       MM
COOLING TOTAL      44                56     -12       96
 SINCE 1/1        620               568      52      709

FREEZE DATES
RECORD
 EARLIEST     09/12/1955
 LATEST       05/31/1966
EARLIEST                        10/01
LATEST                          05/10
.................................................................

WIND (MPH)
AVERAGE WIND SPEED              7.0
RESULTANT WIND SPEED/DIRECTION   1/240
HIGHEST WIND SPEED/DIRECTION    32/360    DATE  10/31
HIGHEST GUST SPEED/DIRECTION    49/090    DATE  09/14

SKY COVER
POSSIBLE SUNSHINE (PERCENT)   MM
AVERAGE SKY COVER           0.60
NUMBER OF DAYS FAIR           20
NUMBER OF DAYS PC             44
NUMBER OF DAYS CLOUDY         27

AVERAGE RH (PERCENT)     71

WEATHER CONDITIONS. NUMBER OF DAYS WITH
THUNDERSTORM              5     MIXED PRECIP               0
HEAVY RAIN                3     RAIN                      11
LIGHT RAIN               35     FREEZING RAIN              0
LT FREEZING RAIN          1     HAIL                       0
HEAVY SNOW                0     SNOW                       2
LIGHT SNOW               16     SLEET                      3
FOG                      50     FOG W/VIS <= 1/4 MILE      5
HAZE                     15

-  INDICATES NEGATIVE NUMBERS.
R  INDICATES RECORD WAS SET OR TIED.
MM INDICATES DATA IS MISSING.
T  INDICATES TRACE AMOUNT.

$$
