000
CXUS53 KOAX 080208 CCB
CLMOFK

CLIMATE REPORT...CORRECTED
NATIONAL WEATHER SERVICE OMAHA NEBRASKA
905 PM CDT FRI 7 2015

...SUMMARY INCLUDED AND ADDED NEBRASKA AFTER NORFOLK...

...................................

...THE NORFOLK, NEBRASKA CLIMATE SUMMARY FOR THE MONTH OF JULY
2015...

CLIMATE NORMAL PERIOD 1981 TO 2010
CLIMATE RECORD PERIOD 1888 TO 2015

WEATHER         OBSERVED          NORMAL  DEPART
                 VALUE   DATE(S)  VALUE   FROM
                                          NORMAL
................................................
TEMPERATURE (F)
HIGHEST            96   07/17
LOWEST             49   07/08
AVG. MAXIMUM     85.3              86.4    -1.1
AVG. MINIMUM     63.5              63.6    -0.1
MEAN             74.4              75.0    -0.6
DAYS MAX >= 90      9
DAYS MAX <= 32      0
DAYS MIN <= 32      0
DAYS MIN <= 0       0

PRECIPITATION (INCHES)
RECORD
 MAXIMUM         9.11   1950
 MINIMUM            T   2012
TOTALS           5.14              3.32    1.82
DAILY AVG.       0.17
DAYS >= .01        11
DAYS >= .10         7
DAYS >= .50         4
DAYS >= 1.00        2
GREATEST
 24 HR. TOTAL    1.92   07/15 TO 07/15

SNOWFALL (INCHES)
TOTALS            0.0               0.0
SINCE 7/1         0.0
SNOWDEPTH AVG.      0
DAYS >= 1.0         0
GREATEST
 SNOW DEPTH         0
 24 HR TOTAL      0.0

DEGREE DAYS
HEATING TOTAL       4                 4       0
 SINCE 7/1          4                 4       0
COOLING TOTAL     304               314     -10
 SINCE 1/1        523               561     -38
.................................................

WIND (MPH)
AVERAGE WIND SPEED              7.7
HIGHEST WIND SPEED/DIRECTION    35/290    DATE  07/17
HIGHEST GUST SPEED/DIRECTION    48/300    DATE  07/17

SKY COVER
AVERAGE SKY COVER           0.30


WEATHER CONDITIONS. NUMBER OF DAYS WITH
THUNDERSTORM             11     MIXED PRECIP               0
HEAVY RAIN                6     RAIN                       7
LIGHT RAIN               11     FREEZING RAIN              0
LT FREEZING RAIN          0     HAIL                       0
HEAVY SNOW                0     SNOW                       0
LIGHT SNOW                0     SLEET                      0
FOG                      18     FOG W/VIS <= 1/4 MILE      3
HAZE                      4

-  INDICATES NEGATIVE NUMBERS.
R  INDICATES RECORD WAS SET OR TIED.
MM INDICATES DATA IS MISSING.
T  INDICATES TRACE AMOUNT.
>= INDICATES GREATER THAN OR EQUAL TO.
<= INDICATES LESS THAN OR EQUAL TO.

&&

...JULY WAS WETTER THAN NORMAL...WITH BELOW-NORMAL TEMPERATURES...

WITH TOTAL PRECIPITATION OF 5.14 INCHES FALLING 1.82 INCHES ABOVE
NORMAL...THE MONTH OF JULY WAS THE 20TH WETTEST JULY IN NORFOLK. THE
AVERAGE TEMPERATURE OF 74.4 DEGREES WAS 0.6 DEGREES BELOW
NORMAL...FALLING IN THE BELOW-NORMAL RANGE.

THE BENIGN PATTERN FROM JUNE LARGELY CONTINUED IN JULY. SEVERAL
RAINFALL EVENTS FELL BETWEEN THE 2ND AND THE 20TH...INCLUDING A
DAILY RECORD RAINFALL OF 1.92 INCHES ON THE 15TH.  RAINFALL WAS
RARER AND LIGHTER FROM THE 21ST THROUGH THE 30TH...WITH JUST 0.06
INCHES OF RAIN FALLING ON TWO DAYS IN THAT PERIOD. THUNDERSTORMS
OCCURRED ON ELEVEN DAYS IN JULY...WITH STORMS ON THE 17TH BRINGING
WIND GUSTS MEASURED AT 48 MPH. HIGH TEMPERATURES WERE LARGELY IN THE
80S AND 90S...WITH SIX DAYS OF HIGH TEMPERATURES STAYING IN THE 60S
OR 70S. THE WARMEST TEMPERATURE OF THE MONTH...AT 96
DEGREES...OCCURRED ON THE 17TH. LOW TEMPERATURES WERE LARGELY IN THE
60S AND 70S...WITH SEVEN DAYS OF LOWS IN THE 40S OR 50S. THE COOLEST
TEMPERATURE OF THE MONTH...AT 49 DEGREES...OCCURRED ON THE 8TH...AS
BELOW-NORMAL TEMPERATURES DOMINATED THE FIRST TEN DAYS OF JULY.


DAILY RECORDS SET IN JULY 2015:
DATE         RECORD           READING  PREVIOUS RECORD
JULY 15      RAINFALL           1.92   1.80 (1989)

$$

MAYES
