000
CXHW52 PHFO 080151
CLMOGG


CLIMATE REPORT
NATIONAL WEATHER SERVICE HONOLULU HI
351 PM HST THU JUL 7 2016

...................................

...THE KAHULUI HI CLIMATE SUMMARY FOR THE MONTH OF JUNE 2016...

CLIMATE NORMAL PERIOD 1981 TO 2010
CLIMATE RECORD PERIOD 1946 TO 2016

WEATHER         OBSERVED          NORMAL  DEPART  LAST YEAR`S
                 VALUE   DATE(S)  VALUE   FROM    VALUE  DATE(S)
                                          NORMAL
................................................................
TEMPERATURE (F)
RECORD
 HIGH              94   06/12/1996
                        06/07/1953
                        06/15/1952
 LOW               58   06/02/1985
HIGHEST            91   06/21        86       5       MM  MM
                        06/12
LOWEST             67   06/20        69      -2       MM  MM
AVG. MAXIMUM     86.5              86.3     0.2       MM
AVG. MINIMUM     71.3              69.6     1.7       MM
MEAN             78.9              78.0     0.9       MM
DAYS MAX >= 90      4               1.0     3.0       MM
DAYS MAX <= 32      0               0.0     0.0       MM
DAYS MIN <= 32      0               0.0     0.0       MM
DAYS MIN <= 0       0               0.0     0.0       MM

PRECIPITATION (INCHES)
RECORD
 MAXIMUM         2.50   1967
 MINIMUM         0.00   1957
TOTALS           0.36              0.20    0.16       MM
DAILY AVG.       0.01              0.01    0.00       MM
DAYS >= .01        14               5.1     8.9       MM
DAYS >= .10         1               0.5     0.5       MM
DAYS >= .50         0               0.0     0.0       MM
DAYS >= 1.00        0               0.0     0.0       MM
GREATEST
 24 HR. TOTAL    0.94   06/27 TO 06/28                MM
                        06/28 TO 06/28
                        06/28 TO 06/29

SNOWFALL (INCHES)
RECORDS
 TOTAL             MM   0
TOTALS            0.0               0.0     0.0       MM
SINCE 7/1         0.0               0.0     0.0       MM
SNOWDEPTH AVG.      0                MM      MM       MM
DAYS >= 1.0         0               0.0     0.0       MM
GREATEST
 SNOW DEPTH         0   MM                            MM  MM
 24 HR TOTAL      0.0   06/30 TO 06/30                MM

DEGREE_DAYS
HEATING TOTAL       0                 0       0       MM
 SINCE 7/1          0                 0       0       MM
COOLING TOTAL     426               388      38       MM
 SINCE 1/1       1915              1647     268       MM
.................................................................

WIND (MPH)
AVERAGE WIND SPEED              13.9
HIGHEST WIND SPEED/DIRECTION    32/060    DATE  06/15
HIGHEST GUST SPEED/DIRECTION    44/060    DATE  06/15

SKY COVER
POSSIBLE SUNSHINE (PERCENT)   MM
AVERAGE SKY COVER           0.40
NUMBER OF DAYS FAIR            6
NUMBER OF DAYS PC             22
NUMBER OF DAYS CLOUDY          2

AVERAGE RH (PERCENT)     71

WEATHER CONDITIONS. NUMBER OF DAYS WITH
THUNDERSTORM              0     MIXED PRECIP               0
HEAVY RAIN                0     RAIN                       1
LIGHT RAIN               10     FREEZING RAIN              0
LT FREEZING RAIN          0     HAIL                       0
HEAVY SNOW                0     SNOW                       0
LIGHT SNOW                0     SLEET                      0
FOG                      11     FOG W/VIS <= 1/4 MILE      0
HAZE                      4

-  INDICATES NEGATIVE NUMBERS.
R  INDICATES RECORD WAS SET OR TIED.
MM INDICATES DATA IS MISSING.
T  INDICATES TRACE AMOUNT.

$$
