000
CXUS53 KEAX 011142 RRA
CLMOJC

CLIMATE REPORT
NATIONAL WEATHER SERVICE KANSAS CITY/PLEASANT HILL MO
534 AM CST WED MAR 1 2017

...................................

...THE JOHNSON COUNTY EXECUTIVE CLIMATE SUMMARY FOR THE MONTH OF FEBRUARY 2017...

CLIMATE NORMAL PERIOD 1981 TO 2010
CLIMATE RECORD PERIOD 9999 TO 9999

WEATHER         OBSERVED          NORMAL  DEPART  LAST YEAR`S
                 VALUE   DATE(S)  VALUE   FROM    VALUE  DATE(S)
                                          NORMAL
................................................................
TEMPERATURE (F)
HIGHEST            79   02/22        68      11       73  02/18
LOWEST             15   02/09         5      10       16  02/13
AVG. MAXIMUM     55.5              44.5    11.0     50.3
AVG. MINIMUM     31.6              25.1     6.5     28.7
MEAN             43.2              34.8     8.4     39.5
DAYS MAX >= 90      0               0.0     0.0        0
DAYS MAX <= 32      2               5.5    -3.5        2
DAYS MIN <= 32     16              20.1    -4.1       19
DAYS MIN <= 0       0               0.9    -0.9        0

PRECIPITATION (INCHES)
TOTALS           0.03              1.57   -1.54     0.47
DAILY AVG.       0.00              0.06   -0.06     0.02
DAYS >= .01         2               6.1    -4.1        5
DAYS >= .10         0               3.8    -3.8        1
DAYS >= .50         0               0.9    -0.9        0
DAYS >= 1.00        0               0.3    -0.3        0
GREATEST
 24 HR. TOTAL    0.02   02/20 TO 02/20

DEGREE_DAYS
HEATING TOTAL     580               845    -265      731
 SINCE 7/1       3140              3893    -753     3345
COOLING TOTAL       0                 0       0        0
 SINCE 1/1          0                 0       0        0
.................................................................

WIND (MPH)
AVERAGE WIND SPEED              9.2
HIGHEST WIND SPEED/DIRECTION    25/320    DATE  02/24
HIGHEST GUST SPEED/DIRECTION    36/210    DATE  02/28

SKY COVER
POSSIBLE SUNSHINE (PERCENT)   MM
AVERAGE SKY COVER           0.20
NUMBER OF DAYS FAIR           19
NUMBER OF DAYS PC              8
NUMBER OF DAYS CLOUDY          1

AVERAGE RH (PERCENT)     64

WEATHER CONDITIONS. NUMBER OF DAYS WITH
THUNDERSTORM              2     MIXED PRECIP               0
HEAVY RAIN                0     RAIN                       0
LIGHT RAIN                4     FREEZING RAIN              0
LT FREEZING RAIN          0     HAIL                       0
HEAVY SNOW                0     SNOW                       0
LIGHT SNOW                2     SLEET                      0
FOG                       8     FOG W/VIS <= 1/4 MILE      3
HAZE                      2

-  INDICATES NEGATIVE NUMBERS.
R  INDICATES RECORD WAS SET OR TIED.
MM INDICATES DATA IS MISSING.
T  INDICATES TRACE AMOUNT.

$$
