000
CXUS54 KOUN 011341
CLMOKC

CLIMATE REPORT
NATIONAL WEATHER SERVICE NORMAN OK
737 AM CST SUN JAN 1 2017

...................................

...THE OKLAHOMA CITY CLIMATE SUMMARY FOR THE MONTH OF DECEMBER
2016...

CLIMATE NORMAL PERIOD 1981 TO 2010 CLIMATE RECORD PERIOD 1890 TO 2016

WEATHER         OBSERVED          NORMAL  DEPART  LAST YEAR`S
                 VALUE   DATE(S)  VALUE   FROM    VALUE
                                          NORMAL
.............................................................
TEMPERATURE (F)
RECORD
 HIGH              86   12/24/1955
 LOW               -8   12/23/1989
HIGHEST            73                71       2       74
LOWEST              4                12      -8       22
AVG. MAXIMUM     50.6              50.6     0.0     56.8
AVG. MINIMUM     28.4              30.6    -2.2     33.7
MEAN             39.5              40.6    -1.1     45.3
DAYS MAX >= 90      0               0.0     0.0        0
DAYS MAX <= 32      1               2.0    -1.0        1
DAYS MIN <= 32     20              17.0     3.0       16
DAYS MIN <= 0       0               0.1    -0.1        0

PRECIPITATION (INCHES)
RECORD
 MAXIMUM         8.14   1984
 MINIMUM            T   1996
TOTALS           0.79              1.88   -1.09     3.07
DAILY AVG.       0.03              0.06   -0.03     0.10
DAYS >= .01         8               5.8     2.2        5
DAYS >= .10         2               3.2    -1.2        3
DAYS >= .50         0               1.4    -1.4        3
DAYS >= 1.00        0               0.5    -0.5        1
GREATEST
 24 HR. TOTAL    0.53   12/02 TO 12/03

SNOWFALL (INCHES)
TOTALS            0.4               2.1    -1.7
SINCE 7/1         0.4               2.5    -2.1

DEGREE_DAYS
HEATING TOTAL     783               756      27      605
 SINCE 7/1       1106              1355    -249     1090
..............................................................

WIND (MPH)
AVERAGE WIND SPEED              11.5
HIGHEST WIND SPEED/DIRECTION    39/180    DATE  12/25
HIGHEST GUST SPEED/DIRECTION    49/170    DATE  12/25


WEATHER CONDITIONS. NUMBER OF DAYS WITH
THUNDERSTORM              0     MIXED PRECIP               0
HEAVY RAIN                0     RAIN                       1
LIGHT RAIN               10     FREEZING RAIN              1
LT FREEZING RAIN          1     HAIL                       0
HEAVY SNOW                0     SNOW                       0
LIGHT SNOW                1     SLEET                      1
FOG                      11     FOG W/VIS <= 1/4 MILE      4
HAZE                      0

-  INDICATES NEGATIVE NUMBERS.
R  INDICATES RECORD WAS SET OR TIED.
MM INDICATES DATA IS MISSING.
T  INDICATES TRACE AMOUNT.
...............................................................
RECORDS/REMARKS
RECORD DAILY SNOWFALL OF 0.4 INCHES TIED ON THE 17TH.
RECORD LOW TEMP OF 4 DEGREES TIED ON THE 18TH.
RECORD MAX TEMP OF 73 DEGREES TIED ON THE 25TH.

JAN-DEC 2016 PRECIPITATION TOTAL IS 26.29 INCHES.
12TH DRIEST YEAR ON RECORD.

$$
