000
CXUS54 KOUN 011454
CLMOKC

CLIMATE REPORT
NATIONAL WEATHER SERVICE NORMAN OK
953 AM CDT WED JUL 1 2015

...................................

...THE OKLAHOMA CITY CLIMATE SUMMARY FOR THE MONTH OF JUNE 2015...

CLIMATE NORMAL PERIOD 1981 TO 2010
CLIMATE RECORD PERIOD 1890 TO 2015

WEATHER         OBSERVED          NORMAL  DEPART  LAST YEAR`S
                 VALUE   DATE(S)  VALUE   FROM    VALUE
                                          NORMAL
.............................................................
TEMPERATURE (F)
RECORD
 HIGH             107   06/22/1936
 LOW               46   06/02/1917
HIGHEST            96                97      -1       95
LOWEST             55                56      -1       59
AVG. MAXIMUM     89.6              88.1     1.5     87.2
AVG. MINIMUM     68.4              67.8     0.6     68.9
MEAN             79.0              78.0     1.0     78.1
DAYS MAX >= 90     18              11.6     6.4       10
DAYS MAX <= 32      0               0.0     0.0        0
DAYS MIN <= 32      0               0.0     0.0        0
DAYS MIN <= 0       0               0.0     0.0        0

PRECIPITATION (INCHES)
RECORD
 MAXIMUM        14.66   1989
 MINIMUM         0.02   1914
TOTALS           5.77              4.93    0.84     8.60
DAILY AVG.       0.19              0.16    0.03     0.29
DAYS >= .01         7               9.1    -2.1       10
DAYS >= .10         5               6.4    -1.4       10
DAYS >= .50         5               3.1     1.9        4
DAYS >= 1.00        1               1.6    -0.6        3
GREATEST
 24 HR. TOTAL    3.52   06/12 TO 06/13

DEGREE_DAYS
COOLING TOTAL     427               390      37      400
 SINCE 1/1        604               640     -36      690
..............................................................

WIND (MPH)
AVERAGE WIND SPEED              10.3
HIGHEST WIND SPEED/DIRECTION    32/290    DATE  06/29
HIGHEST GUST SPEED/DIRECTION    40/270    DATE  06/29


WEATHER CONDITIONS. NUMBER OF DAYS WITH
THUNDERSTORM              0     MIXED PRECIP               0
HEAVY RAIN                3     RAIN                       6
LIGHT RAIN                7     FREEZING RAIN              0
LT FREEZING RAIN          0     HAIL                       0
HEAVY SNOW                0     SNOW                       0
LIGHT SNOW                0     SLEET                      0
FOG                       9     FOG W/VIS <= 1/4 MILE      0
HAZE                      2

-  INDICATES NEGATIVE NUMBERS.
R  INDICATES RECORD WAS SET OR TIED.
MM INDICATES DATA IS MISSING.
T  INDICATES TRACE AMOUNT.

...................................................................
RECORD/REMARKS
THE JANUARY THROUGH JUN TOTAL PRECIPITATION IS 34.43 INCHES.

$$
