000
CXUS56 KSEW 022036
CLMOLM


CLIMATE REPORT
NATIONAL WEATHER SERVICE SEATTLE WA
135 PM PDT SAT APR 2 2016

...................................

...THE OLYMPIA WA AIRPORT CLIMATE SUMMARY FOR THE MONTH OF MARCH 2016...

CLIMATE NORMAL PERIOD 1981 TO 2010
CLIMATE RECORD PERIOD 1948 TO 2016

WEATHER         OBSERVED          NORMAL  DEPART  LAST YEAR`S
                 VALUE   DATE(S)  VALUE   FROM    VALUE  DATE(S)
                                          NORMAL
................................................................
TEMPERATURE (F)
RECORD
 HIGH              79   03/29/2004
 LOW                9   03/03/1989
HIGHEST            75   03/31        MM      MM       72  03/26
LOWEST             27   03/17        MM      MM       21  03/04
AVG. MAXIMUM     55.6              53.9     1.7     59.1
AVG. MINIMUM     36.8              35.1     1.7     36.6
MEAN             46.2              44.5     1.7     47.9
DAYS MAX >= 90      0               0.0     0.0        0
DAYS MAX <= 32      0               0.0     0.0        0
DAYS MIN <= 32      6              10.3    -4.3       10
DAYS MIN <= 0       0               0.0     0.0        0

PRECIPITATION (INCHES)
RECORD
 MAXIMUM        11.79   1997
 MINIMUM         0.48   1965
TOTALS           8.51              5.29    3.22     5.94
DAILY AVG.       0.27              0.17    0.10     0.19
DAYS >= .01        24              18.5     5.5       17
DAYS >= .10        18              12.8     5.2       10
DAYS >= .50         4               3.0     1.0        3
DAYS >= 1.00        2               0.7     1.3        2
GREATEST
 24 HR. TOTAL    1.68   03/01 TO 03/01

DEGREE_DAYS
HEATING TOTAL     579               636     -57
COOLING TOTAL       0                 0       0
.................................................................

WIND (MPH)
AVERAGE WIND SPEED              6.2
HIGHEST WIND SPEED/DIRECTION    35/190    DATE  03/13
HIGHEST GUST SPEED/DIRECTION    46/210    DATE  03/13

SKY COVER
POSSIBLE SUNSHINE (PERCENT)   MM
AVERAGE SKY COVER           0.60
NUMBER OF DAYS FAIR            7
NUMBER OF DAYS PC              8
NUMBER OF DAYS CLOUDY         16

AVERAGE RH (PERCENT)     78

WEATHER CONDITIONS. NUMBER OF DAYS WITH
THUNDERSTORM              0     MIXED PRECIP               0
HEAVY RAIN                4     RAIN                      13
LIGHT RAIN               24     FREEZING RAIN              0
LT FREEZING RAIN          0     HAIL                       0
HEAVY SNOW                0     SNOW                       0
LIGHT SNOW                0     SLEET                      0
FOG                      28     FOG W/VIS <= 1/4 MILE     10
HAZE                      0

-  INDICATES NEGATIVE NUMBERS.
R  INDICATES RECORD WAS SET OR TIED.
MM INDICATES DATA IS MISSING.
T  INDICATES TRACE AMOUNT.

$$
