000
CXAK59 PAFG 012251
CLMOME


CLIMATE REPORT
NATIONAL WEATHER SERVICE FAIRBANKS, AK
247 PM AKDT SUN OCT 1 2017

...................................

...THE NOME AK CLIMATE SUMMARY FOR THE MONTH OF SEPTEMBER 2017...

CLIMATE NORMAL PERIOD 1981 TO 2010
CLIMATE RECORD PERIOD 1906 TO 2017

WEATHER         OBSERVED          NORMAL  DEPART  LAST YEAR`S
                 VALUE   DATE(S)  VALUE   FROM    VALUE  DATE(S)
                                          NORMAL
................................................................
TEMPERATURE (F)
RECORD
 HIGH              71   09/11/1979
 LOW                9   09/28/1992
HIGHEST            60   09/06        MM      MM       66  09/02
LOWEST             22   09/29        MM      MM       27  09/17
                                                          09/14
AVG. MAXIMUM     48.6              48.7    -0.1     50.0
AVG. MINIMUM     35.2              36.9    -1.7     37.5
MEAN             41.9              42.8    -0.9     43.8
DAYS MAX >= 90      0               0.0     0.0        0
DAYS MAX <= 32      0               0.1    -0.1        0
DAYS MIN <= 32     10               8.6     1.4        7
DAYS MIN <= 0       0               0.0     0.0        0

PRECIPITATION (INCHES)
RECORD
 MAXIMUM         7.46   1986
 MINIMUM         0.07   2008
TOTALS           2.73              2.45    0.28     2.29
DAILY AVG.       0.09              0.08    0.01     0.08
DAYS >= .01         9              14.9    -5.9       13
DAYS >= .10         6               7.2    -1.2        9
DAYS >= .50         3               1.1     1.9        1
DAYS >= 1.00        0               0.1    -0.1        0
GREATEST
 24 HR. TOTAL    0.70   09/02 TO 09/02           09/25 TO 09/25

SNOWFALL (INCHES)
RECORDS
 TOTAL            4.0   1920
 24 HR TOTAL       MM
 SNOW DEPTH         2   09/30/1993
                        09/29/1957
TOTALS              T               0.6    -0.6      0.0
SINCE 7/1           T               0.6    -0.6      0.0
SNOWDEPTH AVG.      0                 0       0        0
DAYS >= TRACE       1               0.9     0.1        0
DAYS >= 1.0         0               0.2    -0.2        0
GREATEST
 SNOW DEPTH         0   MM                             0  MM
 24 HR TOTAL        T   09/19 TO 09/19           09/30 TO 09/30

DEGREE_DAYS
HEATING TOTAL     684               666      18      630
 SINCE 7/1       1530              1526       4     1315
COOLING TOTAL       0                 0       0        0
 SINCE 1/1          4                 3       1        0
.................................................

WIND (MPH)
AVERAGE WIND SPEED              9.5
HIGHEST WIND SPEED/DIRECTION    28/040    DATE  09/22
HIGHEST GUST SPEED/DIRECTION    36/060    DATE  09/19

SKY COVER
AVERAGE SKY COVER           0.60


WEATHER CONDITIONS. NUMBER OF DAYS WITH
THUNDERSTORM              0     MIXED PRECIP               0
HEAVY RAIN                1     RAIN                       3
LIGHT RAIN               11     FREEZING RAIN              0
LT FREEZING RAIN          0     HAIL                       0
HEAVY SNOW                0     SNOW                       0
LIGHT SNOW                0     SLEET                      0
FOG                      10     FOG W/VIS <= 1/4 MILE      0
HAZE                      0

-  INDICATES NEGATIVE NUMBERS.
R  INDICATES RECORD WAS SET OR TIED.
MM INDICATES DATA IS MISSING.
T  INDICATES TRACE AMOUNT.

$$
