000
CXUS56 KOTX 011128
CLMOMK


CLIMATE REPORT
NATIONAL WEATHER SERVICE SPOKANE, WA
428 AM PDT THU SEP 1 2016

...................................

...THE OMAK WA AIRPORT CLIMATE SUMMARY FOR THE MONTH OF AUGUST 2016...

CLIMATE NORMAL PERIOD 1981 TO 2010
CLIMATE RECORD PERIOD 9999 TO 9999

WEATHER         OBSERVED          NORMAL  DEPART  LAST YEAR`S
                 VALUE   DATE(S)  VALUE   FROM    VALUE  DATE(S)
                                          NORMAL
................................................................
TEMPERATURE (F)
RECORD
 HIGH             106   08/01/2009
                        08/17/2008
                        08/05/1998
 LOW               34   08/30/1965
HIGHEST            98   08/17        MM      MM      104  08/12
                        08/16
LOWEST             47   08/23        MM      MM       47  08/23
                        08/09
                        08/03
AVG. MAXIMUM     89.5              87.9     1.6     89.0
AVG. MINIMUM     56.0              56.9    -0.9     58.2
MEAN             72.8              72.4     0.4     73.6
DAYS MAX >= 90     18              12.9     5.1       16
DAYS MAX <= 32      0               0.0     0.0        0
DAYS MIN <= 32      0               0.0     0.0        0
DAYS MIN <= 0       0               0.0     0.0        0

PRECIPITATION (INCHES)
RECORD
 MAXIMUM         2.88   1951
 MINIMUM            T   2012
                        2011
                        1969
TOTALS              TR             0.49   -0.49     0.17
DAILY AVG.          T              0.02   -0.02     0.01
DAYS >= .01         0                MM      MM        4
DAYS >= .10         0                MM      MM        0
DAYS >= .50         0                MM      MM        0
DAYS >= 1.00        0                MM      MM        0
GREATEST
 24 HR. TOTAL       T   08/10 TO 08/10           08/30 TO 08/30
                        08/08 TO 08/09                    08/29 TO 08/30
                        08/09 TO 08/09                    08/30 TO 08/30

SNOWFALL (INCHES)
RECORDS
 TOTAL              T   2000
TOTALS             MM                MM      MM       MM
SINCE 7/1          MM                MM      MM       MM
SNOWDEPTH AVG.     MM                MM      MM       MM
DAYS >= 1.0        MM                MM      MM        0
GREATEST
 SNOW DEPTH        MM                                 MM  MM
 24 HR TOTAL       MM                                 MM

DEGREE_DAYS
HEATING TOTAL       3                16     -13        3
 SINCE 7/1          8                31     -23        3
COOLING TOTAL     252               245       7      277
 SINCE 1/1        626               606      20      951
.................................................

WIND (MPH)
AVERAGE WIND SPEED              8.0
HIGHEST WIND SPEED/DIRECTION    33/030    DATE  08/18
HIGHEST GUST SPEED/DIRECTION    39/030    DATE  08/18

SKY COVER
POSSIBLE SUNSHINE (PERCENT)   MM
AVERAGE SKY COVER           0.10
NUMBER OF DAYS FAIR           30
NUMBER OF DAYS PC              1
NUMBER OF DAYS CLOUDY          0

AVERAGE RH (PERCENT)     37

WEATHER CONDITIONS. NUMBER OF DAYS WITH
THUNDERSTORM              0     MIXED PRECIP               0
HEAVY RAIN                0     RAIN                       0
LIGHT RAIN                2     FREEZING RAIN              0
LT FREEZING RAIN          0     HAIL                       0
HEAVY SNOW                0     SNOW                       0
LIGHT SNOW                0     SLEET                      0
FOG                       0     FOG W/VIS <= 1/4 MILE      0
HAZE                      1

-  INDICATES NEGATIVE NUMBERS.
R  INDICATES RECORD WAS SET OR TIED.
MM INDICATES DATA IS MISSING.
T  INDICATES TRACE AMOUNT.

$$
