264
CXUS53 KDDC 011529
CLMP28


CLIMATE REPORT
NATIONAL WEATHER SERVICE DODGE CITY KS
915 AM CST THU DEC 1 2016

...................................

...THE MEDICINE LODGE KS CLIMATE SUMMARY FOR THE MONTH OF NOVEMBER 2016...

CLIMATE NORMAL PERIOD 1981 TO 2010
CLIMATE RECORD PERIOD 1893 TO 2016

WEATHER         OBSERVED          NORMAL  DEPART  LAST YEAR`S
                 VALUE   DATE(S)  VALUE   FROM    VALUE  DATE(S)
                                          NORMAL
................................................................
TEMPERATURE (F)
RECORD
 HIGH              91   11/08/2006
 LOW                0   11/29/1976
HIGHEST            85   11/16        MM      MM       78  11/03
LOWEST             20   11/19        MM      MM       22  11/22
AVG. MAXIMUM     65.2              58.0     7.2     60.9
AVG. MINIMUM     37.3              32.8     4.5     34.9
MEAN             51.3              45.4     5.9     47.7
DAYS MAX >= 90      0               0.0     0.0        0
DAYS MAX <= 32      0               0.2    -0.2        3
DAYS MIN <= 32     11              14.8    -3.8       12
DAYS MIN <= 0       0               0.0     0.0        0

PRECIPITATION (INCHES)
RECORD
 MAXIMUM         7.06   1909
 MINIMUM         0.00   1936
                 0.00   1945
TOTALS           0.69              0.93   -0.24     3.07
DAYS >= .01         4               3.8     0.2        7
DAYS >= .10         2               1.7     0.3        5
DAYS >= .50         0               0.5    -0.5        2
DAYS >= 1.00        0               0.1    -0.1        1
GREATEST
 24 HR. TOTAL    0.62   11/06 TO 11/07           11/17 TO 11/17

DEGREE_DAYS
HEATING TOTAL     410               589    -179      458
 SINCE 7/1        536               858    -322      595
COOLING TOTAL       5                 1       4        0
 SINCE 1/1       1937              1770     167     1867
.........................................................

WIND (MPH)
AVERAGE WIND SPEED              8.1
HIGHEST WIND SPEED/DIRECTION    33/330    DATE  11/18
HIGHEST GUST SPEED/DIRECTION    42/330    DATE  11/18



-  INDICATES NEGATIVE NUMBERS.
R  INDICATES RECORD WAS SET OR TIED.
MM INDICATES DATA IS MISSING.
T  INDICATES TRACE AMOUNT.

$$
