000
CXUS53 KDDC 011549
CLMP28


CLIMATE REPORT
NATIONAL WEATHER SERVICE DODGE CITY KS
1043 AM CDT TUE AUG 1 2017

...................................

...THE MEDICINE LODGE KS CLIMATE SUMMARY FOR THE MONTH OF JULY 2017...

CLIMATE NORMAL PERIOD 1981 TO 2010
CLIMATE RECORD PERIOD 1893 TO 2017

WEATHER         OBSERVED          NORMAL  DEPART  LAST YEAR`S
                 VALUE   DATE(S)  VALUE   FROM    VALUE  DATE(S)
                                          NORMAL
................................................................
TEMPERATURE (F)
RECORD
 HIGH             115   07/14/1954
                        07/18/1936
 LOW               47   07/13/1975
HIGHEST           106   07/22        MM      MM      106  07/22
                        07/21
LOWEST             57   07/01        MM      MM       63  07/15
AVG. MAXIMUM     95.5              94.6     0.9     95.9
AVG. MINIMUM     70.0              69.5     0.5     70.8
MEAN             82.8              82.1     0.7     83.4
DAYS MAX >= 90     26              22.8     3.2       27
DAYS MAX <= 32      0               0.0     0.0        0
DAYS MIN <= 32      0               0.0     0.0        0
DAYS MIN <= 0       0               0.0     0.0        0

PRECIPITATION (INCHES)
RECORD
 MAXIMUM        10.65   2015
 MINIMUM         0.00   1983
TOTALS           0.98              3.38   -2.40     2.59
DAYS >= .01         7               6.3     0.7        9
DAYS >= .10         5               3.7     1.3        3
DAYS >= .50         0               1.6    -1.6        2
DAYS >= 1.00        0               0.8    -0.8        1
GREATEST
 24 HR. TOTAL    0.37   07/03 TO 07/03           07/14 TO 07/14

DEGREE_DAYS
HEATING TOTAL       0                 0       0        0
 SINCE 7/1          0                 0       0        0
COOLING TOTAL     556               528      28      576
 SINCE 1/1       1026              1037     -11     1172
..................................................

WIND (MPH)
AVERAGE WIND SPEED              7.8
HIGHEST WIND SPEED/DIRECTION    33/050    DATE  07/22
HIGHEST GUST SPEED/DIRECTION    43/040    DATE  07/22



-  INDICATES NEGATIVE NUMBERS.
R  INDICATES RECORD WAS SET OR TIED.
MM INDICATES DATA IS MISSING.
T  INDICATES TRACE AMOUNT.

$$
