000
CXUS53 KDDC 021437
CLMP28


CLIMATE REPORT
NATIONAL WEATHER SERVICE DODGE CITY KS
933 AM CDT SAT JUL 2 2016

...................................

...THE MEDICINE LODGE KS CLIMATE SUMMARY FOR THE MONTH OF JUNE 2016...

CLIMATE NORMAL PERIOD 1981 TO 2010
CLIMATE RECORD PERIOD 1893 TO 2016

WEATHER         OBSERVED          NORMAL  DEPART  LAST YEAR`S
                 VALUE   DATE(S)  VALUE   FROM    VALUE  DATE(S)
                                          NORMAL
................................................................
TEMPERATURE (F)
RECORD
 HIGH             113   06/25/1911
 LOW               39   06/13/1903
HIGHEST           104   06/15        MM      MM      100  06/30
LOWEST             53   06/06        MM      MM       58  06/01
                        06/05
AVG. MAXIMUM     93.4              88.7     4.7     91.8
AVG. MINIMUM     66.6              64.6     2.0     66.5
MEAN             80.0              76.6     3.4     79.1
DAYS MAX >= 90     23              13.4     9.6       22
DAYS MAX <= 32      0               0.0     0.0        0
DAYS MIN <= 32      0               0.0     0.0        0
DAYS MIN <= 0       0               0.0     0.0        0

PRECIPITATION (INCHES)
RECORD
 MAXIMUM         9.63   1915
 MINIMUM         0.14   1911
TOTALS           1.90              4.11   -2.21     2.26
DAYS >= .01         6               9.4    -3.4        5
DAYS >= .10         2               6.2    -4.2        3
DAYS >= .50         1               3.6    -2.6        3
DAYS >= 1.00        1               1.3    -0.3        0
GREATEST
 24 HR. TOTAL    1.59   06/18 TO 06/18           06/11 TO 06/12

DEGREE_DAYS
HEATING TOTAL       0                 3      -3        0
 SINCE 7/1       3601              4458    -857     4323
COOLING TOTAL     459               353     106      432
 SINCE 1/1        596               509      87      539
.................................................

WIND (MPH)
AVERAGE WIND SPEED              8.3
HIGHEST WIND SPEED/DIRECTION    47/040    DATE  06/28
HIGHEST GUST SPEED/DIRECTION    66/040    DATE  06/28



-  INDICATES NEGATIVE NUMBERS.
R  INDICATES RECORD WAS SET OR TIED.
MM INDICATES DATA IS MISSING.
T  INDICATES TRACE AMOUNT.

$$
