000
CXUS53 KPAH 080316
CLMPAH

CLIMATE REPORT
NATIONAL WEATHER SERVICE PADUCAH KY
1015 PM CDT THU APR 7 2016...CORRECTED

...................................

...THE PADUCAH ASOS CLIMATE SUMMARY FOR THE MONTH OF MARCH 2016...

CLIMATE NORMAL PERIOD 1981 TO 2010
CLIMATE RECORD PERIOD 1937 TO 2016

WEATHER         OBSERVED          NORMAL  DEPART  LAST YEAR`S
                 VALUE   DATE(S)  VALUE   FROM    VALUE  DATE(S)
                                          NORMAL
................................................................
TEMPERATURE (F)
RECORD
 HIGH              85   03/13/1967
 LOW               -6   03/06/2015
HIGHEST            82   03/15        58      24       79  03/31
LOWEST             25   03/02        38     -13       -6  03/06
AVG. MAXIMUM     63.8              59.0     4.8     56.6
AVG. MINIMUM     42.7              37.7     5.0     34.6
MEAN             53.2              48.3     4.9     45.6
DAYS MAX >= 90      0               0.0     0.0        0
DAYS MAX <= 32      0               0.3    -0.3        2
DAYS MIN <= 32      6              10.0    -4.0       11
DAYS MIN <= 0       0               0.0     0.0        1

PRECIPITATION (INCHES)
RECORD MAXIMUM         14.91   1964
       MINIMUM          0.70   1941
TOTALS           9.21              3.93    5.28     8.73
DAILY AVG.       0.30              0.13    0.17     0.28
DAYS >= .01        14              10.4     3.6       13
DAYS >= .10        11               6.9     4.1        9
DAYS >= .50         6               2.5     3.5        4
DAYS >= 1.00        3               0.9     2.1        4
GREATEST
 24 HR. TOTAL    3.28   03/09 TO 03/10
 STORM TOTAL       MM
 (MM/DD(HH))            MM

SNOWFALL (INCHES)
RECORDS
 TOTAL           24.0   1960
TOTALS              T               0.6    -0.6     12.1
SINCE 7/1        12.1               9.1     3.0     28.6
SNOWDEPTH AVG.      0                MM      MM        1
DAYS >= TRACE       1
DAYS >= 1.0         0               0.2    -0.2        2
GREATEST
 SNOW DEPTH         0   MM                            10  03/05
 24 HR TOTAL        T   03/20 TO 03/20
 STORM TOTAL       MM
 (MM/DD(HH))            MM

DEGREE_DAYS
HEATING TOTAL     359               523    -164      595
 SINCE 7/1       3021              3819    -798     4264
COOLING TOTAL       2                 7      -5        1
 SINCE 1/1          2                 7      -5        1

FREEZE DATES
RECORD
 EARLIEST     10/01/1984
 LATEST       04/28/1992
EARLIEST                        10/26
LATEST                          04/04
.................................................................

WIND (MPH)
AVERAGE WIND SPEED              8.0
HIGHEST WIND SPEED/DIRECTION    29/150    DATE  03/31
HIGHEST GUST SPEED/DIRECTION    40/260    DATE  03/31

SKY COVER
POSSIBLE SUNSHINE (PERCENT)   MM
AVERAGE SKY COVER           0.50
NUMBER OF DAYS FAIR           12
NUMBER OF DAYS PC             10
NUMBER OF DAYS CLOUDY          9

AVERAGE RH (PERCENT)     66

WEATHER CONDITIONS. NUMBER OF DAYS WITH
THUNDERSTORM              0     MIXED PRECIP               0
HEAVY RAIN                8     RAIN                       7
LIGHT RAIN               16     FREEZING RAIN              0
LT FREEZING RAIN          0     HAIL                       0
HEAVY SNOW                0     SNOW                       0
LIGHT SNOW                1     SLEET                      0
FOG                      18     FOG W/VIS <= 1/4 MILE      0
HAZE                      7

-  INDICATES NEGATIVE NUMBERS.
R  INDICATES RECORD WAS SET OR TIED.
MM INDICATES DATA IS MISSING.
T  INDICATES TRACE AMOUNT.

$$
