000
CXUS54 KLZK 012116
CLMPBF


CLIMATE REPORT
NATIONAL WEATHER SERVICE LITTLE ROCK AR
412 PM CDT TUE AUG 1 2017

...................................

...THE PINE BLUFF CLIMATE SUMMARY FOR THE MONTH OF JULY 2017...

CLIMATE NORMAL PERIOD 1981 TO 2010
CLIMATE RECORD PERIOD 1883 TO 2017

WEATHER         OBSERVED          NORMAL  DEPART  LAST YEAR`S
                 VALUE   DATE(S)  VALUE   FROM    VALUE  DATE(S)
                                          NORMAL
................................................................
TEMPERATURE (F)
RECORD
 HIGH             110   07/24/1924
                        07/23/1924
 LOW               56   07/07/1972
                        07/15/1967
                        07/23/1947
HIGHEST            96   07/23        92       4       99  07/23
                        07/21                             07/22
                        07/20
LOWEST             65   07/30        72      -7       69  07/15
                                                          07/14
                                                          07/11
AVG. MAXIMUM     90.9              92.2    -1.3     92.7
AVG. MINIMUM     71.8              71.9    -0.1     73.4
MEAN             81.4              82.0    -0.6     83.1
DAYS MAX >= 90     20              21.6    -1.6       27
DAYS MAX <= 32      0               0.0     0.0        0
DAYS MIN <= 32      0               0.0     0.0        0
DAYS MIN <= 0       0               0.0     0.0        0

PRECIPITATION (INCHES)
RECORD
 MAXIMUM        14.16   1936
 MINIMUM         0.00   1886
TOTALS           3.16              3.93   -0.77     2.85
DAILY AVG.       0.10              0.13   -0.03     0.09
DAYS >= .01         8               9.4    -1.4        9
DAYS >= .10         6                                  5
DAYS >= .50         1                                  2
DAYS >= 1.00        1               1.2    -0.2        1
GREATEST
 24 HR. TOTAL    1.20   07/06 TO 07/06

SNOWFALL (INCHES)
TOTALS            0.0               0.0     0.0      0.0
 LIQUID EQUIV    0.00              0.00    0.00     0.00
SINCE 7/1         0.0               0.0     0.0      0.0
 LIQUID 7/1      0.00              0.00    0.00     0.00
SNOWDEPTH AVG.      0
DAYS >= TRACE       0               0.0     0.0        0
DAYS >= 1.0         0                                  0
GREATEST
 SNOW DEPTH         0   MM
 24 HR TOTAL      0.0

DEGREE_DAYS
HEATING TOTAL       0                 0       0        0
 SINCE 7/1          0                 0       0        0
COOLING TOTAL     516               528     -12      565
 SINCE 1/1       1215              1257     -42     1279

FREEZE DATES
RECORD
 EARLIEST     10/10/2000
 LATEST       04/25/1910
EARLIEST                        11/12
LATEST                          03/16
..................................................

WIND (MPH)
AVERAGE WIND SPEED              4.8
HIGHEST WIND SPEED/DIRECTION    35/340    DATE  07/01
HIGHEST GUST SPEED/DIRECTION    45/340    DATE  07/01

SKY COVER
POSSIBLE SUNSHINE (PERCENT)   MM
AVERAGE SKY COVER           0.10
NUMBER OF DAYS FAIR           29
NUMBER OF DAYS PC              2
NUMBER OF DAYS CLOUDY          0

AVERAGE RH (PERCENT)     75

WEATHER CONDITIONS. NUMBER OF DAYS WITH
THUNDERSTORM              0     MIXED PRECIP               0
HEAVY RAIN                6     RAIN                       4
LIGHT RAIN                6     FREEZING RAIN              0
LT FREEZING RAIN          0     HAIL                       0
HEAVY SNOW                0     SNOW                       0
LIGHT SNOW                0     SLEET                      0
FOG                      22     FOG W/VIS <= 1/4 MILE      1
HAZE                      3

-  INDICATES NEGATIVE NUMBERS.
R  INDICATES RECORD WAS SET OR TIED.
MM INDICATES DATA IS MISSING.
T  INDICATES TRACE AMOUNT.

&&

...Data for Pine Bluff for July 2017...

.Summary...
Temperatures during July continued the overall trend from June, with
readings on the whole being below average. In fact, this was the
first July in three years with the monthly temperature below
average.

There were no 100-degree days this year, and this marks the second
July in a row with none. The number of 90-degree days amounted to
20, which was the least in three years. For the fifth year in a row,
there were no low temperatures at or above 80 degrees.

Also, for the fifth July in a row, rainfall was below average.
However, this was also the wettest July in five years.

.Monthly Temperatures...
The average high, low, and monthly temperatures were the coolest
since 2014.

.Daily Temperatures...
Daily temperatures were above average on 13 days, average on six
days, and below average on 12 days.

.Daily Record Temperatures Tied or Broken During the Month...
None.

.Monthly Rainfall...
This was the fifth July in a row with below average rainfall.
However, this was also the highest July rainfall in five years.

.Daily Rainfall Records Tied or Broken...
None.


$$

57
