907
CXUS53 KUNR 011602
CLMPHP


CLIMATE REPORT
NATIONAL WEATHER SERVICE RAPID CITY SD
1001 AM MDT SAT JUL 1 2017

...................................

...THE PHILIP SD CLIMATE SUMMARY FOR THE MONTH OF JUNE 2017...

CLIMATE NORMAL PERIOD 1981 TO 2010
CLIMATE RECORD PERIOD 9999 TO 9999

WEATHER         OBSERVED          NORMAL  DEPART  LAST YEAR`S
                 VALUE   DATE(S)  VALUE   FROM    VALUE  DATE(S)
                                          NORMAL
................................................................
TEMPERATURE (F)
HIGHEST           103   06/09                        106  06/11
LOWEST             38   06/25                         44  06/07
                                                          06/05
AVG. MAXIMUM     85.6              80.5     5.1     89.0
AVG. MINIMUM     52.1              53.5    -1.4     55.2
MEAN             68.9              67.0     1.9     72.1
DAYS MAX >= 90      8                                 13
DAYS MAX <= 32      0                                  0
DAYS MIN <= 32      0                                  0
DAYS MIN <= 0       0                                  0

PRECIPITATION (INCHES)
TOTALS           2.07              2.93   -0.86     0.72
DAILY AVG.       0.07              0.10   -0.03     0.02
DAYS >= .01        10                                  4
DAYS >= .10         5                                  2
DAYS >= .50         1                                  0
DAYS >= 1.00        0                                  0
GREATEST
 24 HR. TOTAL    0.58   06/27 TO 06/27              0.49

DEGREE_DAYS
HEATING TOTAL      23                63     -40        7
 SINCE 7/1       6675              7197    -522     6323
COOLING TOTAL     150               123      27      227
 SINCE 1/1        163               150      13      241
.................................................................

WIND (MPH)
AVERAGE WIND SPEED              10.4
HIGHEST WIND SPEED/DIRECTION    44/240    DATE  06/27
HIGHEST GUST SPEED/DIRECTION    58/240    DATE  06/27

AVERAGE RH (PERCENT)     55

WEATHER CONDITIONS. NUMBER OF DAYS WITH
THUNDERSTORM              0     MIXED PRECIP               0
HEAVY RAIN                3     RAIN                       4
LIGHT RAIN               16     FREEZING RAIN              0
LT FREEZING RAIN          0     HAIL                       0
HEAVY SNOW                0     SNOW                       0
LIGHT SNOW                0     SLEET                      0
FOG                       5     FOG W/VIS <= 1/4 MILE      0
HAZE                      0

-  INDICATES NEGATIVE NUMBERS.
R  INDICATES RECORD WAS SET OR TIED.
MM INDICATES DATA IS MISSING.
T  INDICATES TRACE AMOUNT.

$$
