000
CXUS53 KILX 011629
CLMPIA


CLIMATE REPORT
NATIONAL WEATHER SERVICE LINCOLN IL
954 AM CST FRI DEC 1 2017

...................................

...THE PEORIA IL CLIMATE SUMMARY FOR THE MONTH OF NOVEMBER 2017...

CLIMATE NORMAL PERIOD 1981 TO 2010
CLIMATE RECORD PERIOD 1883 TO 2017

WEATHER         OBSERVED          NORMAL  DEPART  LAST YEAR`S
                 VALUE   DATE(S)  VALUE   FROM    VALUE
                                          NORMAL
.............................................................
TEMPERATURE (F)
RECORD
 HIGH              81   11/01/1950
                        11/01/1937
                        11/01/1888
 LOW               -2   11/26/1977
HIGHEST            67   11/24        49      18       77
LOWEST             19   11/22        32     -13       22
                        11/10
AVG. MAXIMUM     50.5              50.3     0.2     56.9
AVG. MINIMUM     32.3              32.9    -0.6     38.5
MEAN             41.4              41.6    -0.2     47.7
DAYS MAX >= 90      0               0.0     0.0        0
DAYS MAX <= 32      0               1.6    -1.6        0
DAYS MIN <= 32     15              14.0     1.0        7
DAYS MIN <= 0       0               0.0     0.0        0

PRECIPITATION (INCHES)
RECORD
 MAXIMUM         7.62   1985
 MINIMUM         0.07   1917
TOTALS           1.58              3.13   -1.55     2.52
DAILY AVG.       0.05              0.10   -0.05     0.08
DAYS >= .01         8               9.6    -1.6        6
DAYS >= .10         3               5.8    -2.8        4
DAYS >= .50         1               2.2    -1.2        2
DAYS >= 1.00        1               0.7     0.3        1
GREATEST
 24 HR. TOTAL    1.00   11/18 TO 11/18              1.10

SNOWFALL (INCHES)
RECORDS
 TOTAL           10.7   1926
TOTALS              T               1.1    -1.1      0.0
SINCE 7/1           T               1.1    -1.1      0.0
DAYS >= 1.0         0               0.3    -0.3        0
GREATEST
 SNOW DEPTH         0   MM                             0
 24 HR TOTAL        T   11/22 TO 11/22               0.0

DEGREE_DAYS
HEATING TOTAL     704               702       2      516
 SINCE 7/1        987              1148    -161      738
COOLING TOTAL       0                 0       0        5
 SINCE 1/1       1157              1039     118     1423
..............................................................

WIND (MPH)
AVERAGE WIND SPEED              8.0
HIGHEST WIND SPEED/DIRECTION    25/200    DATE  11/24
HIGHEST GUST SPEED/DIRECTION    41/210    DATE  11/24

SKY COVER
POSSIBLE SUNSHINE (PERCENT)   MM
AVERAGE SKY COVER           0.40
NUMBER OF DAYS FAIR           16
NUMBER OF DAYS PC              6
NUMBER OF DAYS CLOUDY          8

AVERAGE RH (PERCENT)     68

WEATHER CONDITIONS. NUMBER OF DAYS WITH
THUNDERSTORM              2     MIXED PRECIP               0
HEAVY RAIN                1     RAIN                       2
LIGHT RAIN               10     FREEZING RAIN              0
LT FREEZING RAIN          0     HAIL                       0
HEAVY SNOW                0     SNOW                       0
LIGHT SNOW                2     SLEET                      1
FOG                      10     FOG W/VIS <= 1/4 MILE      2
HAZE                      4

-  INDICATES NEGATIVE NUMBERS.
R  INDICATES RECORD WAS SET OR TIED.
MM INDICATES DATA IS MISSING.
T  INDICATES TRACE AMOUNT.

&&

RECORDS ESTABLISHED THIS MONTH:
- SET RECORD HIGH TEMPERATURE OF 67 DEGREES ON NOVEMBER 24.

$$
