000
CXUS53 KABR 011558
CLMPIR


CLIMATE REPORT
NATIONAL WEATHER SERVICE ABERDEEN SD
1058 AM CDT WED JUL 1 2015

...................................

...THE PIERRE SD CLIMATE SUMMARY FOR THE MONTH OF JUNE 2015...

CLIMATE NORMAL PERIOD 1981 TO 2010
CLIMATE RECORD PERIOD 1892 TO 2015

WEATHER         OBSERVED          NORMAL  DEPART  LAST YEAR`S
                 VALUE   DATE(S)  VALUE   FROM    VALUE  DATE(S)
                                          NORMAL
................................................................
TEMPERATURE (F)
RECORD
 HIGH             112   06/24/1988
 LOW               34   06/03/1998
HIGHEST            96   06/09        MM      MM       88  06/21
LOWEST             49   06/12        MM      MM       42  06/13
AVG. MAXIMUM     80.7              80.0     0.7     75.5
AVG. MINIMUM     57.5              55.4     2.1     53.3
MEAN             69.1              67.7     1.4     64.4
DAYS MAX >= 90      2               4.2    -2.2        0
DAYS MAX <= 32      0               0.0     0.0        0
DAYS MIN <= 32      0               0.0     0.0        0
DAYS MIN <= 0       0               0.0     0.0        0

PRECIPITATION (INCHES)
RECORD
 MAXIMUM         8.31   2011
 MINIMUM         0.32   1913
TOTALS           6.16              3.57    2.59     4.39
DAYS >= .01        14              10.7     3.3       18
DAYS >= .10         9               6.3     2.7        9
DAYS >= .50         5               2.4     2.6        3
DAYS >= 1.00        3               0.8     2.2        1

SNOWFALL (INCHES)
RECORDS
 TOTAL             MM   MM
 SNOW DEPTH        MM   MM
TOTALS            0.0               0.0     0.0      0.0
SINCE 7/1        27.1              31.9    -4.8     34.6
SNOWDEPTH AVG.      0                MM      MM        0
DAYS >= TRACE       0               0.0     0.0        0
DAYS >= 1.0         0               0.0     0.0        0
GREATEST
 SNOW DEPTH         0   MM                             0  MM

DEGREE_DAYS
HEATING TOTAL       5                53     -48       67
 SINCE 7/1       7019              7290    -271     8027
COOLING TOTAL     135               134       1       59
 SINCE 1/1        149               166     -17      107

FREEZE DATES
RECORD
 EARLIEST     MM
 LATEST       MM
EARLIEST      03/01             MM
LATEST        05/19             MM
.................................................................

WIND (MPH)
AVERAGE WIND SPEED              9.3
RESULTANT WIND SPEED/DIRECTION   1/081
HIGHEST WIND SPEED/DIRECTION    60/290    DATE  06/22
HIGHEST GUST SPEED/DIRECTION    80/290    DATE  06/22

SKY COVER
POSSIBLE SUNSHINE (PERCENT)   MM
AVERAGE SKY COVER           0.30
NUMBER OF DAYS FAIR           19
NUMBER OF DAYS PC              9
NUMBER OF DAYS CLOUDY          2

AVERAGE RH (PERCENT)     70

WEATHER CONDITIONS. NUMBER OF DAYS WITH
THUNDERSTORM              0     MIXED PRECIP               0
HEAVY RAIN                6     RAIN                       7
LIGHT RAIN               17     FREEZING RAIN              0
LT FREEZING RAIN          0     HAIL                       0
HEAVY SNOW                0     SNOW                       0
LIGHT SNOW                0     SLEET                      0
FOG                      11     FOG W/VIS <= 1/4 MILE      1
HAZE                      2

-  INDICATES NEGATIVE NUMBERS.
R  INDICATES RECORD WAS SET OR TIED.
MM INDICATES DATA IS MISSING.
T  INDICATES TRACE AMOUNT.

$$
