504
CXUS51 KPBZ 011913
CLMPIT


CLIMATE REPORT
NATIONAL WEATHER SERVICE PITTSBURGH PA
203 PM EST THU DEC 1 2016

...................................

...THE PITTSBURGH CLIMATE SUMMARY FOR THE MONTH OF NOVEMBER 2016...

CLIMATE NORMAL PERIOD 1981 TO 2010
CLIMATE RECORD PERIOD 1871 TO 2016

WEATHER         OBSERVED          NORMAL  DEPART  LAST YEAR`S
                 VALUE   DATE(S)  VALUE   FROM    VALUE  DATE(S)
                                          NORMAL
................................................................
TEMPERATURE (F)
RECORD
 HIGH              82   11/03/1961
 LOW                    11/30/1958
HIGHEST            80                        MM       76  11/05
                                                          11/04
LOWEST             23                        MM       20  11/23
AVG. MAXIMUM     56.8              51.2     5.6     57.9
AVG. MINIMUM     36.2              34.7     1.5     39.2
MEAN             46.5              42.9     3.6     48.5
DAYS MAX >= 90      0               0.0     0.0        0
DAYS MAX <= 32      0               1.0    -1.0        0
DAYS MIN <= 32     10              12.3    -2.3        9
DAYS MIN <= 0       0               0.0     0.0        0

PRECIPITATION (INCHES)
RECORD
 MAXIMUM        11.05   1985
 MINIMUM         0.00   2015
TOTALS           1.43              3.23   -1.80
DAILY AVG.       0.05              0.11   -0.06     0.05
DAYS >= .01         9              12.8    -3.8        9
DAYS >= .10         5               7.1    -2.1        4
DAYS >= .50         0               2.1    -2.1        1
DAYS >= 1.00        0               0.5    -0.5        0
GREATEST
 24 HR. TOTAL    0.45   11/30 TO 11/30           11/10 TO 11/10
                                                          11/09 TO 11/10
                                                          11/10 TO 11/10

SNOWFALL (INCHES)
RECORDS
 TOTAL           32.3   1950
 24 HR TOTAL     14.0   MM
TOTALS            2.1               2.0     0.1        T
SINCE 7/1         2.1               2.4    -0.3        T
SNOWDEPTH AVG.      0                MM      MM        0
DAYS >= TRACE       4
DAYS >= 1.0         1               0.6     0.4        0
GREATEST
 24 HR TOTAL      1.6   MM                             T

DEGREE_DAYS
HEATING TOTAL     555               662    -107      489
 SINCE 7/1        847              1163    -316      854
COOLING TOTAL       4                 0       4        3
 SINCE 1/1       1158               736     422      979
.................................................

WIND (MPH)
AVERAGE WIND SPEED              6.5
HIGHEST WIND SPEED/DIRECTION    35/300    DATE  11/30
HIGHEST GUST SPEED/DIRECTION    43/290    DATE  11/30

AVERAGE RH (PERCENT)     68

WEATHER CONDITIONS. NUMBER OF DAYS WITH
THUNDERSTORM              0     MIXED PRECIP               0
HEAVY RAIN                0     RAIN                       1
LIGHT RAIN               13     FREEZING RAIN              0
LT FREEZING RAIN          0     HAIL                       0
HEAVY SNOW                0     SNOW                       2
LIGHT SNOW                4     SLEET                      0
FOG                      12     FOG W/VIS <= 1/4 MILE      1
HAZE                      2

-  INDICATES NEGATIVE NUMBERS.
R  INDICATES RECORD WAS SET OR TIED.
MM INDICATES DATA IS MISSING.
T  INDICATES TRACE AMOUNT.

$$
