000
CXUS51 KPBZ 011300
CLMPIT


CLIMATE REPORT
NATIONAL WEATHER SERVICE PITTSBURGH PA
900 AM EDT FRI JUL 1 2016

...................................

...THE PITTSBURGH CLIMATE SUMMARY FOR THE MONTH OF JUNE 2016...

CLIMATE NORMAL PERIOD 1981 TO 2010
CLIMATE RECORD PERIOD 1871 TO 2016

WEATHER         OBSERVED          NORMAL  DEPART  LAST YEAR`S
                 VALUE   DATE(S)  VALUE   FROM    VALUE  DATE(S)
                                          NORMAL
................................................................
TEMPERATURE (F)
RECORD
 HIGH              98   06/25/1988
                        06/22/1988
                        06/04/1895
 LOW               33   06/14/2013
HIGHEST            92                        MM       90  06/12
                                                          06/11
LOWEST             49                        MM       48  06/01
AVG. MAXIMUM     81.6              79.1     2.5     78.9
AVG. MINIMUM     61.6              58.4     3.2     61.8
MEAN             71.6              68.7     2.9     70.4
DAYS MAX >= 90      2               1.0     1.0        2
DAYS MAX <= 32      0               0.0     0.0        0
DAYS MIN <= 32      0               0.0     0.0        0
DAYS MIN <= 0       0               0.0     0.0        0

PRECIPITATION (INCHES)
RECORD
 MAXIMUM        10.29   1989
 MINIMUM         0.61   1894
TOTALS           3.10              4.30   -1.20
DAILY AVG.       0.10              0.14   -0.04     0.24
DAYS >= .01        11              12.1    -1.1       18
DAYS >= .10         6               7.9    -1.9       12
DAYS >= .50         3               2.8     0.2        5
DAYS >= 1.00        1               1.0     0.0        3
GREATEST
 24 HR. TOTAL    1.07   06/16 TO 06/16           06/14 TO 06/15
                                                          06/30 TO 06/30
                                                          06/30 TO 06/30

SNOWFALL (INCHES)
RECORDS
 TOTAL            0.0   MM
 24 HR TOTAL       MM
TOTALS            0.0               0.0     0.0      0.0
SINCE 7/1        29.6              41.9   -12.3     47.5
SNOWDEPTH AVG.      0                MM      MM        0
DAYS >= TRACE       0
DAYS >= 1.0         0               0.0     0.0        0
GREATEST
 24 HR TOTAL      0.0   06/30 TO 06/30               0.0

DEGREE_DAYS
HEATING TOTAL      14                38     -24       25
 SINCE 7/1       4684              5710   -1026     6041
COOLING TOTAL     220               150      70      193
 SINCE 1/1        290               202      88      327
.................................................

WIND (MPH)
AVERAGE WIND SPEED              6.7
HIGHEST WIND SPEED/DIRECTION    38/360    DATE  06/16
HIGHEST GUST SPEED/DIRECTION    53/360    DATE  06/16

AVERAGE RH (PERCENT)     60

WEATHER CONDITIONS. NUMBER OF DAYS WITH
THUNDERSTORM              0     MIXED PRECIP               0
HEAVY RAIN                3     RAIN                       4
LIGHT RAIN               13     FREEZING RAIN              0
LT FREEZING RAIN          0     HAIL                       0
HEAVY SNOW                0     SNOW                       0
LIGHT SNOW                0     SLEET                      0
FOG                      11     FOG W/VIS <= 1/4 MILE      1
HAZE                      7

-  INDICATES NEGATIVE NUMBERS.
R  INDICATES RECORD WAS SET OR TIED.
MM INDICATES DATA IS MISSING.
T  INDICATES TRACE AMOUNT.

$$
