000
CXUS54 KMOB 012112
CLMPNS


CLIMATE REPORT
NATIONAL WEATHER SERVICE MOBILE AL
303 PM CST SUN JAN 1 2017

...................................

...THE PENSACOLA CLIMATE SUMMARY FOR THE MONTH OF DECEMBER 2016...

CLIMATE NORMAL PERIOD 1981 TO 2010
CLIMATE RECORD PERIOD 1879 TO 2016

WEATHER         OBSERVED          NORMAL  DEPART  LAST YEAR`S
                 VALUE   DATE(S)  VALUE   FROM    VALUE  DATE(S)
                                          NORMAL
................................................................
TEMPERATURE (F)
RECORD
 HIGH              81   12/18/2016
                        12/06/2014
                        12/03/1978
 LOW               11   12/13/1962
HIGHEST            81R  12/18        MM      MM       80  12/24
LOWEST             35   12/10        MM      MM       38  12/19
AVG. MAXIMUM     68.8              62.6     6.2     71.3
AVG. MINIMUM     51.3              44.4     6.9     55.5
MEAN             60.0              53.5     6.5     63.4
DAYS MAX >= 90      0               0.0     0.0        0
DAYS MAX <= 32      0               0.1    -0.1        0
DAYS MIN <= 32      0               3.5    -3.5        0
DAYS MIN <= 0       0               0.0     0.0        0

PRECIPITATION (INCHES)
RECORD
 MAXIMUM        13.75   2009
 MINIMUM         1.48   2010
TOTALS           9.62              4.55    5.07     8.33
DAILY AVG.       0.31              0.15    0.16     0.27
DAYS >= .01         9               9.0     0.0       12
DAYS >= .10         7               6.0     1.0       10
DAYS >= .50         4               2.7     1.3        5
DAYS >= 1.00        3               1.4     1.6        3
GREATEST
 24 HR. TOTAL    4.56   12/04 TO 12/05

SNOWFALL (INCHES)
RECORDS
 TOTAL              T   2010
                        2004
 SNOW DEPTH         0   MM
TOTALS            0.0               0.0     0.0      0.0
SINCE 7/1         0.0               0.0     0.0      0.0
SNOWDEPTH AVG.      0               0.0     0.0        0
DAYS >= 1.0         0               0.0     0.0        0
GREATEST
 SNOW DEPTH         0   MM                             0  MM
 24 HR TOTAL      0.0   12/30 TO 12/30

DEGREE_DAYS
HEATING TOTAL     194               370    -176      117
 SINCE 7/1        263               582    -319      194
COOLING TOTAL      47                13      34       75
 SINCE 1/1       3255              2609     646     3108
.................................................................

WIND (MPH)
AVERAGE WIND SPEED              7.9
HIGHEST WIND SPEED/DIRECTION    31/340    DATE  12/29
HIGHEST GUST SPEED/DIRECTION    37/330    DATE  12/29

SKY COVER
POSSIBLE SUNSHINE (PERCENT)   MM
AVERAGE SKY COVER           0.60
NUMBER OF DAYS FAIR            8
NUMBER OF DAYS PC              9
NUMBER OF DAYS CLOUDY         14

AVERAGE RH (PERCENT)     70

WEATHER CONDITIONS. NUMBER OF DAYS WITH
THUNDERSTORM              5     MIXED PRECIP               0
HEAVY RAIN                6     RAIN                       6
LIGHT RAIN               10     FREEZING RAIN              0
LT FREEZING RAIN          0     HAIL                       0
HEAVY SNOW                0     SNOW                       0
LIGHT SNOW                0     SLEET                      0
FOG                      16     FOG W/VIS <= 1/4 MILE      6
HAZE                      4

-  INDICATES NEGATIVE NUMBERS.
R  INDICATES RECORD WAS SET OR TIED.
MM INDICATES DATA IS MISSING.
T  INDICATES TRACE AMOUNT.

$$
