493
CXUS54 KMOB 010717
CLMPNS


CLIMATE REPORT
NATIONAL WEATHER SERVICE MOBILE AL
210 AM CDT FRI MAY 1 2015

...................................

...THE PENSACOLA CLIMATE SUMMARY FOR THE MONTH OF APRIL 2015...

CLIMATE NORMAL PERIOD 1981 TO 2010
CLIMATE RECORD PERIOD 1879 TO 2015

WEATHER         OBSERVED          NORMAL  DEPART  LAST YEAR`S
                 VALUE   DATE(S)  VALUE   FROM    VALUE  DATE(S)
                                          NORMAL
................................................................
TEMPERATURE (F)
RECORD
 HIGH              96   04/22/1987
 LOW               33   04/04/1987
HIGHEST            87   04/26                         86  04/25
LOWEST             54   04/30                         42  04/16
                        04/05
AVG. MAXIMUM     78.6              75.7     2.9     75.7
AVG. MINIMUM     64.2              57.6     6.6     59.6
MEAN             71.4              66.6     4.8     67.7
DAYS MAX >= 90      0               0.1    -0.1        0
DAYS MAX <= 32      0               0.0     0.0        0
DAYS MIN <= 32      0               0.0     0.0        0
DAYS MIN <= 0       0               0.0     0.0        0

PRECIPITATION (INCHES)

TOTALS           9.98              4.32    5.66    29.53
DAILY AVG.       0.33              0.14    0.19     0.98
DAYS >= .01        12               6.5     5.5        9
DAYS >= .10        10               4.4     5.6        8
DAYS >= .50         7               2.5     4.5        8
DAYS >= 1.00        4               1.4     2.6        5
GREATEST
 24 HR. TOTAL    2.74   04/12 TO 04/13

DEGREE_DAYS
HEATING TOTAL       1                51     -50       41
 SINCE 7/1       1544              1535       9     1583
COOLING TOTAL     199               101      98      128
 SINCE 1/1        308               148     160      149
.................................................................

WIND (MPH)
AVERAGE WIND SPEED              8.2
HIGHEST WIND SPEED/DIRECTION    39/260    DATE  04/25
HIGHEST GUST SPEED/DIRECTION    61/240    DATE  04/25

SKY COVER
POSSIBLE SUNSHINE (PERCENT)   MM
AVERAGE SKY COVER           0.50
NUMBER OF DAYS FAIR           10
NUMBER OF DAYS PC             14
NUMBER OF DAYS CLOUDY          6

AVERAGE RH (PERCENT)     80

WEATHER CONDITIONS. NUMBER OF DAYS WITH
THUNDERSTORM              8     MIXED PRECIP               0
HEAVY RAIN                8     RAIN                       7
LIGHT RAIN               15     FREEZING RAIN              0
LT FREEZING RAIN          0     HAIL                       0
HEAVY SNOW                0     SNOW                       0
LIGHT SNOW                0     SLEET                      0
FOG                      15     FOG W/VIS <= 1/4 MILE      1
HAZE                      0

-  INDICATES NEGATIVE NUMBERS.
R  INDICATES RECORD WAS SET OR TIED.
MM INDICATES DATA IS MISSING.
T  INDICATES TRACE AMOUNT.

$$
