202
CXUS54 KMOB 010738
CLMPNS


CLIMATE REPORT
NATIONAL WEATHER SERVICE MOBILE AL
129 AM CST THU DEC 1 2016

...................................

...THE PENSACOLA CLIMATE SUMMARY FOR THE MONTH OF NOVEMBER 2016...

CLIMATE NORMAL PERIOD 1981 TO 2010
CLIMATE RECORD PERIOD 1879 TO 2016

WEATHER         OBSERVED          NORMAL  DEPART  LAST YEAR`S
                 VALUE   DATE(S)  VALUE   FROM    VALUE  DATE(S)
                                          NORMAL
................................................................
TEMPERATURE (F)
RECORD
 HIGH              89   11/04/2016
 LOW               22   11/25/1950
HIGHEST            89R  11/04                         83  11/12
                                                          11/06
                                                          11/04
LOWEST             38   11/21                         35  11/23
AVG. MAXIMUM     76.3              70.3     6.0     73.5
AVG. MINIMUM     54.5              51.2     3.3     57.6
MEAN             65.4              60.7     4.7     65.6
DAYS MAX >= 90      0               0.0     0.0        0
DAYS MAX <= 32      0               0.0     0.0        0
DAYS MIN <= 32      0               0.5    -0.5        0
DAYS MIN <= 0       0               0.0     0.0        0

PRECIPITATION (INCHES)

TOTALS           0.86              4.73   -3.87     7.21
DAILY AVG.       0.03              0.16   -0.13     0.24
DAYS >= .01         5               7.2    -2.2        7
DAYS >= .10         3               5.3    -2.3        5
DAYS >= .50         0               2.7    -2.7        4
DAYS >= 1.00        0               1.6    -1.6        4
GREATEST
 24 HR. TOTAL    0.47   11/30 TO 11/30


SNOWFALL (INCHES)

TOTALS            0.0               0.0     0.0      0.0
SINCE 7/1         0.0               0.0     0.0      0.0
SNOWDEPTH AVG.      0                                  0
DAYS >= 1.0         0               0.0     0.0        0
GREATEST
 SNOW DEPTH         0                                  0
 24 HR TOTAL      0.0   11/30 TO 11/30

DEGREE_DAYS
HEATING TOTAL      68               174    -106       76
 SINCE 7/1         69               212    -143       77
COOLING TOTAL      87                46      41       98
 SINCE 1/1       3208              2596     612     3033
.................................................................

WIND (MPH)
AVERAGE WIND SPEED              7.1
HIGHEST WIND SPEED/DIRECTION    26/180    DATE  11/28
HIGHEST GUST SPEED/DIRECTION    37/190    DATE  11/30

SKY COVER
POSSIBLE SUNSHINE (PERCENT)   MM
AVERAGE SKY COVER           0.20
NUMBER OF DAYS FAIR           25
NUMBER OF DAYS PC              3
NUMBER OF DAYS CLOUDY          2

AVERAGE RH (PERCENT)     62

WEATHER CONDITIONS. NUMBER OF DAYS WITH
THUNDERSTORM              1     MIXED PRECIP               0
HEAVY RAIN                2     RAIN                       2
LIGHT RAIN                4     FREEZING RAIN              0
LT FREEZING RAIN          0     HAIL                       0
HEAVY SNOW                0     SNOW                       0
LIGHT SNOW                0     SLEET                      0
FOG                       8     FOG W/VIS <= 1/4 MILE      1
HAZE                      1

-  INDICATES NEGATIVE NUMBERS.
R  INDICATES RECORD WAS SET OR TIED.
MM INDICATES DATA IS MISSING.
T  INDICATES TRACE AMOUNT.

$$
