000
CXUS56 KPDT 011722
CLMPSC

CLIMATE REPORT
NATIONAL WEATHER SERVICE PENDLETON OREGON
1018 AM PDT WED NOV 01 2017

....................................

...THE PASCO WA CLIMATE SUMMARY FOR THE MONTH OF OCTOBER 2017...

CLIMATE NORMAL PERIOD 1981 TO 2010
CLIMATE RECORD PERIOD 1942 TO 2017

WEATHER         OBSERVED          NORMAL  DEPART  LAST YEAR`S
                 VALUE   DATE(S)  VALUE   FROM    VALUE  DATE(S)
                                          NORMAL

................................................................

TEMPERATURE (F)
RECORD
 HIGH              88  10/21/2003
 LOW                0  10/22/2017
HIGHEST            77  10/ 6       35        42            78  10/ 8
LOWEST             24  10/31       10        14            29  10/12
AVG. MAXIMUM     65.5            65.8      -0.3          63.8
AVG. MINUMUM     37.5            37.9      -0.4          44.5
MEAN             51.5            51.8      -0.3          54.2
DAYS MAX >= 90      0               0         0             0
DAYS MAX <= 32      0              18       -18             0
DAYS MIN <= 32      7              21       -14             1
DAYS MIN <= 0       0              18       -18             1


PRECIPITATION (INCHES)
RECORD
 MAXIMUM          2.58   2016
 MINIMUM          0.04   2013
TOTALS            0.67            0.65      0.02          2.58
DAILY AVG.        0.02            0.02      0.00          0.08
DAYS >=  0.01        4               2         2            14
DAYS >=  0.10        3               1         2             6
DAYS >=  0.50        0               0         0             2
DAYS >=  1.00        0               0         0             0
GREATEST
 24 HR. TOTAL     0.33  10/21



SNOWFALL (INCHES)
RECORD
 MAXIMUM           0.0   2016
 MINIMUM           0.0   2016
TOTALS             0.0             0.0       0.0           0.0
SINCE 7/1          0.0             0.0       0.0           0.0
DAYS >=  TRACE                       0         0
DAYS >=  1.0         0               0         0             0
GREATEST
 24 HR. TOTAL      0.0  10/31


DEGREE DAYS
HEATING TOTAL      413             406         7           329
 SINCE 7/1         501             511       -10           408
COOLING TOTAL        0               0         0             0
 SINCE 1/1         981             704       277           778

.............................................................

WIND (MPH)
AVERAGE WIND SPEED                     6.4
RESULTANT WIND SPEED/DIRECTION         5/208
HIGHEST WIND SPEED/DIRECTION          37/240      DATE          10/20
HIGHEST GUST SPEED/DIRECTION          44/250      DATE          10/20


WEATHER CONDITIONS. NUMBER OF DAYS WITH
THUNDERSTORM               0    MIXED PRECIP                        0
HEAVY RAIN                 0    RAIN                                3
LIGHT RAIN                 9    FREEZING RAIN                       0
LT FREEZING RAIN           0    HAIL                                0
HEAVY SNOW                 0    SNOW                                0
LIGHT SNOW                 0    SLEET                               0
FOG                        5    FOG W/VIS <=1/4 MILE                0
HAZE                       2

-  INDICATES NEGATIVE NUMBERS.
R  INDICATES RECORD WAS SET OR TIED.
MM INDICATES DATA IS MISSING.
T  INDICATES TRACE AMOUNT.

$$
