000
CXUS56 KPDT 011444 RRA
CLMPSC

CLIMATE REPORT
NATIONAL WEATHER SERVICE PENDLETON OREGON
741 AM PDT TUE SEP 01 2015

....................................

...THE PASCO WA CLIMATE SUMMARY FOR THE MONTH OF AUGUST 2015...

CLIMATE NORMAL PERIOD 1981 TO 2010
CLIMATE RECORD PERIOD 1942 TO 2015

WEATHER         OBSERVED          NORMAL  DEPART  LAST YEAR`S
                 VALUE   DATE(S)  VALUE   FROM    VALUE  DATE(S)
                                          NORMAL

................................................................

TEMPERATURE (F)
RECORD
 HIGH             111   8/ 4/1998
 LOW               40   8/31/2008
HIGHEST           104   8/12       45        59           103   8/ 4
LOWEST             47   8/23       15        32            51   8/ 9
AVG. MAXIMUM     91.3            89.9       1.4          91.8
AVG. MINUMUM     56.4            55.5       0.9          59.5
MEAN             73.8            72.7       1.1          75.6
DAYS MAX >= 90     17               8         9            19
DAYS MAX <= 32      0              18       -18             0
DAYS MIN <= 32      0              18       -18             0
DAYS MIN <= 0       0              18       -18             0


PRECIPITATION (INCHES)
RECORD
 MAXIMUM          0.47   2014
 MINIMUM          0.01   2006
TOTALS            0.03            0.27     -0.24          0.47
DAILY AVG.        0.00            0.01     -0.01          0.02
DAYS >=  0.01        1               1         0             3
DAYS >=  0.10        0               0         0             1
DAYS >=  0.50        0               0         0             0
DAYS >=  1.00        0               0         0             0
GREATEST
 24 HR. TOTAL     0.03   8/24



SNOWFALL (INCHES)
RECORD
 MAXIMUM           0.0   2014
 MINIMUM           0.0   2014
TOTALS             0.0             0.0       0.0           0.0
SINCE 7/1          0.0             0.0       0.0           0.0
DAYS >=  TRACE                       0         0
DAYS >=  1.0         0               0         0             0
GREATEST
 24 HR. TOTAL      0.0   8/31


DEGREE DAYS
HEATING TOTAL        0               6        -6             0
 SINCE 7/1           0               7        -7             0
COOLING TOTAL      280             247        33           337
 SINCE 1/1        1073             655       418           918

.............................................................

WIND (MPH)
AVERAGE WIND SPEED                     6.1
RESULTANT WIND SPEED/DIRECTION         4/213
HIGHEST WIND SPEED/DIRECTION          41/260      DATE          08/14
HIGHEST GUST SPEED/DIRECTION          53/260      DATE          08/14


WEATHER CONDITIONS. NUMBER OF DAYS WITH
THUNDERSTORM               2    MIXED PRECIP                           0
HEAVY RAIN                 0    RAIN                                   0
LIGHT RAIN                 3    FREEZING RAIN                          0
LT FREEZING RAIN           0    HAIL                                   0
HEAVY SNOW                 0    SNOW                                   0
LIGHT SNOW                 0    SLEET                                  0
FOG                        1    FOG W/VIS <=1/4 MILE                   0
HAZE                      18

-  INDICATES NEGATIVE NUMBERS.
R  INDICATES RECORD WAS SET OR TIED.
MM INDICATES DATA IS MISSING.
T  INDICATES TRACE AMOUNT.

$$
