000
CXUS51 KALY 010917
CLMPSF


CLIMATE REPORT
NATIONAL WEATHER SERVICE ALBANY NY
413 AM EST THU DEC 1 2016

...................................

...THE PITTSFIELD MA CLIMATE SUMMARY FOR THE MONTH OF NOVEMBER 2016...

CLIMATE NORMAL PERIOD 1981 TO 2010
CLIMATE RECORD PERIOD 9999 TO 9999

WEATHER         OBSERVED          NORMAL  DEPART  LAST YEAR`S
                 VALUE   DATE(S)  VALUE   FROM    VALUE  DATE(S)
                                          NORMAL
................................................................
TEMPERATURE (F)
HIGHEST            69   11/02                         70  11/05
LOWEST             21   11/23                         16  11/24
AVG. MAXIMUM     48.2              46.8     1.4     52.0
AVG. MINIMUM     30.3              28.9     1.4     32.1
MEAN             39.2              37.9     1.3     42.0
DAYS MAX >= 90      0               0.0     0.0        0
DAYS MAX <= 32      3               2.2     0.8        0
DAYS MIN <= 32     20              20.2    -0.2       15
DAYS MIN <= 0       0               0.0     0.0        0

PRECIPITATION (INCHES)
TOTALS           2.85              3.93   -1.08     2.87
DAILY AVG.       0.09              0.13   -0.04     0.10
DAYS >= .01        10                                 10
DAYS >= .10         7                                  5
DAYS >= .50         3                                  2
DAYS >= 1.00        0                                  2
GREATEST
 24 HR. TOTAL    0.83   11/15 TO 11/16

DEGREE_DAYS
HEATING TOTAL     765               815     -50      681
 SINCE 7/1       1407              1651    -244     1373
COOLING TOTAL       0                 0       0        0
 SINCE 1/1        432               290     142      361

FREEZE DATES
EARLIEST                        10/04
LATEST                          05/07
.................................................................

WIND (MPH)
AVERAGE WIND SPEED              6.6
HIGHEST WIND SPEED/DIRECTION    32/280    DATE  11/20
HIGHEST GUST SPEED/DIRECTION    44/300    DATE  11/11

SKY COVER
AVERAGE SKY COVER           0.50

AVERAGE RH (PERCENT)     74

WEATHER CONDITIONS. NUMBER OF DAYS WITH
THUNDERSTORM              0     MIXED PRECIP               0
HEAVY RAIN                0     RAIN                       4
LIGHT RAIN                9     FREEZING RAIN              0
LT FREEZING RAIN          0     HAIL                       0
HEAVY SNOW                0     SNOW                       1
LIGHT SNOW                5     SLEET                      0
FOG                      16     FOG W/VIS <= 1/4 MILE      6
HAZE                      3

-  INDICATES NEGATIVE NUMBERS.
R  INDICATES RECORD WAS SET OR TIED.
MM INDICATES DATA IS MISSING.
T  INDICATES TRACE AMOUNT.

$$
