000
CXUS56 KSGX 012051
CLMPSP


CLIMATE REPORT
NATIONAL WEATHER SERVICE SAN DIEGO, CA
1250 PM PST WED MAR 1 2017

...................................

...THE PALM SPRINGS INTL AIRPORT CA CLIMATE SUMMARY FOR THE MONTH OF FEBRUARY 2017...

CLIMATE NORMAL PERIOD 1981 TO 2010
CLIMATE RECORD PERIOD 1893 TO 2017

WEATHER         OBSERVED          NORMAL  DEPART  LAST YEAR`S
                 VALUE   DATE(S)  VALUE   FROM    VALUE  DATE(S)
                                          NORMAL
................................................................
TEMPERATURE (F)
RECORD
 HIGH              99   02/27/1986
                        02/26/1986
 LOW               24   02/21/1953
                        02/15/1942
HIGHEST            85   02/09        75      10       91  02/14
LOWEST             43   02/25        47      -4       35  02/02
AVG. MAXIMUM     73.4              72.5     0.9     81.8
AVG. MINIMUM     53.2              48.1     5.1     54.2
MEAN             63.3              60.3     3.0     68.0
DAYS MAX >= 90      0               0.0     0.0        5
DAYS MAX <= 32      0               0.0     0.0        0
DAYS MAX >= 100     0                                  0
DAYS MAX >= 110     0                                  0
DAYS MIN <= 32      0               0.0     0.0        0

PRECIPITATION (INCHES)
RECORD
 MAXIMUM         7.01   1932
 MINIMUM         0.00   2002
                        1997
TOTALS           1.65              1.03    0.62        T
DAILY AVG.       0.06              0.04    0.02        T
DAYS >= .01         3                MM      MM        0
DAYS >= .10         3                MM      MM        0
DAYS >= .50         1                MM      MM        0
DAYS >= 1.00        1                MM      MM        0
DAYS >= 1.50        0                                  0
DAYS >= 2.00        0                                  0
GREATEST
 24 HR. TOTAL    1.17   02/27 TO 02/27           01/31 TO 02/01
                                                          02/29 TO 02/29
                                                          02/29 TO 02/29
 STORM TOTAL       MM                                 MM
 (MM/DD(HH))            MM                    02/01(00) TO 02/01(00)
                                                 02/29(00) TO 02/29(00)9
                                                 02/29(00) TO 02/29(00)9

DEGREE_DAYS
HEATING TOTAL      87               151     -64       56
 SINCE 7/1        660               778    -118      710
COOLING TOTAL      45                19      26      150
 SINCE 1/1         45                27      18      150

FREEZE DATES
RECORD
 EARLIEST     10/24/1951
 LATEST       03/13/1956
EARLIEST                        12/16
LATEST                          01/29
..........................................................

WIND (MPH)
AVERAGE WIND SPEED              4.8
RESULTANT WIND SPEED/DIRECTION   2/346
HIGHEST WIND SPEED/DIRECTION    28/350    DATE  02/22
HIGHEST GUST SPEED/DIRECTION    37/340    DATE  02/22

SKY COVER
POSSIBLE SUNSHINE (PERCENT)   MM
AVERAGE SKY COVER           0.20
NUMBER OF DAYS FAIR           23
NUMBER OF DAYS PC              1
NUMBER OF DAYS CLOUDY          4

AVERAGE RH (PERCENT)     53

WEATHER CONDITIONS. NUMBER OF DAYS WITH
THUNDERSTORM              0     MIXED PRECIP               0
HEAVY RAIN                2     RAIN                       3
LIGHT RAIN                4     FREEZING RAIN              0
LT FREEZING RAIN          0     HAIL                       0
HEAVY SNOW                0     SNOW                       0
LIGHT SNOW                0     SLEET                      0
FOG                       5     FOG W/VIS <= 1/4 MILE      0
HAZE                      0

-  INDICATES NEGATIVE NUMBERS.
R  INDICATES RECORD WAS SET OR TIED.
MM INDICATES DATA IS MISSING.
T  INDICATES TRACE AMOUNT.

$$
