000
CXUS56 KOTX 011130
CLMPUW


CLIMATE REPORT
NATIONAL WEATHER SERVICE SPOKANE, WA
420 AM PDT TUE SEP 1 2015

...................................

...THE PULLMAN-MOSCOW  AIRPORT CLIMATE SUMMARY FOR THE MONTH OF AUGUST 2015...

CLIMATE NORMAL PERIOD 1981 TO 2010
CLIMATE RECORD PERIOD 9999 TO 9999

WEATHER         OBSERVED          NORMAL  DEPART  LAST YEAR`S
                 VALUE   DATE(S)  VALUE   FROM    VALUE  DATE(S)
                                          NORMAL
................................................................
TEMPERATURE (F)
RECORD
 HIGH             110   08/04/1961
 LOW               30   08/29/1942
HIGHEST           100   08/13        MM      MM      100  08/11
                        08/11
LOWEST             38   08/22        MM      MM       43  08/25
                                                          08/09
AVG. MAXIMUM     85.0              82.2     2.8     84.9
AVG. MINIMUM     50.5              49.2     1.3     52.4
MEAN             67.8              65.7     2.1     68.6
DAYS MAX >= 90      7               6.3     0.7        9
DAYS MAX <= 32      0               0.0     0.0        0
DAYS MIN <= 32      0               0.0     0.0        0
DAYS MIN <= 0       0               0.0     0.0        0

PRECIPITATION (INCHES)
RECORD
 MAXIMUM         3.81   1989
 MINIMUM            T   2012
                        2011
                        1955
TOTALS           0.15              0.63   -0.48     0.50
DAILY AVG.       0.00              0.02   -0.02     0.02
DAYS >= .01         2                MM      MM        6
DAYS >= .10         1                MM      MM        3
DAYS >= .50         0                MM      MM        0
DAYS >= 1.00        0                MM      MM        0
GREATEST
 24 HR. TOTAL    0.15   08/29 TO 08/30           08/12 TO 08/13
                                                          08/13 TO 08/13
                                                          08/13 TO 08/13

SNOWFALL (INCHES)
RECORDS
 TOTAL              T   MM
TOTALS             MM                MM      MM       MM
SINCE 7/1          MM                MM      MM       MM
SNOWDEPTH AVG.     MM                MM      MM       MM
DAYS >= 1.0         0                MM      MM        0
GREATEST
 SNOW DEPTH        MM                                 MM  MM
 24 HR TOTAL       MM                                 MM

DEGREE_DAYS
HEATING TOTAL      38                69     -31       15
 SINCE 7/1         57               133     -76       25
COOLING TOTAL     134                90      44      136
 SINCE 1/1        408               190     218      327
....................................................

WIND (MPH)
AVERAGE WIND SPEED              5.5
HIGHEST WIND SPEED/DIRECTION    35/230    DATE  08/29
HIGHEST GUST SPEED/DIRECTION    43/250    DATE  08/29

SKY COVER
POSSIBLE SUNSHINE (PERCENT)   MM
AVERAGE SKY COVER           0.20
NUMBER OF DAYS FAIR           25
NUMBER OF DAYS PC              4
NUMBER OF DAYS CLOUDY          2

AVERAGE RH (PERCENT)     40

WEATHER CONDITIONS. NUMBER OF DAYS WITH
THUNDERSTORM              0     MIXED PRECIP               0
HEAVY RAIN                0     RAIN                       1
LIGHT RAIN                6     FREEZING RAIN              0
LT FREEZING RAIN          0     HAIL                       0
HEAVY SNOW                0     SNOW                       0
LIGHT SNOW                0     SLEET                      0
FOG                       0     FOG W/VIS <= 1/4 MILE      0
HAZE                     20

-  INDICATES NEGATIVE NUMBERS.
R  INDICATES RECORD WAS SET OR TIED.
MM INDICATES DATA IS MISSING.
T  INDICATES TRACE AMOUNT.

$$
