000
CXUS53 KGRB 010630
CLMRHI


CLIMATE REPORT
NATIONAL WEATHER SERVICE GREEN BAY
129 AM CDT FRI SEP 1 2017

...................................

...THE RHINELANDER WI CLIMATE SUMMARY FOR THE MONTH OF AUGUST 2017...

CLIMATE NORMAL PERIOD 1981 TO 2010
CLIMATE RECORD PERIOD 1908 TO 2017

WEATHER         OBSERVED          NORMAL  DEPART  LAST YEAR`S
                 VALUE   DATE(S)  VALUE   FROM    VALUE  DATE(S)
                                          NORMAL
................................................................
TEMPERATURE (F)
RECORD
 HIGH              97   08/16/1988
                        08/02/1964
 LOW               28   08/30/1915
HIGHEST            85   08/01        89      -4       88  08/10
                                                          08/03
LOWEST             37   08/25        41      -4       45  08/31
                                                          08/22
AVG. MAXIMUM     72.4              76.9    -4.5     78.2
AVG. MINIMUM     49.8              52.8    -3.0     56.6
MEAN             61.1              64.9    -3.8     67.4
DAYS MAX >= 90      0               0.6    -0.6        0
DAYS MAX <= 32      0               0.0     0.0        0
DAYS MIN <= 32      0               0.0     0.0        0
DAYS MIN <= 0       0               0.0     0.0        0

PRECIPITATION (INCHES)
RECORD
 MAXIMUM         9.15   1978
 MINIMUM         0.69   1970
TOTALS           4.48              3.29    1.19     5.67
DAILY AVG.       0.14              0.11    0.03     0.18
DAYS >= .01        10                MM      MM       11
DAYS >= .10         9                MM      MM        9
DAYS >= .50         3                MM      MM        3
DAYS >= 1.00        1                MM      MM        2
GREATEST
 STORM TOTAL       MM
 (MM/DD(HH))            MM

SNOWFALL (INCHES)
RECORDS
 TOTAL            0.0   MM
TOTALS            0.0                MM      MM      0.0
SINCE 7/1         0.0                MM      MM      0.0
DAYS >= TRACE       0                MM      MM        0
DAYS >= 1.0         0                MM      MM        0
GREATEST
 SNOW DEPTH         0   MM                             0  MM
 24 HR TOTAL      0.0   08/31 TO 08/31

DEGREE_DAYS
HEATING TOTAL     130                76      54       28
 SINCE 7/1        166               127      39       61
COOLING TOTAL      18                71     -53      111
 SINCE 1/1        162               241     -79      308
.................................................................

WIND (MPH)
AVERAGE WIND SPEED              5.6
HIGHEST WIND SPEED/DIRECTION    24/220    DATE  08/21
HIGHEST GUST SPEED/DIRECTION    31/200    DATE  08/21

SKY COVER
POSSIBLE SUNSHINE (PERCENT)   MM
AVERAGE SKY COVER           0.50
NUMBER OF DAYS FAIR           11
NUMBER OF DAYS PC             12
NUMBER OF DAYS CLOUDY          8

AVERAGE RH (PERCENT)     78

WEATHER CONDITIONS. NUMBER OF DAYS WITH
THUNDERSTORM              0     MIXED PRECIP               0
HEAVY RAIN                6     RAIN                       7
LIGHT RAIN               15     FREEZING RAIN              0
LT FREEZING RAIN          0     HAIL                       0
HEAVY SNOW                0     SNOW                       0
LIGHT SNOW                0     SLEET                      0
FOG                      29     FOG W/VIS <= 1/4 MILE     13
HAZE                      0

-  INDICATES NEGATIVE NUMBERS.
R  INDICATES RECORD WAS SET OR TIED.
MM INDICATES DATA IS MISSING.
T  INDICATES TRACE AMOUNT.

$$
