000
CXUS51 KRNK 010947
CLMRNK


CLIMATE REPORT
NATIONAL WEATHER SERVICE BLACKSBURG VA
543 AM EDT FRI JUL 1 2016

...................................

...THE BLACKSBURG VA CLIMATE SUMMARY FOR THE MONTH OF JUNE 2016...

CLIMATE NORMAL PERIOD 1981 TO 2010
CLIMATE RECORD PERIOD 1952 TO 2016

WEATHER         OBSERVED          NORMAL  DEPART  LAST YEAR`S
                 VALUE   DATE(S)  VALUE   FROM    VALUE
                                          NORMAL
.............................................................
TEMPERATURE (F)
RECORD
 HIGH              97   06/29/2012
 LOW               30   06/11/1972
HIGHEST            89   06/11                         88
LOWEST             43   06/09                         49
AVG. MAXIMUM     81.7              78.9     2.8     82.0
AVG. MINIMUM     57.6              56.5     1.1     61.0
MEAN             69.6              67.7     1.9     71.5
DAYS MAX >= 90      0               0.3    -0.3        0
DAYS MAX <= 32      0               0.0     0.0        0
DAYS MIN <= 32      0               0.0     0.0        0
DAYS MIN <= 0       0               0.0     0.0        0

PRECIPITATION (INCHES)
RECORD
 MAXIMUM        10.96   2006
 MINIMUM         0.39   1966
TOTALS           3.28              4.00   -0.72     3.48
DAILY AVG.       0.11              0.13   -0.02     0.12
DAYS >= .01        12              11.4     0.6       16
DAYS >= .10         7               7.2    -0.2        9
DAYS >= .50         2               2.5    -0.5        2
DAYS >= 1.00        1               1.1    -0.1        0
GREATEST
 24 HR. TOTAL    1.46                               0.69

SNOWFALL (INCHES)
TOTALS            0.0                                0.0
DAYS >= TRACE       0                                  0
DAYS >= 1.0         0                                  0
GREATEST
 24 HR TOTAL      0.0                                0.0

DEGREE_DAYS
HEATING TOTAL      12                38     -26       11
COOLING TOTAL     158               119      39      212
..............................................................

WIND (MPH)
AVERAGE WIND SPEED              3.5
HIGHEST WIND SPEED/DIRECTION    21/320    DATE  06/08
HIGHEST GUST SPEED/DIRECTION    38/290    DATE  06/23

SKY COVER
AVERAGE SKY COVER           0.30

AVERAGE RH (PERCENT)     74

WEATHER CONDITIONS. NUMBER OF DAYS WITH
THUNDERSTORM              6     MIXED PRECIP               0
HEAVY RAIN                6     RAIN                      10
LIGHT RAIN               13     FREEZING RAIN              0
LT FREEZING RAIN          0     HAIL                       0
HEAVY SNOW                0     SNOW                       0
LIGHT SNOW                0     SLEET                      0
FOG                      15     FOG W/VIS <= 1/4 MILE      3
HAZE                      0

-  INDICATES NEGATIVE NUMBERS.
R  INDICATES RECORD WAS SET OR TIED.
MM INDICATES DATA IS MISSING.
T  INDICATES TRACE AMOUNT.

$$

PW
