000
CXUS56 KSGX 011012
CLMRNM
CLIMATE REPORT
NATIONAL WEATHER SERVICE SAN DIEGO, CA
312 AM PDT MON APR 01 2024
...................................
...THE RAMONA AIRPORT CA CLIMATE SUMMARY FOR THE MONTH OF MARCH 2024...
CLIMATE NORMAL PERIOD: 1991 TO 2020
CLIMATE RECORD PERIOD: 1974 TO 2024
WEATHER OBSERVED NORMAL DEPART LAST YEAR`S
VALUE DATE(S) VALUE FROM VALUE DATE(S)
NORMAL
................................................................
TEMPERATURE (F)
RECORD
HIGH 94 03/26/1988
LOW 24 03/15/1977
03/02/1977
03/01/1977
HIGHEST 74 03/21 68 6 74 03/18
LOWEST 34 03/27 41 -7 27 03/02
AVG. MAXIMUM 64.7 67.7 -3.0 61.2
AVG. MINIMUM 40.4 39.8 0.6 39.0
MEAN 52.6 53.8 -1.2 50.1
DAYS MAX >= 90 0 0.2 -0.2 MM
DAYS MAX <= 32 0 0.0 0.0 MM
DAYS MAX >= 45 31 MM
DAYS MAX >= 120 0 MM
DAYS MIN <= 32 0 3.6 -3.6 MM
DAYS MIN <= 0 0 0.0 0.0 MM
PRECIPITATION (INCHES)
RECORD
MAXIMUM 10.55 1991
MINIMUM 0.00 1997
TOTALS 3.98 2.30 1.68 6.69
DAILY AVG. 0.13 0.07 0.06 0.22
DAYS >= .01 12 7.2 4.8 MM
DAYS >= .10 9 3.5 5.5 MM
DAYS >= .50 3 1.0 2.0 MM
DAYS >= 1.00 1 0.2 0.8 MM
DAYS >= %-5.2F 0 MM
DAYS >= %-5.2F 0 0
GREATEST
24 HR. TOTAL 1.47 03/30 TO 03/31 1.87 03/21 TO 03/21
STORM TOTAL 1.23 1.87
(MM/DD(HH)) MM
DEGREE DAYS
HEATING TOTAL 377 349 28 458
SINCE 7/1 1838 1949 -111 MM
COOLING TOTAL 0 0 0 0
SINCE 1/1 0 2 -2 MM
FREEZE DATES
RECORD
EARLIEST 10/10/1974
LATEST 05/07/1975
EARLIEST 11/09
LATEST 04/05
................................................................
WIND (MPH)
AVERAGE WIND SPEED 4.9
RESULTANT WIND SPEED/DIRECTION 2/260
HIGHEST WIND SPEED/DIRECTION 31/030 DATE 03/18
HIGHEST GUST SPEED/DIRECTION 40/040 DATE 03/18
SKY COVER
POSSIBLE SUNSHINE (PERCENT) MM
AVERAGE SKY COVER 0.61
NUMBER OF DAYS FAIR 6
NUMBER OF DAYS PC 11
NUMBER OF DAYS CLOUDY 14
AVERAGE RH (PERCENT) 74
WEATHER CONDITIONS. NUMBER OF DAYS WITH
THUNDERSTORM 3 MIXED PRECIP 0
HEAVY RAIN 4 RAIN 9
LIGHT RAIN 14 FREEZING RAIN 0
LT FREEZING RAIN 0 HAIL 0
HEAVY SNOW 0 SNOW 0
LIGHT SNOW 0 SLEET 0
FOG 31 FOG W/VIS <= 1/4 MILE 19
HAZE 6
- INDICATES NEGATIVE NUMBERS.
R INDICATES RECORD WAS SET OR TIED.
MM INDICATES DATA IS MISSING.
T INDICATES TRACE AMOUNT.
$$