000
CXUS56 KSGX 021421
CLMRNM


CLIMATE REPORT
NATIONAL WEATHER SERVICE SAN DIEGO, CA
721 AM PDT SUN AUG 2 2015

...................................

...THE RAMONA AIRPORT CA CLIMATE SUMMARY FOR THE MONTH OF JULY 2015...

CLIMATE NORMAL PERIOD 1981 TO 2010
CLIMATE RECORD PERIOD 1974 TO 2015

WEATHER         OBSERVED          NORMAL  DEPART  LAST YEAR`S
                 VALUE   DATE(S)  VALUE   FROM    VALUE  DATE(S)
                                          NORMAL
................................................................
TEMPERATURE (F)
RECORD
 HIGH             111   07/22/2006
 LOW               41   07/19/1983
                        07/07/1974
HIGHEST            93   07/31        90       3      100  07/24
                        07/17
LOWEST             48   07/11        56      -8       53  07/22
AVG. MAXIMUM     85.2              88.3    -3.1     89.1
AVG. MINIMUM     58.7              55.9     2.8     59.2
MEAN             72.0              72.1    -0.1     74.1
DAYS MAX >= 90      6              11.9    -5.9       14
DAYS MAX <= 32      0               0.0     0.0        0
DAYS MAX >= 100     0                                  1
DAYS MAX >= 110     0                                  0
DAYS MIN <= 32      0               0.0     0.0        0
DAYS MIN <= 0       0               0.0     0.0        0

PRECIPITATION (INCHES)
RECORD
 MAXIMUM         1.44   1979
 MINIMUM         0.00   2009
                        2008
                        2004
TOTALS           2.38R             0.13    2.25     0.16
DAILY AVG.       0.08              0.00    0.08     0.01
DAYS >= .01         2                MM      MM        2
DAYS >= .10         2                MM      MM        1
DAYS >= .50         2                MM      MM        0
DAYS >= 1.00        2                MM      MM        0
DAYS >= 1.50        0                                  0
DAYS >= 2.00        0                                  0
GREATEST
 24 HR. TOTAL    1.25   07/18 TO 07/18           07/25 TO 07/25
                                                          07/24 TO 07/25
                                                          07/25 TO 07/25
 STORM TOTAL       MM                                 MM
 (MM/DD(HH))            MM                    07/25(00) TO 07/25(00)
                                                 07/25(00) TO 07/25(00)5
                                                 07/25(00) TO 07/25(00)5

DEGREE_DAYS
HEATING TOTAL       0                 2      -2        0
 SINCE 7/1          0                 2      -2        0
COOLING TOTAL     221               222      -1      291
 SINCE 1/1        448               335     113      462

FREEZE DATES
RECORD
 EARLIEST     10/10/1974
 LATEST       05/07/1975
EARLIEST                        11/24
LATEST                          03/25
......................................................

WIND (MPH)
AVERAGE WIND SPEED              5.4
RESULTANT WIND SPEED/DIRECTION   4/280
HIGHEST WIND SPEED/DIRECTION    20/220    DATE  07/19
HIGHEST GUST SPEED/DIRECTION    32/210    DATE  07/22

SKY COVER
POSSIBLE SUNSHINE (PERCENT)   MM
AVERAGE SKY COVER           0.30
NUMBER OF DAYS FAIR           18
NUMBER OF DAYS PC             12
NUMBER OF DAYS CLOUDY          1

AVERAGE RH (PERCENT)     68

WEATHER CONDITIONS. NUMBER OF DAYS WITH
THUNDERSTORM              0     MIXED PRECIP               0
HEAVY RAIN                2     RAIN                       2
LIGHT RAIN                5     FREEZING RAIN              0
LT FREEZING RAIN          0     HAIL                       0
HEAVY SNOW                0     SNOW                       0
LIGHT SNOW                0     SLEET                      0
FOG                      20     FOG W/VIS <= 1/4 MILE      9
HAZE                      6

-  INDICATES NEGATIVE NUMBERS.
R  INDICATES RECORD WAS SET OR TIED.
MM INDICATES DATA IS MISSING.
T  INDICATES TRACE AMOUNT.

$$
