035
CXUS55 KABQ 012015
CLMROW

ABQCLMROW 000
TTAA00 KABQ 012012


CLIMATE REPORT
NATIONAL WEATHER SERVICE ALBUQUERQUE NM
215 PM MDT THU SEP 1 2016

...................................

...THE ROSWELL NM CLIMATE SUMMARY FOR THE MONTH OF AUGUST 2016...

CLIMATE NORMAL PERIOD 1981 TO 2010
CLIMATE RECORD PERIOD 1893 TO 2016

WEATHER         OBSERVED          NORMAL  DEPART  LAST YEAR`S
                 VALUE   DATE(S)  VALUE   FROM    VALUE  DATE(S)
                                          NORMAL
................................................................
TEMPERATURE (F)
RECORD
 HIGH             107   08/06/2015
                        08/09/2011
                        08/08/2011
 LOW               54   08/26/2010
                        08/08/1990
                        08/23/1910
HIGHEST           102   08/08        MM      MM      107  08/06
                        08/04
LOWEST             59   08/15        MM      MM       60  08/30
AVG. MAXIMUM     91.1              91.7    -0.6     97.8
AVG. MINIMUM     66.1              65.8     0.3     67.3
MEAN             78.6              78.7    -0.1     82.5
DAYS MAX >= 90     18              21.1    -3.1       29
DAYS MAX <= 32      0               0.0     0.0        0
DAYS MIN <= 32      0               0.0     0.0        0
DAYS MIN <= 0       0               0.0     0.0        0

PRECIPITATION (INCHES)
RECORD
 MAXIMUM           MM   MM
 MINIMUM           MM   MM
TOTALS           5.05              1.97    3.08     0.84
DAILY AVG.       0.16              0.06    0.10     0.03
DAYS >= .01        11               8.1     2.9        8
DAYS >= .10         7               4.1     2.9        1
DAYS >= .50         4               1.2     2.8        1
DAYS >= 1.00        1               0.4     0.6        0
GREATEST
 24 HR. TOTAL    2.19   08/21 TO 08/21              0.57

SNOWFALL (INCHES)
RECORDS
 TOTAL             MM   MM
TOTALS            0.0               0.0     0.0      0.0
SINCE 7/1         0.0               0.0     0.0      0.0
SNOWDEPTH AVG.      0                MM      MM        0
DAYS >= 1.0         0               0.0     0.0        0
GREATEST
 SNOW DEPTH         0   MM                             0  MM
 24 HR TOTAL      0.0   08/31 TO 08/31               0.0

DEGREE_DAYS
HEATING TOTAL       0                 0       0        0
 SINCE 7/1          0                 0       0        0
COOLING TOTAL     427               426       1      550
 SINCE 1/1       1755              1524     231     1612
.................................................................

WIND (MPH)
AVERAGE WIND SPEED              7.9
HIGHEST WIND SPEED/DIRECTION    39/270    DATE  08/23
HIGHEST GUST SPEED/DIRECTION    48/260    DATE  08/23

SKY COVER
AVERAGE SKY COVER           0.20

AVERAGE RH (PERCENT)     55

WEATHER CONDITIONS. NUMBER OF DAYS WITH
THUNDERSTORM              0     MIXED PRECIP               0
HEAVY RAIN                5     RAIN                       4
LIGHT RAIN               16     FREEZING RAIN              0
LT FREEZING RAIN          0     HAIL                       0
HEAVY SNOW                0     SNOW                       0
LIGHT SNOW                0     SLEET                      0
FOG                       6     FOG W/VIS <= 1/4 MILE      0
HAZE                      0

-  INDICATES NEGATIVE NUMBERS.
R  INDICATES RECORD WAS SET OR TIED.
MM INDICATES DATA IS MISSING.
T  INDICATES TRACE AMOUNT.

$$
