000
CXUS54 KEWX 041628 CCB
CLMSAT

CLIMATE REPORT
NATIONAL WEATHER SERVICE AUSTIN/SAN ANTONIO, TX
1024 PM CST SUN DEC 3 2017

...................................

...THE SAN ANTONIO CLIMATE SUMMARY FOR THE MONTH OF NOVEMBER 2017...

CLIMATE NORMAL PERIOD 1981 TO 2010
CLIMATE RECORD PERIOD 1886 TO 2017

WEATHER         OBSERVED          NORMAL  DEPART  LAST YEAR`S
                 VALUE   DATE(S)  VALUE   FROM    VALUE  DATE(S)
                                          NORMAL
................................................................
TEMPERATURE (F)
HIGHEST            91   11/05                         87  11/02
                                                          11/01
LOWEST             36   11/23                         34  11/20
AVG. MAXIMUM     77.4              72.2     5.2     76.4
AVG. MINIMUM     55.7              50.1     5.6     56.4
MEAN             66.5              61.1     5.4     66.4
DAYS MAX >= 90      1                                  0
DAYS MAX <= 32      0                                  0
DAYS MIN <= 32      0                                  0
DAYS MIN <= 0       0                                  0

PRECIPITATION (INCHES)
TOTALS           0.53              2.28   -1.75     1.79
DAILY AVG.       0.02              0.08   -0.06     0.06
DAYS >= .01         4                                  5
DAYS >= .10         2                                  4
DAYS >= .50         0                                  2
DAYS >= 1.00        0                                  0
GREATEST
 24 HR. TOTAL    0.33   11/11 TO 11/12

SNOWFALL (INCHES)
TOTALS            0.0               0.0     0.0      0.0
SINCE 7/1         0.0               0.0     0.0      0.0

DEGREE_DAYS
HEATING TOTAL      86               178     -92       55
 SINCE 7/1        132               211     -79       58
COOLING TOTAL     139                62      77      106
 SINCE 1/1       3449              3117     332     3346
.................................................................

WIND (MPH)
AVERAGE WIND SPEED              7.3
HIGHEST WIND SPEED/DIRECTION    30/340    DATE  11/18
HIGHEST GUST SPEED/DIRECTION    37/340    DATE  11/18

SKY COVER
POSSIBLE SUNSHINE (PERCENT)   MM
AVERAGE SKY COVER           0.60
NUMBER OF DAYS FAIR            7
NUMBER OF DAYS PC             13
NUMBER OF DAYS CLOUDY         10

AVERAGE RH (PERCENT)     66

WEATHER CONDITIONS. NUMBER OF DAYS WITH
THUNDERSTORM              0     MIXED PRECIP               0
HEAVY RAIN                1     RAIN                       1
LIGHT RAIN                8     FREEZING RAIN              0
LT FREEZING RAIN          0     HAIL                       0
HEAVY SNOW                0     SNOW                       0
LIGHT SNOW                0     SLEET                      0
FOG                      12     FOG W/VIS <= 1/4 MILE      1
HAZE                      1

-  INDICATES NEGATIVE NUMBERS.
R  INDICATES RECORD WAS SET OR TIED.
MM INDICATES DATA IS MISSING.
T  INDICATES TRACE AMOUNT.

&&

MONTHLY CLIMATE SUMMARY: NOVEMBER 2017 WAS THE 4TH WARMEST AND TIED
FOR THE 29TH DRIEST SINCE RECORD KEEPING BEGAN.

SEA LEVEL PRESSURE DATA:
HIGHEST SLP 30.38 INCHES ON THE 19TH
LOWEST  SLP 29.77 INCHES ON THE 1ST

PRELIMINARY LOCAL CLIMATOLOGICAL DATA (WS FORM: F-6)

                                          STATION:   SAN ANTONIO
                                          MONTH:     NOVEMBER
                                          YEAR:      2017
                                          LATITUDE:   29 31 N
                                          LONGITUDE:  98 28 W

  TEMPERATURE IN F:       :PCPN:    SNOW:  WIND      :SUNSHINE: SKY     :PK WND
================================================================================
1   2   3   4   5  6A  6B    7    8   9   10  11  12  13   14  15   16   17  18
                                     12Z  AVG MX 2MIN
DY MAX MIN AVG DEP HDD CDD  WTR  SNW DPTH SPD SPD DIR MIN PSBL S-S WX    SPD DR
================================================================================

 1  82  57  70   4   0   5    T  0.0    0  5.3 14 180   M    M   6 12     18 170
 2  85  68  77  11   0  12    T  0.0    0  7.4 15 150   M    M   8 1      18 150
 3  87  73  80  14   0  15 0.03  0.0    0  6.9 15 160   M    M   7 1      19 150
 4  85  70  78  13   0  13 0.00  0.0    0  7.6 16 150   M    M   9 18     21 180
 5  91  69  80  15   0  15 0.00  0.0    0  9.4 17 160   M    M   5 1      22 160
 6  89  70  80  15   0  15 0.00  0.0    0  9.6 15 150   M    M   6        20 180
 7  84  61  73   9   0   8 0.00  0.0    0  9.0 22  10   M    M   7        28  10
 8  62  46  54 -10  11   0 0.16  0.0    0 12.5 24  10   M    M  10 1      28  10
 9  63  46  55  -9  10   0    T    M    0  8.1 15  10   M    M  10        20  20
10  62  53  58  -5   7   0 0.00  0.0    0  6.3 13  50   M    M  10        15  50
11  75  57  66   3   0   1 0.09  0.0    0  4.6 15 140   M    M  10 1      18 150
12  70  66  68   6   0   3 0.25  0.0    0  3.9  8 100   M    M  10 1      11 150
13  79  67  73  11   0   8    T  0.0    0  5.8 14 160   M    M   8 1      17 160
14  78  63  71   9   0   6 0.00  0.0    0  8.8 15 180   M    M   9 1      19 180
15  80  66  73  12   0   8 0.00  0.0    0  7.7 16 170   M    M   8 1      20 170
16  84  67  76  15   0  11 0.00  0.0    0  6.3 16 210   M    M   6        21 230
17  85  69  77  17   0  12 0.00  0.0    0 11.3 20 210   M    M   6        29 160
18  88  54  71  11   0   6 0.00  0.0    0 13.8 30 340   M    M   5        37 340
19  65  43  54  -6  11   0 0.00  0.0    0  6.4 20  20   M    M   5        26  20
20  69  42  56  -3   9   0 0.00  0.0    0  6.0 15 190   M    M   5        21 210
21  75  50  63   4   2   0 0.00  0.0    0  7.9 20 360   M    M   6        27  20
22  68  40  54  -5  11   0 0.00  0.0    0 10.5 24 360   M    M   3        31 360
23  71  36  54  -4  11   0 0.00  0.0    0  4.1  9 240   M    M   2        12 240
24  75  41  58   0   7   0 0.00  0.0    0  6.8 16 170   M    M   3        21 190
25  82  45  64   6   1   0 0.00  0.0    0  4.7 10 170   M    M   2        13 160
26  79  53  66   9   0   1 0.00  0.0    0  3.7  9  60   M    M   4        12  20
27  77  51  64   7   1   0 0.00  0.0    0  7.4 16 160   M    M   2        23 180
28  80  50  65   8   0   0 0.00  0.0    0  6.9 18 180   M    M   2 1      25 170
29  74  51  63   7   2   0 0.00  0.0    0  6.2 17 340   M    M   6        21 340
30  77  46  62   6   3   0 0.00  0.0    0  3.0  9  80   M    M   3        12  70
================================================================================
SM 2321 1670        86 139  0.53     0.0 217.9          M      183
================================================================================
AV 77.4 55.7                               7.3 FASTST   M    M   6    MAX(MPH)
                                 MISC ---->  # 30 340               # 37  340
================================================================================
NOTES:
# LAST OF SEVERAL OCCURRENCES

COLUMN 17 PEAK WIND IN M.P.H.

SYMBOLS USED IN COLUMN 16
1 = FOG OR MIST
2 = FOG REDUCING VISIBILITY
3 = THUNDER
4 = ICE PELLETS
5 = HAIL
6 = FREEZING RAIN OR DRIZZLE
7 = DUSTSTORM OR SANDSTORM:
8 = SMOKE OR HAZE
9 = BLOWING SNOW
X = TORNADO



$$
