000
CXUS52 KCHS 011529
CLMSAV

CLIMATE REPORT
NATIONAL WEATHER SERVICE CHARLESTON SC
1052 AM EDT WED JUL 1 2015

...................................

...THE SAVANNAH GA CLIMATE SUMMARY FOR THE MONTH OF JUNE 2015...

CLIMATE NORMAL PERIOD 1981 TO 2010
CLIMATE RECORD PERIOD 1871 TO 2015

WEATHER         OBSERVED          NORMAL  DEPART  LAST YEAR`S
                 VALUE   DATE(S)  VALUE   FROM    VALUE  DATE(S)
                                          NORMAL
................................................................
TEMPERATURE (F)
RECORD
 HIGH             104   06/02/1985
 LOW               49   06/12/1913
HIGHEST            99   06/17                         96  06/21
                        06/16                             06/20
                                                          06/10
LOWEST             65   06/01                         65  06/02
                                                          06/01
AVG. MAXIMUM     91.8              89.9     1.9     91.0
AVG. MINIMUM     71.4              69.8     1.6     71.2
MEAN             81.6              79.8     1.8     81.1
DAYS MAX >= 90     19              15.6     3.4       21
DAYS MAX <= 32      0               0.0     0.0        0
DAYS MIN <= 32      0               0.0     0.0        0
DAYS MIN <= 0       0               0.0     0.0        0

PRECIPITATION (INCHES)
RECORD
 MAXIMUM        18.79   1876
 MINIMUM         0.84   1954
TOTALS           5.63              5.95   -0.32    11.64
DAYS >= .01        12              11.9     0.1       11
DAYS >= .10         7               8.4    -1.4       10
DAYS >= .50         3               3.5    -0.5        5
DAYS >= 1.00        2               1.7     0.3        3
GREATEST
 24 HR. TOTAL    1.95   06/22

DEGREE_DAYS
HEATING TOTAL       0                 0       0
 SINCE 7/1       1693              1812    -119
COOLING TOTAL     506               446      60
 SINCE 1/1       1041               849     192
.................................................................

WIND (MPH)
AVERAGE WIND SPEED              6.0
HIGHEST WIND SPEED/DIRECTION    47/330
HIGHEST GUST SPEED/DIRECTION    68/120


WEATHER CONDITIONS. NUMBER OF DAYS WITH
THUNDERSTORM             12     MIXED PRECIP               0
HEAVY RAIN                7     RAIN                       3
LIGHT RAIN               13     FREEZING RAIN              0
LT FREEZING RAIN          0     HAIL                       1
HEAVY SNOW                0     SNOW                       0
LIGHT SNOW                0     SLEET                      0
FOG                      12     FOG W/VIS <= 1/4 MILE      1
HAZE                      4

-  INDICATES NEGATIVE NUMBERS.
R  INDICATES RECORD WAS SET OR TIED.
MM INDICATES DATA IS MISSING.
T  INDICATES TRACE AMOUNT.

&&

NO RECORDS WERE ESTABLISHED DURING THE MONTH.

$$
