000
CXUS52 KCHS 020042
CLMSAV
CLIMATE REPORT
NATIONAL WEATHER SERVICE CHARLESTON SC
834 PM EDT MON APR 01 2024
...................................
...THE SAVANNAH GA CLIMATE SUMMARY FOR THE MONTH OF MARCH 2024...
CLIMATE NORMAL PERIOD 1991 TO 2020
CLIMATE RECORD PERIOD 1871 TO 2024
WEATHER OBSERVED NORMAL DEPART LAST YEAR`S
VALUE DATE(S) VALUE FROM VALUE DATE(S)
NORMAL
................................................................
TEMPERATURE (F)
RECORD
HIGH 94 03/23/1907
LOW 20 03/03/1980
03/06/1960
HIGHEST 87 03/15 87 03/24
LOWEST 40 03/11 34 03/15
03/19
AVG. MAXIMUM 74.0 71.4 2.6 74.4
AVG. MINIMUM 52.8 48.6 4.2 51.8
MEAN 63.4 60.0 3.4 63.1
DAYS MAX >= 90 0 0.1 -0.1 0
DAYS MAX <= 32 0 0.0 0.0 0
DAYS MIN <= 32 0 1.5 -1.5 0
DAYS MIN <= 0 0 0.0 0.0 0
PRECIPITATION (INCHES)
RECORD
MAXIMUM 10.18 1872
MINIMUM 0.04 1925
TOTALS 3.81 3.50 0.31 2.96
DAYS >= .01 11 7.9 3.1 7
DAYS >= .10 7 5.0 2.0 6
DAYS >= .50 3 2.1 0.9 3
DAYS >= 1.00 1 1.2 -0.2 0
GREATEST
24 HR. TOTAL 1.09 03/01
SNOWFALL (INCHES)
TOTALS 0.0 0.0 0.0
SINCE 7/1 0.0 0.0 0.0
DEGREE DAYS
HEATING TOTAL 90 196 -106 143
SINCE 7/1 1321 1606 -285
COOLING TOTAL 50 41 9 92
SINCE 1/1 75 60 15
................................................................
WIND (MPH)
AVERAGE WIND SPEED 7.9
HIGHEST WIND SPEED/DIRECTION 28/330
HIGHEST GUST SPEED/DIRECTION 39/320
39/260
WEATHER CONDITIONS. NUMBER OF DAYS WITH
THUNDERSTORM 7 MIXED PRECIP 0
HEAVY RAIN 5 RAIN 8
LIGHT RAIN 13 FREEZING RAIN 0
LT FREEZING RAIN 0 HAIL 0
HEAVY SNOW 0 SNOW 0
LIGHT SNOW 0 SLEET 0
FOG 19 FOG W/VIS <= 1/4 MILE 4
HAZE 5
- INDICATES NEGATIVE NUMBERS.
R INDICATES RECORD WAS SET OR TIED.
MM INDICATES DATA IS MISSING.
T INDICATES TRACE AMOUNT.
&&
RECORDS ESTABLISHED AT THE SAVANNAH INTERNATIONAL AIRPORT DURING THE
MONTH:
*MAR 15 - RECORD HIGH TEMPERATURE OF 87 DEGREES
$$