000
CXUS53 KIWX 010955
CLMSBN

CLIMATE REPORT
NATIONAL WEATHER SERVICE NORTHERN INDIANA
553 AM EDT FRI JUL 1 2016

...................................

...THE SOUTH BEND CLIMATE SUMMARY FOR THE MONTH OF JUNE 2016...

CLIMATE NORMAL PERIOD 1981 TO 2010
CLIMATE RECORD PERIOD 1893 TO 2016

WEATHER         OBSERVED          NORMAL  DEPART  LAST YEAR`S
                 VALUE   DATE(S)  VALUE   FROM    VALUE  DATE(S)
                                          NORMAL
................................................................
TEMPERATURE (F)
RECORD
 HIGH             106   06/01/1934
 LOW               35   06/11/1972
                        06/02/1956
                        06/16/1917
HIGHEST            93   06/20        MM      MM       90  06/10
                        06/11
LOWEST             44   06/09        MM      MM       44  06/02
AVG. MAXIMUM     81.1              79.4     1.7     78.6
AVG. MINIMUM     57.7              58.7    -1.0     60.2
MEAN             69.4              69.1     0.3
DAYS MAX >= 90      4               2.4     1.6        1
DAYS MAX <= 32      0               0.0     0.0        0
DAYS MIN <= 32      0               0.0     0.0        0
DAYS MIN <= 0       0               0.0     0.0        0

PRECIPITATION (INCHES)
RECORD
 MAXIMUM        10.86   1993
 MINIMUM         0.48   1988
TOTALS           3.25              3.79   -0.54     4.07
DAILY AVG.       0.11              0.13   -0.02     0.14
DAYS >= .01         8              10.3    -2.3       18
DAYS >= .10         5               6.8    -1.8       10
DAYS >= .50         2               2.4    -0.4        3
DAYS >= 1.00        2               0.9     1.1        0
GREATEST
 24 HR. TOTAL    1.54   06/22 TO 06/22
                        06/21 TO 06/22
                        06/22 TO 06/22

SNOWFALL (INCHES)
RECORDS
 TOTAL             MM   MM
TOTALS            0.0               0.0     0.0      0.0
SINCE 7/1        70.2              66.6     3.6     83.9
SNOWDEPTH AVG.      0                MM      MM        0
DAYS >= 1.0         0               0.0     0.0        0
GREATEST
 SNOW DEPTH         0   MM
 24 HR TOTAL      0.0   06/30 TO 06/30

DEGREE_DAYS
HEATING TOTAL      35                44      -9       19
 SINCE 7/1       5640              6298    -658     6623
COOLING TOTAL     176               165      11      157
 SINCE 1/1        245               221      24      243
.................................................................

WIND (MPH)
AVERAGE WIND SPEED              7.7
HIGHEST WIND SPEED/DIRECTION    36/030    DATE  06/20
HIGHEST GUST SPEED/DIRECTION    45/320    DATE  06/20

SKY COVER
POSSIBLE SUNSHINE (PERCENT)   MM
AVERAGE SKY COVER           0.30
NUMBER OF DAYS FAIR           20
NUMBER OF DAYS PC              9
NUMBER OF DAYS CLOUDY          1

AVERAGE RH (PERCENT)     68

WEATHER CONDITIONS. NUMBER OF DAYS WITH
THUNDERSTORM              0     MIXED PRECIP               0
HEAVY RAIN                5     RAIN                       4
LIGHT RAIN               11     FREEZING RAIN              0
LT FREEZING RAIN          0     HAIL                       0
HEAVY SNOW                0     SNOW                       0
LIGHT SNOW                0     SLEET                      0
FOG                      12     FOG W/VIS <= 1/4 MILE      2
HAZE                      2

-  INDICATES NEGATIVE NUMBERS.
R  INDICATES RECORD WAS SET OR TIED.
MM INDICATES DATA IS MISSING.
T  INDICATES TRACE AMOUNT.

&&

...NEAR NORMAL TEMPERATURES AND BELOW NORMAL PRECIPITATION...

JUNE TEMPERATURES AVERAGED NEAR NORMAL IN THE SOUTH BEND AREA WHILE
PRECIPITATION WAS SLIGHTLY BELOW NORMAL. TWO DAYS OF SIGNIFICANT
RAINFALL PRODUCED ABOUT 80 PERCENT OF THE MONTHLY RAINFALL TOTAL.
OUTSIDE OF THESE EVENTS...IT WAS A VERY DRY MONTH. THE AREA
EXPERIENCED SEVERE WEATHER ON THE SAME TWO DAYS AS THE HEAVY
RAINFALL...THE 20TH AND 22ND. STORMS ON THESE TWO DAYS PRODUCED
STRONG WINDS WHICH DOWNED TREES AND UTILITY LINES WHILE ALSO
DAMAGING SOME STRUCTURES.

THE AVERAGE MONTHLY TEMPERATURE WAS 69.4 DEGREES...0.3 DEGREES ABOVE
NORMAL. THIS RANKED AS THE 53RD WARMEST JUNE ON RECORD. THE HIGHEST
TEMPERATURE WAS 93 AND OCCURRED ON THE 11TH AND 20TH. HIGH
TEMPERATURES REACHED OR EXCEEDED 90 DEGREES ON 4 DAYS...THE
10TH...11TH...19TH AND 20TH. JUNE NORMALLY EXPERIENCES 90 DEGREES OR
WARMER ON 3 DAYS. THE COOLEST TEMPERATURE WAS 44 ON THE 9TH. LOW
TEMPERATURES ALSO DROPPED INTO THE UPPER 40S ON THE 29TH.

PRECIPITATION FOR THE MONTH WAS 3.25 INCHES...0.54 INCHES BELOW
NORMAL. THIS RANKED AS THE 56TH DRIEST JUNE ON RECORD. THE MONTHLY
AMOUNT IS A BIT DECEIVING AS ABOUT 80 PERCENT OF THIS RAIN FELL ON
THE 20TH AND 22ND. A TOTAL OF 1.11 INCHES WAS RECORDED ON THE 20TH
WHILE 1.54 INCHES FELL ON THE 22ND. THE REMAINING 0.60 INCHES
OCCURRED ON 6 DIFFERENT DAYS SCATTERED THROUGH THE MONTH.

$$
LASHLEY
