000
CXUS51 KAKQ 011811
CLMSBY


CLIMATE REPORT
NATIONAL WEATHER SERVICE WAKEFIELD, VA
1244 PM EST SUN JAN 1 2017

...................................

...THE SALISBURY MD CLIMATE SUMMARY FOR THE YEAR OF 2016...

CLIMATE NORMAL PERIOD 1981 TO 2010
CLIMATE RECORD PERIOD 1900 TO 2016

WEATHER         OBSERVED          NORMAL  DEPART  LAST YEAR`S
                 VALUE   DATE(S)  VALUE   FROM    VALUE  DATE(S)
                                          NORMAL
................................................................
TEMPERATURE (F)
RECORD
 HIGH             106   07/21/1930
                        08/07/1918
 LOW               -9   01/21/1918
HIGHEST            98   08/14        MM      MM       94  07/20
                                                          06/23
LOWEST             10   02/14        MM      MM       -4  02/21
AVG. MAXIMUM     67.7              66.0     1.7     67.4
AVG. MINIMUM     47.8              45.9     1.9     47.1
MEAN             57.7              56.0     1.7     57.2
DAYS MAX >= 90     32              18.8    13.2       18
DAYS MAX <= 32      8               8.2    -0.2       10
DAYS MIN <= 32     80              89.0    -9.0       84
DAYS MIN <= 0       0               0.1    -0.1        2

PRECIPITATION (INCHES)
RECORD
 MAXIMUM        69.63   1979
 MINIMUM        29.23   2007
TOTALS          54.43             45.68    8.75    51.37
DAILY AVG.       0.15              0.13    0.02     0.14
DAYS >= .01       134             117.1    16.9      131
DAYS >= .10        83              76.7     6.3       83
DAYS >= .50        34              30.3     3.7       35
DAYS >= 1.00       14              11.7     2.3       13
GREATEST
 24 HR. TOTAL    5.32
 STORM TOTAL       MM
 (MM/DD(HH))

SNOWFALL (INCHES)
RECORDS
 TOTAL           22.5   2014
 24 HR TOTAL      5.2   MM
 SNOW DEPTH         4   03/06/2015
                        03/26/2014
TOTALS           19.8               9.3    10.5     15.7
 LIQUID EQUIV    1.98              0.90    1.08     1.57
SINCE 7/1           T               1.8    -1.8      0.0
 LIQUID 7/1        MM              0.20      MM     0.00
SNOWDEPTH AVG.      0                MM      MM        0
DAYS >= TRACE      18               5.5    12.5       21
DAYS >= 1.0         9               3.2     5.8        4
GREATEST
 SNOW DEPTH         4R  03/04                          4  03/06
 24 HR TOTAL      4.8   MM                       12/31 TO 12/31
                                                          12/31 TO 12/31
                                                          12/31 TO 12/31
 STORM TOTAL       MM
 (MM/DD(HH))

DEGREE_DAYS
HEATING TOTAL    4019              4442    -423     4029
 SINCE 7/1         MM              1624      MM       MM
COOLING TOTAL    1481              1153     328     1351
 SINCE 1/1       1481              1153     328     1351
..................................................



-  INDICATES NEGATIVE NUMBERS.
R  INDICATES RECORD WAS SET OR TIED.
MM INDICATES DATA IS MISSING.
T  INDICATES TRACE AMOUNT.

$$
