000
CXUS54 KSJT 011635
CLMSJT


CLIMATE REPORT
NATIONAL WEATHER SERVICE SAN ANGELO TX
1130 AM CDT THU SEP 1 2016

...................................

...THE SAN ANGELO CLIMATE SUMMARY FOR THE MONTH OF AUGUST 2016...

CLIMATE NORMAL PERIOD 1981 TO 2010
CLIMATE RECORD PERIOD 1907 TO 2016

WEATHER         OBSERVED          NORMAL  DEPART  LAST YEAR`S
                 VALUE   DATE(S)  VALUE   FROM    VALUE  DATE(S)
                                          NORMAL
................................................................
TEMPERATURE (F)
RECORD
 HIGH             111   08/04/1943
 LOW               45   08/31/1915
HIGHEST           105   08/11                        106  08/08
                        08/10
LOWEST             63   08/16                         63  08/31
AVG. MAXIMUM     95.4              94.7     0.7    100.4
AVG. MINIMUM     72.9              70.7     2.2     72.4
MEAN             84.1              82.7     1.4     86.4
DAYS MAX >= 90     24              25.3    -1.3       31
DAYS MAX <= 32      0               0.0     0.0        0
DAYS MIN <= 32      0               0.0     0.0        0
DAYS MIN <= 0       0               0.0     0.0        0

PRECIPITATION (INCHES)
RECORD
 MAXIMUM        14.03   1882
 MINIMUM         0.00   2000
TOTALS           2.87              2.26    0.61     1.28
DAILY AVG.       0.09              0.07    0.02     0.04
DAYS >= .01         5               5.5    -0.5        2
DAYS >= .10         2               3.2    -1.2        2
DAYS >= .50         2               1.4     0.6        2
DAYS >= 1.00        1               0.6     0.4        0
GREATEST
 24 HR. TOTAL    2.03   08/12 TO 08/13              0.75 08/24

SNOWFALL (INCHES)
RECORDS
 TOTAL            0.0   2013
                        2012
                        2011
TOTALS            0.0               0.0     0.0      0.0
SINCE 7/1         0.0               0.0     0.0      0.0
SNOWDEPTH AVG.      0                MM      MM        0
DAYS >= 1.0         0               0.0     0.0        0
GREATEST
 SNOW DEPTH         0   MM                             0  MM

DEGREE_DAYS
HEATING TOTAL       0                 0       0        0
 SINCE 7/1          0                 0       0        0
COOLING TOTAL     602               549      53      674
 SINCE 1/1       2160              2036     124     2215
..................................................

WIND (MPH)
AVERAGE WIND SPEED              8.0
HIGHEST WIND SPEED/DIRECTION    28/080    DATE  08/28
HIGHEST GUST SPEED/DIRECTION    38/080    DATE  08/28

SKY COVER
AVERAGE SKY COVER           0.30

AVERAGE RH (PERCENT)     59

WEATHER CONDITIONS. NUMBER OF DAYS WITH
THUNDERSTORM              9     MIXED PRECIP               0
HEAVY RAIN                2     RAIN                       2
LIGHT RAIN               10     FREEZING RAIN              0
LT FREEZING RAIN          0     HAIL                       0
HEAVY SNOW                0     SNOW                       0
LIGHT SNOW                0     SLEET                      0
FOG                       6     FOG W/VIS <= 1/4 MILE      0
HAZE                      2

-  INDICATES NEGATIVE NUMBERS.
R  INDICATES RECORD WAS SET OR TIED.
MM INDICATES DATA IS MISSING.
T  INDICATES TRACE AMOUNT.

$$
