000
CXCA52 TJSJ 012049
CLMSJU


CLIMATE REPORT
NATIONAL WEATHER SERVICE SAN JUAN, PR
448 PM AST MON FEB 1 2016

...................................

...THE SAN JUAN AREA/PR CLIMATE SUMMARY FOR THE MONTH OF JANUARY 2016...

CLIMATE NORMAL PERIOD 1981 TO 2010
CLIMATE RECORD PERIOD 1898 TO 2016

WEATHER         OBSERVED          NORMAL  DEPART  LAST YEAR`S
                 VALUE   DATE(S)  VALUE   FROM    VALUE  DATE(S)
                                          NORMAL
................................................................
TEMPERATURE (F)
RECORD
 HIGH              92   01/16/1983
                        01/11/1982
 LOW               61   01/31/1962
HIGHEST            88   01/29        87       1       89  01/28
LOWEST             71   01/15        66       5       72  01/30
                        01/03                             01/26
                        01/02                             01/25
AVG. MAXIMUM     84.4              83.2     1.2     84.5
AVG. MINIMUM     72.9              72.0     0.9     73.3
MEAN             78.7              77.6     1.1     78.9
DAYS MAX >= 90      0               0.2    -0.2        0
DAYS MAX <= 32      0               0.0     0.0        0
DAYS MIN <= 32      0               0.0     0.0        0
DAYS MIN <= 0       0               0.0     0.0        0

PRECIPITATION (INCHES)
RECORD
 MAXIMUM        15.47   1937
 MINIMUM         0.61   1978
TOTALS           1.60              3.76   -2.16     5.12
DAILY AVG.       0.05              0.12   -0.07     0.17
DAYS >= .01        13              17.6    -4.6       21
DAYS >= .10         6               9.2    -3.2       13
DAYS >= .50         0               1.8    -1.8        4
DAYS >= 1.00        0               0.5    -0.5        0
GREATEST
 24 HR. TOTAL    0.37   01/30 TO 01/31

SNOWFALL (INCHES)
TOTALS            0.0               0.0     0.0      0.0

DEGREE_DAYS
HEATING TOTAL       0                 0       0        0
COOLING TOTAL     431               391      40      438
.................................................................

WIND (MPH)
AVERAGE WIND SPEED              5.3
HIGHEST WIND SPEED/DIRECTION    25/090    DATE  01/01
HIGHEST GUST SPEED/DIRECTION    30/090    DATE  01/28

SKY COVER
AVERAGE SKY COVER           0.40

AVERAGE RH (PERCENT)     73

WEATHER CONDITIONS. NUMBER OF DAYS WITH
THUNDERSTORM              0     MIXED PRECIP               0
HEAVY RAIN                1     RAIN                       3
LIGHT RAIN                9     FREEZING RAIN              0
LT FREEZING RAIN          0     HAIL                       0
HEAVY SNOW                0     SNOW                       0
LIGHT SNOW                0     SLEET                      0
FOG                       6     FOG W/VIS <= 1/4 MILE      0
HAZE                      4

-  INDICATES NEGATIVE NUMBERS.
R  INDICATES RECORD WAS SET OR TIED.
MM INDICATES DATA IS MISSING.
T  INDICATES TRACE AMOUNT.

$$
