000
CXCA52 TJSJ 190607
CLMSJU


CLIMATE REPORT
NATIONAL WEATHER SERVICE SAN JUAN, PR
206 AM AST WED NOV 19 2014

...................................

...THE SAN JUAN/P.R. CLIMATE SUMMARY FOR THE MONTH OF OCTOBER 2014...

CLIMATE NORMAL PERIOD 1981 TO 2010
CLIMATE RECORD PERIOD 1898 TO 2014

WEATHER         OBSERVED          NORMAL  DEPART
                 VALUE   DATE(S)  VALUE   FROM
                                          NORMAL
................................................
TEMPERATURE (F)
RECORD
 HIGH              98   10/09/1981
 LOW               67   10/20/1959
HIGHEST            95   10/11        93       2
LOWEST             76   10/14        72       4
                        10/13
AVG. MAXIMUM     90.0              88.4     1.6
AVG. MINIMUM     78.5              76.9     1.6
MEAN             84.2              82.6     1.6
DAYS MAX >= 90     16               6.9     9.1
DAYS MAX <= 32      0               0.0     0.0
DAYS MIN <= 32      0               0.0     0.0
DAYS MIN <= 0       0               0.0     0.0

PRECIPITATION (INCHES)
RECORD
 MAXIMUM        15.06   1970
 MINIMUM         1.17   1979
TOTALS           3.11              5.59   -2.48
DAILY AVG.       0.10              0.18   -0.08
DAYS >= .01        10              17.7    -7.7
DAYS >= .10         7              11.0    -4.0
DAYS >= .50         2               3.1    -1.1
DAYS >= 1.00        1               1.3    -0.3
GREATEST
 24 HR. TOTAL    1.14   10/29 TO 10/30

DEGREE_DAYS
HEATING TOTAL       0                 0       0
 SINCE 7/1          0                 0       0
COOLING TOTAL     605               547      58
 SINCE 1/1       5373              4959     414
.................................................

WIND (MPH)
AVERAGE WIND SPEED              5.6
RESULTANT WIND SPEED/DIRECTION   4/061
HIGHEST WIND SPEED/DIRECTION    24/060    DATE  10/13
HIGHEST GUST SPEED/DIRECTION    30/060    DATE  10/13

SKY COVER
AVERAGE SKY COVER           0.40

AVERAGE RH (PERCENT)     76

WEATHER CONDITIONS. NUMBER OF DAYS WITH
THUNDERSTORM              0     MIXED PRECIP               0
HEAVY RAIN                2     RAIN                       5
LIGHT RAIN                7     FREEZING RAIN              0
LT FREEZING RAIN          0     HAIL                       0
HEAVY SNOW                0     SNOW                       0
LIGHT SNOW                0     SLEET                      0
FOG                       6     FOG W/VIS <= 1/4 MILE      0
HAZE                      4

-  INDICATES NEGATIVE NUMBERS.
R  INDICATES RECORD WAS SET OR TIED.
MM INDICATES DATA IS MISSING.
T  INDICATES TRACE AMOUNT.

$$
