466
CXUS45 KSLC 012213
CLMSLC

SLCCLMSLC 000
TTAA00 KSLC 012209

CLIMATE REPORT
NATIONAL WEATHER SERVICE SALT LAKE CITY UT
310 PM MST SUN JAN 1 2017

...................................

...THE SALT LAKE CITY UT CLIMATE SUMMARY FOR THE MONTH OF DECEMBER 2016...

CLIMATE NORMAL PERIOD 1981 TO 2010
CLIMATE RECORD PERIOD 1874 TO 2016

WEATHER         OBSERVED          NORMAL  DEPART  LAST YEAR`S
                 VALUE   DATE(S)  VALUE   FROM    VALUE  DATE(S)
                                          NORMAL
................................................................
TEMPERATURE (F)
RECORD
 HIGH              67   12/21/1969
 LOW              -21   12/13/1932
HIGHEST            57   12/15                         61  12/09
LOWEST              4   12/27                          4  12/31
AVG. MAXIMUM     36.7              38.0    -1.3     38.8
AVG. MINIMUM     22.4              22.6    -0.2     23.8
MEAN             29.5              30.3    -0.8     31.3
DAYS MAX >= 90      0               0.0     0.0        0
DAYS MAX <= 32     12               8.0     4.0        9
DAYS MIN <= 32     31              27.2     3.8       26
DAYS MIN <= 0       0               0.3    -0.3        0

PRECIPITATION (INCHES)
TOTALS           1.98              1.41    0.57     2.23
DAYS >= .01        13               9.9     3.1       13
DAYS >= .10         4               4.5    -0.5        5
DAYS >= .50         1               0.5     0.5        2
DAYS >= 1.00        0               0.1    -0.1        0

SNOWFALL (INCHES)
TOTALS           11.1              13.2    -2.1     15.9
SINCE 7/1        16.8              22.2             17.3

DEGREE_DAYS
HEATING TOTAL    1093              1076      17     1035
 SINCE 7/1       1892              2294    -402     1977
COOLING TOTAL       0                 0       0        0
 SINCE 1/1       1619              1160     459     1444
.................................................................

WIND (MPH)
AVERAGE WIND SPEED              6.2
HIGHEST WIND SPEED/DIRECTION    39/300    DATE  12/16
HIGHEST GUST SPEED/DIRECTION    49/310    DATE  12/16


WEATHER CONDITIONS. NUMBER OF DAYS WITH
THUNDERSTORM              1     RAIN                       5
HAIL                      1     SNOW                       8
FOG                      19     FOG W/VIS <= 1/4 MILE      4
HAZE                     11

-  INDICATES NEGATIVE NUMBERS.
R  INDICATES RECORD WAS SET OR TIED.
MM INDICATES DATA IS MISSING.
T  INDICATES TRACE AMOUNT.

$$
