000
CXUS45 KSLC 012233
CLMSLC

SLCCLMSLC 000
TTAA00 KSLC 012230

CLIMATE REPORT
NATIONAL WEATHER SERVICE SALT LAKE CITY UT
430 PM MDT TUE NOV 1 2016

...................................

...THE SALT LAKE CITY UT CLIMATE SUMMARY FOR THE MONTH OF OCTOBER 2016...

CLIMATE NORMAL PERIOD 1981 TO 2010
CLIMATE RECORD PERIOD 1874 TO 2016

WEATHER         OBSERVED          NORMAL  DEPART  LAST YEAR`S
                 VALUE   DATE(S)  VALUE   FROM    VALUE  DATE(S)
                                          NORMAL
................................................................
TEMPERATURE (F)
RECORD
 HIGH              89   10/01/2010
                        10/03/1963
 LOW               16   10/30/1971
HIGHEST            81   10/02                         88  10/01
                        10/01
LOWEST             36   10/20                         37  10/30
AVG. MAXIMUM     69.6              64.7     4.9     70.8
AVG. MINIMUM     46.9              41.3     5.6     50.2
MEAN             58.3              53.0     5.3     60.5
DAYS MAX >= 90      0               0.0     0.0        0
DAYS MAX <= 32      0               0.0     0.0        0
DAYS MIN <= 32      0               2.5    -2.5        0
DAYS MIN <= 0       0               0.0     0.0        0

PRECIPITATION (INCHES)
TOTALS           0.90              1.52   -0.62     0.61
DAYS >= .01         9               7.1     1.9        6
DAYS >= .10         4               4.5    -0.5        3
DAYS >= .50         0               0.8    -0.8        0
DAYS >= 1.00        0               0.1    -0.1        0

SNOWFALL (INCHES)
TOTALS            0.0               1.4    -1.4      0.0
SINCE 7/1         0.0               1.4              0.0

DEGREE_DAYS
HEATING TOTAL     217               379    -162      158
 SINCE 7/1        269               468    -199      191
COOLING TOTAL      15                 7       8       24
 SINCE 1/1       1619              1160     459     1444
.................................................................

WIND (MPH)
AVERAGE WIND SPEED              8.8
HIGHEST WIND SPEED/DIRECTION    38/310    DATE  10/14
HIGHEST GUST SPEED/DIRECTION    50/310    DATE  10/14


WEATHER CONDITIONS. NUMBER OF DAYS WITH
THUNDERSTORM              5     RAIN                       9
HAIL                      0     SNOW                       0
FOG                       7     FOG W/VIS <= 1/4 MILE      0
HAZE                      6

-  INDICATES NEGATIVE NUMBERS.
R  INDICATES RECORD WAS SET OR TIED.
MM INDICATES DATA IS MISSING.
T  INDICATES TRACE AMOUNT.

$$
