000
CXUS56 KPQR 011606
CLMSLE


CLIMATE REPORT
NATIONAL WEATHER SERVICE PORTLAND OREGON
806 AM PST WED FEB 1 2017

...................................

...THE SALEM OR CLIMATE SUMMARY FOR THE MONTH OF JANUARY 2017...

CLIMATE NORMAL PERIOD 1981 TO 2010
CLIMATE RECORD PERIOD 1892 TO 2017

WEATHER         OBSERVED          NORMAL  DEPART  LAST YEAR`S
                 VALUE   DATE(S)  VALUE   FROM    VALUE  DATE(S)
                                          NORMAL
................................................................
TEMPERATURE (F)
HIGHEST            56                                 62  01/27
LOWEST             14                                 24  01/03
                                                          01/02
AVG. MAXIMUM     43.1              47.7    -4.6     49.0
AVG. MINIMUM     29.5              34.7    -5.2     37.7
MEAN             36.3              41.2    -4.9     43.3
DAYS MAX >= 90      0               0.0     0.0        0
DAYS MAX <= 32      2               0.3     1.7        1
DAYS MIN <= 32     18              11.1     6.9        7
DAYS MIN <= 0       0               0.0     0.0        0

PRECIPITATION (INCHES)
RECORD
 MAXIMUM        15.40   1953
 MINIMUM         0.24   1985
TOTALS           5.40              5.96   -0.56     7.82
DAYS >= .01        14              17.7    -3.7       25
DAYS >= .10        10              12.5    -2.5       19
DAYS >= .50         5               4.3     0.7        5
DAYS >= 1.00        0               1.0    -1.0        1
GREATEST
 24 HR. TOTAL    1.45   01/17 TO 01/18

DEGREE_DAYS
HEATING TOTAL     880               738     142      664
 SINCE 7/1       2550              2627     -77     2182
COOLING TOTAL       0                 0       0        0
 SINCE 1/1          0                 0       0        0
.................................................................

WIND (MPH)
AVERAGE WIND SPEED              6.2
RESULTANT WIND SPEED/DIRECTION   1/006
HIGHEST WIND SPEED/DIRECTION    36/190    DATE  01/18
HIGHEST GUST SPEED/DIRECTION    48/200    DATE  01/18

SKY COVER
POSSIBLE SUNSHINE (PERCENT)   MM
AVERAGE SKY COVER           0.60
NUMBER OF DAYS FAIR            8
NUMBER OF DAYS PC              9
NUMBER OF DAYS CLOUDY         14

AVERAGE RH (PERCENT)     75

WEATHER CONDITIONS. NUMBER OF DAYS WITH
THUNDERSTORM              0     MIXED PRECIP               0
HEAVY RAIN                0     RAIN                       7
LIGHT RAIN               11     FREEZING RAIN              0
LT FREEZING RAIN          2     HAIL                       0
HEAVY SNOW                0     SNOW                       2
LIGHT SNOW                7     SLEET                      0
FOG                      17     FOG W/VIS <= 1/4 MILE      3
HAZE                      4

-  INDICATES NEGATIVE NUMBERS.
R  INDICATES RECORD WAS SET OR TIED.
MM INDICATES DATA IS MISSING.
T  INDICATES TRACE AMOUNT.

$$
