000
CXUS56 KPQR 011631
CLMSLE


CLIMATE REPORT
NATIONAL WEATHER SERVICE PORTLAND OREGON
831 AM PST SUN MAR 1 2015

...................................

...THE SALEM OR CLIMATE SUMMARY FOR THE MONTH OF FEBRUARY 2015...

CLIMATE NORMAL PERIOD 1981 TO 2010
CLIMATE RECORD PERIOD 1892 TO 2015

WEATHER         OBSERVED          NORMAL  DEPART  LAST YEAR`S
                 VALUE   DATE(S)  VALUE   FROM    VALUE  DATE(S)
                                          NORMAL
................................................................
TEMPERATURE (F)
HIGHEST            66                                 61  02/28
LOWEST             28                                 20  02/07
AVG. MAXIMUM     57.1              51.6     5.5     48.3
AVG. MINIMUM     40.4              34.6     5.8     36.3
MEAN             48.8              43.1     5.7     42.3
DAYS MAX >= 90      0               0.0     0.0        0
DAYS MAX <= 32      0               0.2    -0.2        3
DAYS MIN <= 32      3              10.1    -7.1       10
DAYS MIN <= 0       0               0.0     0.0        0

PRECIPITATION (INCHES)
RECORD
 MAXIMUM        13.01   1996
 MINIMUM         0.34   1920
TOTALS           4.33              4.56   -0.23     7.01
DAYS >= .01        12              15.0    -3.0       20
DAYS >= .10         9              10.0    -1.0       16
DAYS >= .50         4               3.0     1.0        7
DAYS >= 1.00        0               0.7    -0.7        0
GREATEST
 24 HR. TOTAL    1.15   02/05 TO 02/06

DEGREE_DAYS
HEATING TOTAL     449               613    -164      628
 SINCE 7/1       2470              3240    -770     3286
COOLING TOTAL       0                 0       0        0
 SINCE 1/1          0                 0       0        0
.................................................................

WIND (MPH)
AVERAGE WIND SPEED              6.4
RESULTANT WIND SPEED/DIRECTION   1/159
HIGHEST WIND SPEED/DIRECTION    38/180    DATE  02/09
HIGHEST GUST SPEED/DIRECTION    54/180    DATE  02/09

SKY COVER
POSSIBLE SUNSHINE (PERCENT)   MM
AVERAGE SKY COVER           0.60
NUMBER OF DAYS FAIR            7
NUMBER OF DAYS PC             11
NUMBER OF DAYS CLOUDY         10

AVERAGE RH (PERCENT)     75

WEATHER CONDITIONS. NUMBER OF DAYS WITH
THUNDERSTORM              0     MIXED PRECIP               0
HEAVY RAIN                2     RAIN                       6
LIGHT RAIN               13     FREEZING RAIN              0
LT FREEZING RAIN          0     HAIL                       0
HEAVY SNOW                0     SNOW                       0
LIGHT SNOW                0     SLEET                      0
FOG                      17     FOG W/VIS <= 1/4 MILE      4
HAZE                      3

-  INDICATES NEGATIVE NUMBERS.
R  INDICATES RECORD WAS SET OR TIED.
MM INDICATES DATA IS MISSING.
T  INDICATES TRACE AMOUNT.

$$
