000
CXUS53 KICT 020201 AAA
CLMSLN

CLIMATE REPORT
NATIONAL WEATHER SERVICE WICHITA KS
900 PM CDT TUE JUL 1 2014

...................................

...THE SALINA KS CLIMATE SUMMARY FOR THE MONTH OF JUNE 2014...

CLIMATE NORMAL PERIOD 1981 TO 2010
CLIMATE RECORD PERIOD 1894 TO 2014

WEATHER         OBSERVED          NORMAL  DEPART  LAST YEAR`S
                 VALUE   DATE(S)  VALUE   FROM    VALUE  DATE(S)
                                          NORMAL
................................................................
TEMPERATURE (F)
RECORD
 HIGH             114   06/25/1911
 LOW               38   06/04/1897
HIGHEST            97   06/30                        107  06/27
LOWEST             53   06/13                         48  06/02
AVG. MAXIMUM     86.8              87.2    -0.4     90.0
AVG. MINIMUM     66.2              64.0     2.2     64.9
MEAN             76.5              75.6     0.9     77.5
DAYS MAX >= 90     11              11.4    -0.4       17
DAYS MAX <= 32      0               0.0     0.0        0
DAYS MIN <= 32      0               0.0     0.0        0
DAYS MIN <= 0       0               0.0     0.0        0

PRECIPITATION (INCHES)
RECORD
 MAXIMUM        13.62   1905
 MINIMUM           MM   MM
TOTALS           8.19              4.11    4.08     2.24
DAILY AVG.       0.27              0.14    0.13     0.07
DAYS >= .01        15              10.3     4.7        7
DAYS >= .10         9               6.6     2.4        4
DAYS >= .50         6               2.7     3.3        2
DAYS >= 1.00        2               1.3     0.7        1
GREATEST
 24 HR. TOTAL    2.44   06/09 TO 06/10

DEGREE_DAYS
HEATING TOTAL       1                 7      -6        7
 SINCE 7/1       5398              4871     527     4924
COOLING TOTAL     357               325      32      387
.................................................................

WIND (MPH)
AVERAGE WIND SPEED              12.1
HIGHEST WIND SPEED/DIRECTION    54/010    DATE  06/05
HIGHEST GUST SPEED/DIRECTION    66/030    DATE  06/05

SKY COVER
POSSIBLE SUNSHINE (PERCENT)   MM
AVERAGE SKY COVER           0.20
NUMBER OF DAYS FAIR           23
NUMBER OF DAYS PC              6
NUMBER OF DAYS CLOUDY          1

AVERAGE RH (PERCENT)     68

WEATHER CONDITIONS. NUMBER OF DAYS WITH
THUNDERSTORM              0     MIXED PRECIP               0
HEAVY RAIN                9     RAIN                      10
LIGHT RAIN               14     FREEZING RAIN              0
LT FREEZING RAIN          0     HAIL                       0
HEAVY SNOW                0     SNOW                       0
LIGHT SNOW                0     SLEET                      0
FOG                      20     FOG W/VIS <= 1/4 MILE      1
HAZE                      4

-  INDICATES NEGATIVE NUMBERS.
R  INDICATES RECORD WAS SET OR TIED.
MM INDICATES DATA IS MISSING.
T  INDICATES TRACE AMOUNT.

&&

...JUNE 2014 PROVED WET ACROSS THE REGION...

VERY DRY WEATHER FROM WINTER THROUGH ABOUT MID TO LATE MAY HAD
FOLKS ACROSS THE REGION FEARING THE WORST...THAT THE OFF-AND-ON
LONG-TERM DROUGHT THAT PLAGUED THE REGION SINCE 2011 WAS RE-
INTENSIFYING. HOWEVER...THOSE FEARS WERE THANKFULLY SQUELCHED...AS
PERIODIC BOUTS OF WIDESPREAD THUNDERSTORMS THAT BEGAN IN MID-LATE
MAY CONTINUED THROUGH JUNE. IN FACT...MUCH OF CENTRAL...SOUTH-
CENTRAL AND SOUTHEAST KANSAS RECORDED 7 TO 10 INCHES FOR THE MONTH
OF JUNE...WITH LOCALLY HIGHER AMOUNTS. BELOW ARE THE TOP JUNE
2014 RAINFALL AMOUNTS TALLIED ACROSS CENTRAL...SOUTH-CENTRAL AND
SOUTHEAST KANSAS:

STATION           JUNE PRECIPITATION (INCHES)
INDEPENDENCE                 11.93
STERLING                     10.81
WICHITA NWS                  10.64
LONGTON                      10.59
HAYSVILLE 3 SE               10.58
CLAFLIN                      10.56
WICHITA MID-CONTINENT        10.46
GALATIA 1 NW                 10.37
NEWTON 2 SW                  10.27
CASSODAY                     10.22

THE BELOW TABLE SHOWS JUNE RAINFALL AND DEPARTURE FROM NORMAL FOR
OUR THREE OFFICIAL CLIMATE SITES (WICHITA...SALINA AND CHANUTE):

STATION    JUNE PRECIPITATION    DEPARTURE FROM NORMAL
WICHITA          10.46                  +5.26
SALINA            8.19                  +4.08
CHANUTE           8.05                  +2.02

AND FINALLY...THE BELOW TABLE SHOWS THE TOP-TEN HISTORIC JUNE
RAINFALLS FOR WICHITA...SALINA AND CHANUTE. WICHITA IS TIED FOR
3RD...SALINA 10TH AND CHANUTE 16TH:

WICHITA (SINCE 1888)  SALINA (SINCE 1894)  CHANUTE (SINCE 1896)
    14.43  1923           13.62  1905          18.13  2007
    12.11  1928           12.49  1951          12.05  1942
   *10.46  2014,1957      12.39  1927          11.28  1951
    10.07  1951           10.04  1981          10.71  1957
     9.76  1948            9.97  1896          10.45  2008
     9.43  1894            9.85  1942          10.20  1935
     8.90  1995,1939       9.61  1899          10.17  1943
     8.69  1942            8.22  1967           9.70  1984
                           8.21  1908           9.68  1967
                          *8.19  2014           9.47  1916
                                               *8.05  2014 (16TH)

$$
