000
CXUS56 KPQR 011715
CLMSPB


CLIMATE REPORT
NATIONAL WEATHER SERVICE PORTLAND OREGON
1015 AM PDT SAT NOV 1 2014

...................................

...THE SCAPPOOSE OR CLIMATE SUMMARY FOR THE MONTH OF OCTOBER 2014...

CLIMATE NORMAL PERIOD 1981 TO 2010
CLIMATE RECORD PERIOD 9999 TO 9999

WEATHER         OBSERVED          NORMAL  DEPART  LAST YEAR`S
                 VALUE   DATE(S)  VALUE   FROM    VALUE  DATE(S)
                                          NORMAL
................................................................
TEMPERATURE (F)
HIGHEST            87                                 72  10/18
                                                          10/06
LOWEST             40                                 30  10/30
                                                          10/29
AVG. MAXIMUM     67.4              63.2     4.2     63.1
AVG. MINIMUM     48.2              41.0     7.2     39.5
MEAN             57.8              52.1     5.7     51.3
DAYS MAX >= 90      0               0.0     0.0        0
DAYS MAX <= 32      0               0.0     0.0        0
DAYS MIN <= 32      0               2.1    -2.1        2
DAYS MIN <= 0       0               0.0     0.0        0

PRECIPITATION (INCHES)
RECORD
 MAXIMUM           MM   MM
 MINIMUM           MM   MM
TOTALS           6.51              3.03    3.48     0.86
DAYS >= .01        18                MM      MM        9
DAYS >= .10        13                MM      MM        2
DAYS >= .50         6                MM      MM        0
DAYS >= 1.00        0                MM      MM        0
GREATEST
 24 HR. TOTAL    1.42   10/14 TO 10/15

DEGREE_DAYS
HEATING TOTAL     229               400    -171      418
 SINCE 7/1        285               606    -321      570
COOLING TOTAL      12                 1      11        0
 SINCE 1/1        470               251     219      396
.................................................................

WIND (MPH)
AVERAGE WIND SPEED              3.2
RESULTANT WIND SPEED/DIRECTION   1/164
HIGHEST WIND SPEED/DIRECTION    24/180    DATE  10/25
HIGHEST GUST SPEED/DIRECTION    42/170    DATE  10/25

SKY COVER
POSSIBLE SUNSHINE (PERCENT)   MM
AVERAGE SKY COVER           0.50

AVERAGE RH (PERCENT)     81

WEATHER CONDITIONS. NUMBER OF DAYS WITH
THUNDERSTORM              0     MIXED PRECIP               0
HEAVY RAIN                4     RAIN                      11
LIGHT RAIN               19     FREEZING RAIN              0
LT FREEZING RAIN          0     HAIL                       0
HEAVY SNOW                0     SNOW                       0
LIGHT SNOW                0     SLEET                      0
FOG                      26     FOG W/VIS <= 1/4 MILE      9
HAZE                      2

-  INDICATES NEGATIVE NUMBERS.
R  INDICATES RECORD WAS SET OR TIED.
MM INDICATES DATA IS MISSING.
T  INDICATES TRACE AMOUNT.

$$
