000
CXUS56 KPQR 011734
CLMSPB


CLIMATE REPORT
NATIONAL WEATHER SERVICE PORTLAND OREGON
934 AM PST SUN FEB 1 2015

...................................

...THE SCAPPOOSE OR CLIMATE SUMMARY FOR THE MONTH OF JANUARY 2015...

CLIMATE NORMAL PERIOD 1981 TO 2010
CLIMATE RECORD PERIOD 9999 TO 9999

WEATHER         OBSERVED          NORMAL  DEPART  LAST YEAR`S
                 VALUE   DATE(S)  VALUE   FROM    VALUE  DATE(S)
                                          NORMAL
................................................................
TEMPERATURE (F)
HIGHEST            60                                 56  01/23
                                                          01/13
                                                          01/11
LOWEST             20R                                21  01/05
AVG. MAXIMUM     49.1              46.9     2.2     48.1
AVG. MINIMUM     34.4              33.1     1.3     32.9
MEAN             41.7              40.0     1.7     40.5
DAYS MAX >= 90      0               0.0     0.0        0
DAYS MAX <= 32      0               0.3    -0.3        0
DAYS MIN <= 32     10              13.5    -3.5       14
DAYS MIN <= 0       0               0.0     0.0        0

PRECIPITATION (INCHES)
RECORD
 MAXIMUM           MM   MM
 MINIMUM           MM   MM
TOTALS           3.54              6.62   -3.08     2.65
DAYS >= .01        12                MM      MM       14
DAYS >= .10         4                MM      MM        8
DAYS >= .50         3                MM      MM        1
DAYS >= 1.00        1                MM      MM        0
GREATEST
 24 HR. TOTAL    1.67   01/17 TO 01/18

DEGREE_DAYS
HEATING TOTAL     717               775     -58      754
 SINCE 7/1       2308              2826    -518     2890
COOLING TOTAL       0                 0       0        0
 SINCE 1/1          0                 0       0        0
.................................................................

WIND (MPH)
AVERAGE WIND SPEED              1.7
RESULTANT WIND SPEED/DIRECTION   1/199
HIGHEST WIND SPEED/DIRECTION    18/250    DATE  01/18
HIGHEST GUST SPEED/DIRECTION    28/270    DATE  01/18

SKY COVER
POSSIBLE SUNSHINE (PERCENT)   MM
AVERAGE SKY COVER           0.70

AVERAGE RH (PERCENT)     86

WEATHER CONDITIONS. NUMBER OF DAYS WITH
THUNDERSTORM              0     MIXED PRECIP               0
HEAVY RAIN                1     RAIN                       3
LIGHT RAIN               12     FREEZING RAIN              0
LT FREEZING RAIN          0     HAIL                       0
HEAVY SNOW                0     SNOW                       0
LIGHT SNOW                0     SLEET                      0
FOG                      26     FOG W/VIS <= 1/4 MILE     19
HAZE                      1

-  INDICATES NEGATIVE NUMBERS.
R  INDICATES RECORD WAS SET OR TIED.
MM INDICATES DATA IS MISSING.
T  INDICATES TRACE AMOUNT.

$$
