000
CXUS54 KOUN 011233
CLMSPS

CLIMATE REPORT
NATIONAL WEATHER SERVICE NORMAN OK
622 AM CST WED FEB 1 2017

...................................

...THE WICHITA FALLS CLIMATE SUMMARY FOR THE MONTH OF JANUARY 2017...

CLIMATE NORMAL PERIOD 1981 TO 2010
CLIMATE RECORD PERIOD 1897 TO 2017

WEATHER         OBSERVED          NORMAL  DEPART  LAST YEAR`S
                 VALUE   DATE(S)  VALUE   FROM    VALUE  DATE(S)
                                          NORMAL
................................................................
TEMPERATURE (F)
RECORD
 HIGH              87   01/08/1969
                        01/23/1943
 LOW              -12   01/04/1947
HIGHEST            82                76       6       82  01/30
LOWEST              6                13      -7       19  01/18
                                                          01/10
AVG. MAXIMUM     58.1              54.2     3.9     55.1
AVG. MINIMUM     32.1              29.8     2.3     30.3
MEAN             45.1              42.0     3.1     42.7
DAYS MAX >= 90      0               0.0     0.0        0
DAYS MAX <= 32      2               1.4     0.6        0
DAYS MIN <= 32     16              18.9    -2.9       20
DAYS MIN <= 0       0               0.0     0.0        0

PRECIPITATION (INCHES)
RECORD
 MAXIMUM         4.48   1968
 MINIMUM         0.00   1914
                        1986
TOTALS           1.87              1.14    0.73     0.43
DAILY AVG.       0.06              0.04    0.02     0.01
DAYS >= .01         5               4.8     0.2        3
DAYS >= .10         3               2.3     0.7        2
DAYS >= .50         1               0.8     0.2        0
DAYS >= 1.00        1               0.2     0.8        0
GREATEST
 24 HR. TOTAL    1.36   01/15 TO 01/16

SNOWFALL (INCHES)
TOTALS              T               1.4    -1.4
SINCE 7/1           T               2.7    -2.7

DEGREE_DAYS
HEATING TOTAL     609               713    -104
 SINCE 7/1       1528              1910    -382
.................................................................

WIND (MPH)
AVERAGE WIND SPEED              11.8
HIGHEST WIND SPEED/DIRECTION    35/330    DATE  01/22
HIGHEST GUST SPEED/DIRECTION    47/300    DATE  01/15


WEATHER CONDITIONS. NUMBER OF DAYS WITH
THUNDERSTORM              0     MIXED PRECIP               0
HEAVY RAIN                1     RAIN                       3
LIGHT RAIN                7     FREEZING RAIN              0
LT FREEZING RAIN          1     HAIL                       0
HEAVY SNOW                0     SNOW                       0
LIGHT SNOW                1     SLEET                      0
FOG                       8     FOG W/VIS <= 1/4 MILE      2
HAZE                      7

-  INDICATES NEGATIVE NUMBERS.
R  INDICATES RECORD WAS SET OR TIED.
MM INDICATES DATA IS MISSING.
T  INDICATES TRACE AMOUNT.
...............................................................
RECORDS/REMARKS

NEW RECORD MIN TEMP OF 6 DEGREES SET ON THE 7TH.
NEW RECORD MAX TEMP OF 82 DEGREES SET ON THE 11TH.
NEW RECORD DAILY RAINFALL OF 1.34 INCHES SET ON THE 15TH.
THE TOTAL PRECIPITATION FOR THE YEAR 2017 IS 1.87 INCHES.

$$
