000
CXUS54 KBMX 011622
CLMTCL


CLIMATE REPORT
NATIONAL WEATHER SERVICE BIRMINGHAM, AL
1022 AM CST SUN JAN 1 2017

...................................

...THE TUSCALOOSA CLIMATE SUMMARY FOR THE MONTH OF DECEMBER 2016...

CLIMATE NORMAL PERIOD 1981 TO 2010
CLIMATE RECORD PERIOD 1948 TO 2016

WEATHER         OBSERVED          NORMAL  DEPART  LAST YEAR`S
                 VALUE   DATE(S)  VALUE   FROM    VALUE  DATE(S)
                                          NORMAL
................................................................
TEMPERATURE (F)
RECORD
 HIGH              82   12/03/1978
 LOW                2   12/23/1989
HIGHEST            80   12/25        MM      MM       80  12/25
LOWEST             24   12/10        MM      MM       26  12/19
AVG. MAXIMUM     61.3              57.7     3.6     66.4
AVG. MINIMUM     41.2              36.2     5.0     46.2
MEAN             51.3                               56.3
DAYS MAX >= 90      0               0.0     0.0        0
DAYS MAX <= 32      0               0.3    -0.3        0
DAYS MIN <= 32      7              12.6    -5.6        5
DAYS MIN <= 0       0               0.0     0.0        0

PRECIPITATION (INCHES)
RECORD
 MAXIMUM        11.05   1983
 MINIMUM         0.69   1980
TOTALS           2.91              4.62   -1.71     8.27
DAILY AVG.       0.09              0.15   -0.06
DAYS >= .01        11              10.3     0.7
DAYS >= .10         7               6.8     0.2
DAYS >= .50         1               3.4    -2.4
DAYS >= 1.00        1               1.2    -0.2

DEGREE_DAYS
HEATING TOTAL     355               564    -209      297
 SINCE 7/1        614              1001    -387      560
.................................................................

WIND (MPH)
AVERAGE WIND SPEED              6.1
HIGHEST WIND SPEED/DIRECTION    22/320    DATE  12/29
HIGHEST GUST SPEED/DIRECTION    31/310    DATE  12/29

AVERAGE RH (PERCENT)     72

WEATHER CONDITIONS. NUMBER OF DAYS WITH
THUNDERSTORM              0     MIXED PRECIP               0
HEAVY RAIN                3     RAIN                       6
LIGHT RAIN               10     FREEZING RAIN              0
LT FREEZING RAIN          0     HAIL                       0
HEAVY SNOW                0     SNOW                       0
LIGHT SNOW                0     SLEET                      0
FOG                      17     FOG W/VIS <= 1/4 MILE      1
HAZE                      2

-  INDICATES NEGATIVE NUMBERS.
R  INDICATES RECORD WAS SET OR TIED.
MM INDICATES DATA IS MISSING.
T  INDICATES TRACE AMOUNT.

$$
