000
CXUS52 KTAE 020423
CLMTLH

CLIMATE REPORT
NATIONAL WEATHER SERVICE TALLAHASSEE FL
1123 PM EST WED FEB 1 2017

...................................

...THE TALLAHASSEE CLIMATE SUMMARY FOR THE MONTH OF JANUARY 2017...

CLIMATE NORMAL PERIOD 1981 TO 2010
CLIMATE RECORD PERIOD 1896 TO 2017

WEATHER         OBSERVED          NORMAL  DEPART  LAST YEAR`S
                 VALUE   DATE(S)  VALUE   FROM    VALUE  DATE(S)
                                          NORMAL
................................................................
TEMPERATURE (F)
RECORD
 HIGH              83   01/30/1957
                        01/15/1957
                        01/14/1932
 LOW                6   01/21/1985
HIGHEST            80   01/18                         77  01/27
                        01/13
                        01/03
LOWEST             23   01/09                         26  01/24
                                                          01/20
AVG. MAXIMUM     70.2              63.5     6.7     62.9
AVG. MINIMUM     45.7              39.0     6.7     40.2
MEAN             57.9              51.2     6.7     51.5
DAYS MAX >= 90      0               0.0     0.0        0
DAYS MAX <= 32      0               0.0     0.0        0
DAYS MIN <= 32      4               9.8    -5.8        7
DAYS MIN <= 0       0               0.0     0.0        0

PRECIPITATION (INCHES)
RECORD
 MAXIMUM        18.94   1991
 MINIMUM         0.21   1957
TOTALS           7.21              4.34    2.87     4.25
DAILY AVG.       0.23              0.14    0.09     0.14
DAYS >= .01         9               8.9     0.1       10
DAYS >= .10         8               6.1     1.9        6
DAYS >= .50         4               2.8     1.2        4
DAYS >= 1.00        2               1.2     0.8        1
GREATEST
 24 HR. TOTAL    3.05   01/02 TO 01/03

SNOWFALL (INCHES)
RECORDS
 TOTAL              T   2014
                        1996
TOTALS            0.0
SINCE 7/1         0.0               0.1    -0.1      0.0
SNOWDEPTH AVG.      0
DAYS >= 1.0         0               0.0     0.0        0
GREATEST
 SNOW DEPTH         0
 24 HR TOTAL      0.0

DEGREE_DAYS
HEATING TOTAL     239               431    -192      408
 SINCE 7/1        543              1046    -503      552
COOLING TOTAL      30                 5      25        0
 SINCE 1/1         30                 0      30        0
.................................................................

WIND (MPH)
AVERAGE WIND SPEED              6.3
HIGHEST WIND SPEED/DIRECTION    36/200    DATE  01/22
HIGHEST GUST SPEED/DIRECTION    47/210    DATE  01/22

SKY COVER
AVERAGE SKY COVER           0.50

AVERAGE RH (PERCENT)     73

WEATHER CONDITIONS. NUMBER OF DAYS WITH
THUNDERSTORM              0     MIXED PRECIP               0
HEAVY RAIN                8     RAIN                       8
LIGHT RAIN                9     FREEZING RAIN              0
LT FREEZING RAIN          0     HAIL                       0
HEAVY SNOW                0     SNOW                       0
LIGHT SNOW                0     SLEET                      0
FOG                      22     FOG W/VIS <= 1/4 MILE      6
HAZE                      1

-  INDICATES NEGATIVE NUMBERS.
R  INDICATES RECORD WAS SET OR TIED.
MM INDICATES DATA IS MISSING.
T  INDICATES TRACE AMOUNT.

$$
