000
CXUS52 KTBW 021350
CLMTPA


CLIMATE REPORT
NATIONAL WEATHER SERVICE TAMPA BAY FL
950 AM EDT SAT JUL 2 2016

...................................

...THE TAMPA CLIMATE SUMMARY FOR THE MONTH OF JUNE 2016...

...TIED FOR 8TH WARMEST JUNE SINCE RECORDS BEGAN IN 1890...

CLIMATE NORMAL PERIOD 1981 TO 2010
CLIMATE RECORD PERIOD 1890 TO 2016

WEATHER         OBSERVED          NORMAL  DEPART  LAST YEAR`S
                 VALUE   DATE(S)  VALUE   FROM    VALUE  DATE(S)
                                          NORMAL
................................................................
TEMPERATURE (F)
ALL-TIME JUNE RECORD
 HIGH              99   06/05/1985
 LOW               53   06/01/1984

JUNE 2016
HIGHEST            95   06/04        MM      MM       95  06/15
LOWEST             66   06/21        MM      MM       70  06/03
AVG. MAXIMUM     89.8              89.6     0.2     90.2
AVG. MINIMUM     76.4              74.8     1.6     75.5
MEAN             83.1              82.2     0.9     82.8
DAYS MAX >= 90     19              14.4     4.6       19
DAYS MAX <= 32      0               0.0     0.0        0
DAYS MIN <= 32      0               0.0     0.0        0
DAYS MIN <= 0       0               0.0     0.0        0

PRECIPITATION (INCHES)
ALL-TIME JUNE RECORD
 MAXIMUM        18.66   2012
 MINIMUM         1.26   1918

JUNE 2016
TOTALS          11.48              6.68    4.80     6.23
DAILY AVG.       0.38              0.22    0.16     0.21
DAYS >= .01        18              12.7     5.3       18
DAYS >= .10        13               9.2     3.8       12
DAYS >= .50         8               4.2     3.8        3
DAYS >= 1.00        4               2.2     1.8        1
GREATEST
 24 HR. TOTAL    5.23   06/06 TO 06/07

DEGREE_DAYS
HEATING TOTAL       0                 0       0        0
 SINCE 7/1        323               538    -215      467
COOLING TOTAL     551               516      35      543
 SINCE 1/1       1571              1393     178     1764
.................................................................

WIND (MPH)
AVERAGE WIND SPEED              6.4
HIGHEST WIND SPEED/DIRECTION    38/180    DATE  06/06
HIGHEST GUST SPEED/DIRECTION    52/170    DATE  06/06

SKY COVER
POSSIBLE SUNSHINE (PERCENT)   MM
AVERAGE SKY COVER           0.50
NUMBER OF DAYS FAIR            3
NUMBER OF DAYS PC             22
NUMBER OF DAYS CLOUDY          5

AVERAGE RH (PERCENT)     73

WEATHER CONDITIONS. NUMBER OF DAYS WITH
THUNDERSTORM             17     MIXED PRECIP               0
HEAVY RAIN                8     RAIN                      11
LIGHT RAIN               21     FREEZING RAIN              0
LT FREEZING RAIN          0     HAIL                       0
HEAVY SNOW                0     SNOW                       0
LIGHT SNOW                0     SLEET                      0
FOG                      15     FOG W/VIS <= 1/4 MILE      0
HAZE                      9
.................................................................

REMARKS
THE JUNE 2016 MONTHLY AVERAGE TEMPERATURE OF 83.1 DEGREES TIES
WITH 1952 AND 1944 AS THE 8TH WARMEST JUNE SINCE RECORDS BEGAN IN
1890. THE WARMEST JUNE HAD AN AVERAGE TEMPERATURE OF 85.6 DEGREES
WHICH OCCURRED IN 1998.

THE JUNE 2016 MONTHLY RAINFALL TOTAL OF 11.48 INCHES RANKS AS THE
14TH WETTEST JUNE SINCE RECORDS BEGAN IN 1890.


-  INDICATES NEGATIVE NUMBERS.
R  INDICATES RECORD WAS SET OR TIED.
MM INDICATES DATA IS MISSING.
T  INDICATES TRACE AMOUNT.

$$
