000
CXUS54 KMRX 041713
CLMTRI

CLIMATE REPORT
NATIONAL WEATHER SERVICE MORRISTOWN TN
113 PM EDT TUE JUL 4 2017

...................................

...THE TRI-CITIES CLIMATE SUMMARY FOR THE MONTH OF JUNE 2017...

CLIMATE NORMAL PERIOD 1981 TO 2010
CLIMATE RECORD PERIOD 1934 TO 2017

WEATHER         OBSERVED          NORMAL  DEPART
                 VALUE   DATE(S)  VALUE   FROM
                                          NORMAL
................................................
TEMPERATURE (F)
HIGHEST            89   06/29
                        06/23
                        06/18
LOWEST             49   06/28
                        06/07
AVG. MAXIMUM     82.9              83.0    -0.1
AVG. MINIMUM     59.2              60.0    -0.8
MEAN             71.1              71.5    -0.4
DAYS MAX >= 90      0
DAYS MAX <= 32      0
DAYS MIN <= 32      0
DAYS MIN <= 0       0

PRECIPITATION (INCHES)
RECORD
 MAXIMUM         8.37   2013
 MINIMUM         0.75   1986
TOTALS           2.06              3.90   -1.84
DAYS >= .01         8
DAYS >= .10         5
DAYS >= .50         1
DAYS >= 1.00        0
GREATEST
 24 HR. TOTAL    0.63   06/05 TO 06/05

SNOWFALL (INCHES)
TOTALS            0.0               0.0     0.0
SINCE 7/1         4.3
SNOWDEPTH AVG.      0
DAYS >= TRACE       0
GREATEST
 SNOW DEPTH         0   MM

DEGREE_DAYS
HEATING TOTAL       2                11      -9
 SINCE 7/1       3313              4374   -1061
COOLING TOTAL     192               206     -14
 SINCE 1/1        312               279      33
.................................................



-  INDICATES NEGATIVE NUMBERS.
R  INDICATES RECORD WAS SET OR TIED.
MM INDICATES DATA IS MISSING.
T  INDICATES TRACE AMOUNT.

$$
