000
CXUS56 KPQR 011742
CLMTTD


CLIMATE REPORT
NATIONAL WEATHER SERVICE PORTLAND OREGON
1042 AM PDT WED JUL 1 2015

...................................

...THE TROUTDALE OR CLIMATE SUMMARY FOR THE MONTH OF JUNE 2015...

CLIMATE NORMAL PERIOD 1981 TO 2010
CLIMATE RECORD PERIOD 1948 TO 2015

WEATHER         OBSERVED          NORMAL  DEPART  LAST YEAR`S
                 VALUE   DATE(S)  VALUE   FROM    VALUE  DATE(S)
                                          NORMAL
................................................................
TEMPERATURE (F)
HIGHEST            98                                 86  06/30
LOWEST             46                                 46  06/06
AVG. MAXIMUM     83.4              74.2     9.2     73.4
AVG. MINIMUM     55.7              50.6     5.1     53.3
MEAN             69.5              62.4     7.1     63.3
DAYS MAX >= 90      9               1.6     7.4        0
DAYS MAX <= 32      0               0.0     0.0        0
DAYS MIN <= 32      0               0.0     0.0        0
DAYS MIN <= 0       0               0.0     0.0        0

PRECIPITATION (INCHES)
RECORD
 MAXIMUM           MM   MM
 MINIMUM           MM   MM
TOTALS           0.63              2.42   -1.79     2.21
DAYS >= .01         3               9.1    -6.1        9
DAYS >= .10         2               6.5    -4.5        6
DAYS >= .50         0               1.3    -1.3        1
DAYS >= 1.00        0               0.5    -0.5        0
GREATEST
 24 HR. TOTAL    0.43   06/01 TO 06/01
                        05/31 TO 06/01
                        06/01 TO 06/01

DEGREE_DAYS
HEATING TOTAL      20               120    -100       63
 SINCE 7/1       3371              4642   -1271     4217
COOLING TOTAL     164                42     122       20
 SINCE 1/1        183                59               53
.................................................................

WIND (MPH)
AVERAGE WIND SPEED              3.7
RESULTANT WIND SPEED/DIRECTION   0/103
HIGHEST WIND SPEED/DIRECTION    30/110    DATE  06/01
HIGHEST GUST SPEED/DIRECTION    23/310    DATE  06/18

SKY COVER
POSSIBLE SUNSHINE (PERCENT)   MM
AVERAGE SKY COVER           0.20
NUMBER OF DAYS FAIR           25
NUMBER OF DAYS PC              3
NUMBER OF DAYS CLOUDY          2

AVERAGE RH (PERCENT)     57

WEATHER CONDITIONS. NUMBER OF DAYS WITH
THUNDERSTORM              0     MIXED PRECIP               0
HEAVY RAIN                0     RAIN                       1
LIGHT RAIN                4     FREEZING RAIN              0
LT FREEZING RAIN          0     HAIL                       0
HEAVY SNOW                0     SNOW                       0
LIGHT SNOW                0     SLEET                      0
FOG                       2     FOG W/VIS <= 1/4 MILE      0
HAZE                      1

-  INDICATES NEGATIVE NUMBERS.
R  INDICATES RECORD WAS SET OR TIED.
MM INDICATES DATA IS MISSING.
T  INDICATES TRACE AMOUNT.

$$
