000
CXUS51 KPHI 011805
CLMTTN


CLIMATE REPORT
NATIONAL WEATHER SERVICE MOUNT HOLLY NJ
154 PM EDT SAT APR 1 2017

...................................

...THE TRENTON NJ CLIMATE SUMMARY FOR THE MONTH OF MARCH 2017...

CLIMATE NORMAL PERIOD 1981 TO 2010
CLIMATE RECORD PERIOD 1865 TO 2017

WEATHER         OBSERVED          NORMAL  DEPART  LAST YEAR`S
                 VALUE   DATE(S)  VALUE   FROM    VALUE
                                          NORMAL
.............................................................
TEMPERATURE (F)
RECORD
 HIGH              87   03/30/1998
 LOW                1   03/10/1984
                        03/04/1868
HIGHEST            73                MM      MM       81
LOWEST             13                MM      MM       24
AVG. MAXIMUM     48.1              50.9    -2.8     58.6
AVG. MINIMUM     30.6              31.9    -1.3     37.5
MEAN             39.4              41.4    -2.0     48.0
DAYS MAX >= 90      0               0.0     0.0        0
DAYS MAX <= 32      3               1.0     2.0        0
DAYS MIN <= 32     17              15.6     1.4        9
DAYS MIN <= 0       0               0.0     0.0        0

PRECIPITATION (INCHES)
RECORD
 MAXIMUM         8.86   1899
 MINIMUM         0.83   1927
TOTALS           4.61              4.14    0.47     1.62
DAILY AVG.       0.15              0.13    0.02     0.05
DAYS >= .01        11                MM      MM        7
DAYS >= .10         7                MM      MM        3
DAYS >= .50         3                MM      MM        1
DAYS >= 1.00        3                MM      MM        0
GREATEST
 24 HR. TOTAL    1.35   03/31 TO 03/31              0.85

DEGREE_DAYS
HEATING TOTAL     788               732      56      521
 SINCE 7/1       4007              4546    -539     3615
COOLING TOTAL       0                 0       0        3
 SINCE 1/1          0                 0       0        3
..............................................................

WIND (MPH)
AVERAGE WIND SPEED              9.7
HIGHEST WIND SPEED/DIRECTION    33/350    DATE  03/22
HIGHEST GUST SPEED/DIRECTION    50/290    DATE  03/02

SKY COVER
POSSIBLE SUNSHINE (PERCENT)   MM
AVERAGE SKY COVER           0.50
NUMBER OF DAYS FAIR           15
NUMBER OF DAYS PC              7
NUMBER OF DAYS CLOUDY          9

AVERAGE RH (PERCENT)     59

WEATHER CONDITIONS. NUMBER OF DAYS WITH
THUNDERSTORM              0     MIXED PRECIP               0
HEAVY RAIN                3     RAIN                       4
LIGHT RAIN               13     FREEZING RAIN              1
LT FREEZING RAIN          0     HEAVY SNOW                 1
SNOW                      2     LIGHT SNOW                 5
SLEET                     1     FOG                       12
FOG W/VIS <= 1/4 MILE     4     HAZE                       3

-  INDICATES NEGATIVE NUMBERS.
R  INDICATES RECORD WAS SET OR TIED.
MM INDICATES DATA IS MISSING.
T  INDICATES TRACE AMOUNT.

$$
