000
CXUS54 KTSA 011904
CLMTUL

CLIMATE REPORT
NATIONAL WEATHER SERVICE TULSA OK
447 AM CST FRI DEC 1 2017

...................................

...THE TULSA OKLAHOMA CLIMATE SUMMARY FOR THE MONTH OF NOVEMBER
2017...

CLIMATE NORMAL PERIOD 1981 TO 2010 CLIMATE RECORD PERIOD 1882 TO 2017

WEATHER         OBSERVED          NORMAL  DEPART  LAST YEAR`S
                 VALUE   DATE(S)  VALUE   FROM    VALUE  DATE(S)
                                          NORMAL
................................................................
TEMPERATURE (F)
RECORD
 HIGH              89   11/02/1909
 LOW               10   11/29/1976
HIGHEST            83   11/17        60      23       85  11/02
                        11/02
LOWEST             25   11/22        39     -14       28  11/26
AVG. MAXIMUM     65.1              60.9     4.2     67.7
AVG. MINIMUM     42.3              39.6     2.7     44.7
MEAN             53.7              50.3     3.4     56.2
DAYS MAX >= 90      0               0.0     0.0        0
DAYS MAX <= 32      0               0.2    -0.2        0
DAYS MIN <= 32      5               7.1    -2.1        6
DAYS MIN <= 0       0               0.0     0.0        0

PRECIPITATION (INCHES)
RECORD
 MAXIMUM         8.29   1931
 MINIMUM            T   1910
TOTALS           0.64              2.81   -2.17     1.88
DAILY AVG.       0.02              0.09   -0.07     0.06
DAYS >= .01         4               6.8    -2.8        4
DAYS >= .10         1               4.3    -3.3        3
DAYS >= .50         1               1.9    -0.9        1
DAYS >= 1.00        0               0.8    -0.8        1
GREATEST
 24 HR. TOTAL    0.60   11/29 TO 11/29

SNOWFALL (INCHES)
RECORDS
 TOTAL           10.5   2006
TOTALS            0.0               0.7    -0.7      0.0
SINCE 7/1         0.0               0.7    -0.7      0.0
SNOWDEPTH AVG.      0                MM      MM        0
DAYS >= 1.0         0               0.1    -0.1        0
GREATEST
 SNOW DEPTH         0   MM                             0  MM
 24 HR TOTAL      0.0   11/30 TO 11/30

DEGREE_DAYS
HEATING TOTAL     343               450    -107      289
 SINCE 7/1        502               636    -134      339
.................................................................

WIND (MPH)
AVERAGE WIND SPEED              9.3
HIGHEST WIND SPEED/DIRECTION    36/340    DATE  11/18
HIGHEST GUST SPEED/DIRECTION    42/350    DATE  11/18

SKY COVER
POSSIBLE SUNSHINE (PERCENT)   MM
AVERAGE SKY COVER           0.60
NUMBER OF DAYS FAIR            5
NUMBER OF DAYS PC             15
NUMBER OF DAYS CLOUDY         10

AVERAGE RH (PERCENT)     65

WEATHER CONDITIONS. NUMBER OF DAYS WITH
THUNDERSTORM              1     MIXED PRECIP               0
HEAVY RAIN                1     RAIN                       1
LIGHT RAIN                9     FREEZING RAIN              0
LT FREEZING RAIN          0     HAIL                       0
HEAVY SNOW                0     SNOW                       0
LIGHT SNOW                0     SLEET                      0
FOG                       9     FOG W/VIS <= 1/4 MILE      0
HAZE                      4

-  INDICATES NEGATIVE NUMBERS.
R  INDICATES RECORD WAS SET OR TIED.
MM INDICATES DATA IS MISSING.
T  INDICATES TRACE AMOUNT.

&&
-------------------------------------------------------------------
 YEARLY PRECIPITATION (INCHES):
 TOTAL.....................44.60
 DEPARTURE FROM NORMAL.....+6.12
$$
