000
CXUS54 KMEG 031434
CLMTUP


CLIMATE REPORT
NATIONAL WEATHER SERVICE MEMPHIS TN
833 AM CST TUE MAR 3 2015

...................................

...THE TUPELO CLIMATE SUMMARY FOR THE MONTH OF FEBRUARY 2015...

CLIMATE NORMAL PERIOD 1981 TO 2010
CLIMATE RECORD PERIOD 1930 TO 2015

WEATHER         OBSERVED          NORMAL  DEPART  LAST YEAR`S
                 VALUE   DATE(S)  VALUE   FROM    VALUE  DATE(S)
                                          NORMAL
................................................................
TEMPERATURE (F)
RECORD
 HIGH              84   02/23/1996
 LOW               -3   02/01/1936
HIGHEST            68   02/08        55      13       77  02/20
LOWEST             13   02/19        34     -21       19  02/27
AVG. MAXIMUM     46.7              56.6    -9.9     52.8
AVG. MINIMUM     27.1              35.3    -8.2     32.2
MEAN             36.9              45.9    -9.0     42.5
DAYS MAX >= 90      0               0.0     0.0        0
DAYS MAX <= 32      1               0.5     0.5        2
DAYS MIN <= 32     23              10.9    12.1       15
DAYS MIN <= 0       0               0.0     0.0        0

PRECIPITATION (INCHES)
RECORD
 MAXIMUM        10.91   1948
 MINIMUM         1.20   1978
TOTALS           4.92              4.96   -0.04     4.32
DAILY AVG.       0.18              0.18    0.00     0.15
DAYS >= .01         7              10.1    -3.1       13
DAYS >= .10         6               6.8    -0.8        6
DAYS >= .50         3               3.4    -0.4        2
DAYS >= 1.00        1               1.6    -0.6        2
GREATEST
 24 HR. TOTAL    2.46   02/20 TO 02/21

SNOWFALL (INCHES)
RECORDS
 TOTAL            5.3   1985
TOTALS            7.3R              0.6     6.7      0.5
SINCE 7/1         7.3               1.8     5.5      0.5
SNOWDEPTH AVG.      0                MM      MM        0
DAYS >= 1.0         1               0.3     0.7        0
GREATEST
 SNOW DEPTH         7R  02/26                          1  02/11
 24 HR TOTAL      7.3R  MM

DEGREE_DAYS
HEATING TOTAL     781               535     246      623
 SINCE 7/1       2718              2431     287     2830
COOLING TOTAL       0                 1      -1        0
 SINCE 1/1          0                 2      -2        0
.................................................................

WIND (MPH)
AVERAGE WIND SPEED              8.9
HIGHEST WIND SPEED/DIRECTION    31/040    DATE  02/14
HIGHEST GUST SPEED/DIRECTION    37/200    DATE  02/21

SKY COVER
POSSIBLE SUNSHINE (PERCENT)   MM
AVERAGE SKY COVER           0.50
NUMBER OF DAYS FAIR           11
NUMBER OF DAYS PC             10
NUMBER OF DAYS CLOUDY          7

AVERAGE RH (PERCENT)     61

WEATHER CONDITIONS. NUMBER OF DAYS WITH
THUNDERSTORM              0     MIXED PRECIP               0
HEAVY RAIN                2     RAIN                       3
LIGHT RAIN                6     FREEZING RAIN              2
LT FREEZING RAIN          3     HAIL                       0
HEAVY SNOW                1     SNOW                       1
LIGHT SNOW                3     SLEET                      0
FOG                       9     FOG W/VIS <= 1/4 MILE      2
HAZE                      1

-  INDICATES NEGATIVE NUMBERS.
R  INDICATES RECORD WAS SET OR TIED.
MM INDICATES DATA IS MISSING.
T  INDICATES TRACE AMOUNT.

$$
