000
CXUS55 KTWC 011651
CLMTUS

CLIMATE REPORT
NATIONAL WEATHER SERVICE TUCSON AZ
949 AM MST WED FEB 1 2017

...................................

...THE TUCSON AZ CLIMATE SUMMARY FOR THE MONTH OF JANUARY 2017...

CLIMATE NORMAL PERIOD 1981 TO 2010
CLIMATE RECORD PERIOD 1895 TO 2017

WEATHER         OBSERVED          NORMAL  DEPART  LAST YEAR`S
                 VALUE   DATE(S)  VALUE   FROM    VALUE  DATE(S)
                                          NORMAL
................................................................
TEMPERATURE (F)
RECORD
 HIGH              88   01/04/1927
 LOW                6   01/07/1913
HIGHEST            81   01/08        78       3       81  01/23
LOWEST             29   01/28        28       1       31  01/13
                        01/27
                        01/26
AVG. MAXIMUM     65.0              65.5    -0.5     66.2
AVG. MINIMUM     40.8              39.8     1.0     38.8
MEAN             52.9              52.6     0.3     52.5
DAYS MAX >= 90      0               0.0     0.0        0
DAYS MAX <= 32      0               0.0     0.0        0
DAYS MIN <= 32      5               3.8     1.2        2
DAYS MIN <= 0       0               0.0     0.0        0

PRECIPITATION (INCHES)
RECORD
 MAXIMUM         4.81   1993
 MINIMUM         0.00   1972
                        1928
                        1924
TOTALS           1.18              0.94    0.24     1.53
DAILY AVG.       0.04              0.03    0.01     0.05
DAYS >= .01         8               4.9     3.1        2
DAYS >= .10         5               2.5     2.5        2
DAYS >= .50         0               0.5    -0.5        2
DAYS >= 1.00        0               0.1    -0.1        0
GREATEST
 24 HR. TOTAL    0.54   01/14 TO 01/15           01/07 TO 01/07
                                                          01/07 TO 01/07
                                                          01/07 TO 01/07

DEGREE_DAYS
HEATING TOTAL     369               383     -14      381
 SINCE 7/1        727               994    -267      986
........................................................

WIND (MPH)
AVERAGE WIND SPEED              6.2
HIGHEST WIND SPEED/DIRECTION    32/270    DATE  01/21
HIGHEST GUST SPEED/DIRECTION    42/270    DATE  01/21

AVERAGE RH (PERCENT)     53

WEATHER CONDITIONS. NUMBER OF DAYS WITH
THUNDERSTORM              0     MIXED PRECIP               0
HEAVY RAIN                2     RAIN                       3
LIGHT RAIN                8     FREEZING RAIN              0
LT FREEZING RAIN          0     HAIL                       0
HEAVY SNOW                0     SNOW                       0
LIGHT SNOW                0     SLEET                      0
FOG                       5     FOG W/VIS <= 1/4 MILE      0
HAZE                      0

-  INDICATES NEGATIVE NUMBERS.
R  INDICATES RECORD WAS SET OR TIED.
MM INDICATES DATA IS MISSING.
T  INDICATES TRACE AMOUNT.

$$
