000
CXUS55 KREV 010857
CLMTVL

RNOCLMTVL 000
TTAA00 KREV 010850


CLIMATE REPORT
NATIONAL WEATHER SERVICE RENO NV
150 AM PDT TUE JUL 1 2014

...................................

...THE SOUTH LAKE TAHOE CA CLIMATE SUMMARY FOR THE MONTH OF JUNE 2014...

THE AVERAGE TEMPERATURE FOR JUNE 2014 AT SOUTH LAKE TAHOE WAS 57.8
DEGREES.  THIS IS 3.0 DEGREES ABOVE NORMAL.  THE WARMEST TEMPERATURE
FOR THE MONTH WAS 88 DEGREES WHICH WAS RECORDED ON BOTH THE 29TH AND
30TH.  THE LOWEST READING FOR JUNE WAS 31 DEGREES WHICH OCCURRED ON
THE 1ST...3RD AND 14TH.

FOR JUNE 2014 SOUTH LAKE TAHOE RECORDED A TOTAL OF 0.02 INCH OF
PRECIPITATION.  THIS IS 0.57 INCH BELOW NORMAL.  NO SNOWFALL WAS
RECORDED FOR THE MONTH OF JUNE 2014.

THE AVERAGE WIND SPEED FOR THE MONTH WAS 5.6 MPH.  THE HIGHEST WIND
GUST FOR THE MONTH WAS 40 MPH FROM THE SOUTH WHICH OCCURRED ON THE
16TH.

CLIMATE NORMAL PERIOD 1981 TO 2010
CLIMATE RECORD PERIOD 1968 TO 2014

WEATHER         OBSERVED          NORMAL  DEPART
                 VALUE   DATE(S)  VALUE   FROM
                                          NORMAL
................................................
TEMPERATURE (F)
RECORD
 HIGH              90   06/25/1988
 LOW               21   06/09/1988
HIGHEST            88   06/30        90      -2
                        06/29
LOWEST             31   06/14        21      10
                        06/03
                        06/01
AVG. MAXIMUM     76.7              72.3     4.4
AVG. MINIMUM     38.8              37.1     1.7
MEAN             57.8              54.7     3.1
DAYS MAX >= 90      0               0.0     0.0
DAYS MAX <= 32      0               0.0     0.0
DAYS MIN <= 32      5               5.5    -0.5
DAYS MIN <= 0       0               0.0     0.0

PRECIPITATION (INCHES)
RECORD
 MAXIMUM           MM   MM
 MINIMUM           MM   MM
TOTALS           0.02              0.59   -0.57
DAILY AVG.       0.00              0.02   -0.02
DAYS >= .01         1                MM      MM
DAYS >= .10         0                MM      MM
DAYS >= .50         0                MM      MM
DAYS >= 1.00        0                MM      MM
GREATEST
 24 HR. TOTAL    0.02   06/26 TO 06/26
                        06/25 TO 06/26
                        06/26 TO 06/26
 STORM TOTAL       MM
 (MM/DD(HH))            MM

SNOWFALL (INCHES)
 LIQUID EQUIV    0.00                MM      MM
 LIQUID 7/1      4.72
GREATEST
 SNOW DEPTH         0   MM

DEGREE_DAYS
HEATING TOTAL     210               310    -100
 SINCE 7/1       6705              7732   -1027
COOLING TOTAL       1                 1       0
 SINCE 1/1          1                 1       0

FREEZE DATES
RECORD
 EARLIEST     MM
 LATEST       MM
EARLIEST      04/01             09/16
LATEST        05/31             05/18
.................................................

WIND (MPH)
AVERAGE WIND SPEED              5.6
HIGHEST WIND SPEED/DIRECTION    29/180    DATE  06/12
HIGHEST GUST SPEED/DIRECTION    40/190    DATE  06/16

SKY COVER
POSSIBLE SUNSHINE (PERCENT)   MM
AVERAGE SKY COVER             MM
NUMBER OF DAYS FAIR            0
NUMBER OF DAYS PC              0
NUMBER OF DAYS CLOUDY          0

AVERAGE RH (PERCENT)     41

WEATHER CONDITIONS. NUMBER OF DAYS WITH
THUNDERSTORM              0     MIXED PRECIP               0
HEAVY RAIN                0     RAIN                       0
LIGHT RAIN                1     FREEZING RAIN              0
LT FREEZING RAIN          0     HAIL                       0
HEAVY SNOW                0     SNOW                       0
LIGHT SNOW                0     SLEET                      0
FOG                       0     FOG W/VIS <= 1/4 MILE      0
HAZE                      1

-  INDICATES NEGATIVE NUMBERS.
R  INDICATES RECORD WAS SET OR TIED.
MM INDICATES DATA IS MISSING.
T  INDICATES TRACE AMOUNT.

$$
