302
CXUS54 KMRX 050328
CLMTYS


CLIMATE REPORT
NATIONAL WEATHER SERVICE MORRISTOWN TN
1128 PM EDT TUE APR 4 2017

...................................

...THE KNOXVILLE    ASOS CLIMATE SUMMARY FOR THE MONTH OF MARCH 2017...

CLIMATE NORMAL PERIOD 1981 TO 2010
CLIMATE RECORD PERIOD 1871 TO 2017

WEATHER         OBSERVED          NORMAL  DEPART
                 VALUE   DATE(S)  VALUE   FROM
                                          NORMAL
................................................
TEMPERATURE (F)
HIGHEST            81   03/21
LOWEST             21   03/16
AVG. MAXIMUM     63.1              61.4     1.7
AVG. MINIMUM     40.9              39.2     1.7
MEAN             52.0              50.3     1.7
DAYS MAX >= 90      0
DAYS MAX <= 32      0
DAYS MIN <= 32      9
DAYS MIN <= 0       0

PRECIPITATION (INCHES)
RECORD
 MAXIMUM        13.35   1917
 MINIMUM         0.72   1910
TOTALS           5.73              4.34    1.39
DAYS >= .01        15
DAYS >= .10        11
DAYS >= .50         6
DAYS >= 1.00        0
GREATEST
 24 HR. TOTAL    0.96   03/01 TO 03/01

SNOWFALL (INCHES)
TOTALS              T               0.9    -0.9
SINCE 7/1         2.3
SNOWDEPTH AVG.      0
DAYS >= TRACE       2
GREATEST
 SNOW DEPTH         0   MM

DEGREE_DAYS
HEATING TOTAL     399               461     -62
 SINCE 7/1       2458              3357    -899
COOLING TOTAL       3                 5      -2
 SINCE 1/1          3                 5      -2
.................................................



-  INDICATES NEGATIVE NUMBERS.
R  INDICATES RECORD WAS SET OR TIED.
MM INDICATES DATA IS MISSING.
T  INDICATES TRACE AMOUNT.

$$
