000
CXUS53 KLOT 011436
CLMUGN


CLIMATE REPORT
NATIONAL WEATHER SERVICE CHICAGO IL
917 AM CDT FRI JUL 1 2016

...................................

...THE WAUKEGAN   CLIMATE SUMMARY FOR THE MONTH OF JUNE 2016...

CLIMATE NORMAL PERIOD 1981 TO 2010
CLIMATE RECORD PERIOD 2000 TO 2016

WEATHER         OBSERVED          NORMAL  DEPART  LAST YEAR`S
                 VALUE   DATE(S)  VALUE   FROM    VALUE
                                          NORMAL
.............................................................
TEMPERATURE (F)
RECORD
 HIGH              99   06/28/2012
 LOW               37   06/03/2009
                        06/02/2003
HIGHEST            92   06/20        MM      MM       87
LOWEST             46   06/09        MM      MM       38
AVG. MAXIMUM     78.1              75.7     2.4     73.3
AVG. MINIMUM     57.4              55.6     1.8     52.9
MEAN             67.8              65.7     2.1     63.1

PRECIPITATION (INCHES)
RECORD
 MAXIMUM         7.25   2014
 MINIMUM         0.37   2012
TOTALS           1.35              3.88   -2.53     4.26

DEGREE_DAYS
HEATING TOTAL      40                86     -46      101
 SINCE 7/1       6097              6837    -740     7485
COOLING TOTAL     131               105      26       54
 SINCE 1/1        175               130      45       79
..............................................................

WIND (MPH)
AVERAGE WIND SPEED              6.4
HIGHEST WIND SPEED/DIRECTION    23/210    DATE  06/10
HIGHEST GUST SPEED/DIRECTION    35/320    DATE  06/05

AVERAGE RH (PERCENT)     70


-  INDICATES NEGATIVE NUMBERS.
R  INDICATES RECORD WAS SET OR TIED.
MM INDICATES DATA IS MISSING.
T  INDICATES TRACE AMOUNT.

$$
