000
CXUS53 KLSX 011347
CLMUIN


CLIMATE REPORT
NATIONAL WEATHER SERVICE ST LOUIS MO
831 AM CDT SAT OCT 1 2016

...................................

...THE QUINCY IL CLIMATE SUMMARY FOR THE MONTH OF SEPTEMBER 2016...

CLIMATE NORMAL PERIOD 1981 TO 2010
CLIMATE RECORD PERIOD 1901 TO 2016

WEATHER         OBSERVED          NORMAL  DEPART  LAST YEAR`S
                 VALUE   DATE(S)  VALUE   FROM    VALUE
                                          NORMAL
.............................................................
TEMPERATURE (F)
RECORD
 HIGH             105   09/04/1913
 LOW               26   09/28/1942
HIGHEST            93   09/06                         94
LOWEST             50   09/29                         44
                        09/27
AVG. MAXIMUM     81.6              77.1     4.5     82.8
AVG. MINIMUM     61.2              55.6     5.6     60.7
MEAN             71.4              66.4     5.0     71.7
DAYS MAX >= 90      4               1.8     2.2        7
DAYS MAX <= 32      0               0.0     0.0        0
DAYS MIN <= 32      0               0.0     0.0        0
DAYS MIN <= 0       0               0.0     0.0        0

PRECIPITATION (INCHES)
RECORD
 MAXIMUM        11.64   1926
 MINIMUM         0.14   1939
TOTALS           3.09              3.30   -0.21     1.27
DAILY AVG.       0.10              0.11   -0.01     0.04
DAYS >= .01         6               7.9    -1.9        4
DAYS >= .10         3               5.2    -2.2        2
DAYS >= .50         2               2.0     0.0        1
DAYS >= 1.00        1               0.9     0.1        0
GREATEST
 24 HR. TOTAL    2.18   09/09 TO 09/10

DEGREE_DAYS
HEATING TOTAL      18                82     -64       30
 SINCE 7/1         24                87     -63       34
COOLING TOTAL     220               123      97      241
 SINCE 1/1       1396              1076     320     1195
..............................................................

WIND (MPH)
HIGHEST WIND SPEED/DIRECTION    24/310    DATE  09/10
HIGHEST GUST SPEED/DIRECTION    32/220    DATE  09/07

SKY COVER
NUMBER OF DAYS FAIR           21
NUMBER OF DAYS PC              8
NUMBER OF DAYS CLOUDY          1


WEATHER CONDITIONS. NUMBER OF DAYS WITH
THUNDERSTORM              5     MIXED PRECIP               0
HEAVY RAIN                4     RAIN                       3
LIGHT RAIN                9     FREEZING RAIN              0
LT FREEZING RAIN          0     HEAVY SNOW                 0
SNOW                      0     LIGHT SNOW                 0
SLEET                     0     FOG                       12
FOG W/VIS <= 1/4 MILE     2     HAZE                       0

-  INDICATES NEGATIVE NUMBERS.
R  INDICATES RECORD WAS SET OR TIED.
MM INDICATES DATA IS MISSING.
T  INDICATES TRACE AMOUNT.


...MONTHLY...

TIED 16TH WARMEST SEPTEMBER ON RECORD (71.4 DEGREES).


...DAILY...

NO RECORDS OF NOTE.


GOSSELIN


$$
