000
CXUS53 KLOT 011401
CLMVPZ


CLIMATE REPORT
NATIONAL WEATHER SERVICE CHICAGO IL
858 AM CDT SUN OCT 1 2017

...................................

...THE VALPARAISO CLIMATE SUMMARY FOR THE MONTH OF SEPTEMBER 2017...

CLIMATE NORMAL PERIOD 1981 TO 2010
CLIMATE RECORD PERIOD 1998 TO 2017

WEATHER         OBSERVED          NORMAL  DEPART  LAST YEAR`S
                 VALUE   DATE(S)  VALUE   FROM    VALUE
                                          NORMAL
.............................................................
TEMPERATURE (F)
RECORD
 HIGH              97   09/11/2013
                        09/10/2013
                        07/04/2012
 LOW               36   09/24/2012
HIGHEST            95   09/23        MM      MM       92
                        09/22
LOWEST             44   09/10        MM      MM       47
                        09/02
AVG. MAXIMUM     80.2              74.3     5.9     79.0
AVG. MINIMUM     55.5              52.6     2.9     58.1
MEAN             67.9              63.4     4.5     68.5

PRECIPITATION (INCHES)
RECORD
 MAXIMUM         5.51   2008
 MINIMUM         0.50   2004
TOTALS           1.40              3.21   -1.81     1.24

DEGREE_DAYS
HEATING TOTAL      59               113     -54       27
 SINCE 7/1         65               130     -65       35
COOLING TOTAL     156                66      90      141
 SINCE 1/1        920               702     218      990
..............................................................

WIND (MPH)
AVERAGE WIND SPEED              5.3
HIGHEST WIND SPEED/DIRECTION    26/230    DATE  09/04
HIGHEST GUST SPEED/DIRECTION    36/230    DATE  09/04

AVERAGE RH (PERCENT)     69


-  INDICATES NEGATIVE NUMBERS.
R  INDICATES RECORD WAS SET OR TIED.
MM INDICATES DATA IS MISSING.
T  INDICATES TRACE AMOUNT.

$$
