000
CXUS52 KMLB 012123 CCA
CLMVRB

CLIMATE REPORT
NATIONAL WEATHER SERVICE MELBOURNE FL
852 AM EDT FRI SEP 1 2017

...................................

...THE VERO BEACH CLIMATE SUMMARY FOR THE MONTH OF AUGUST 2017...

CLIMATE NORMAL PERIOD 1981 TO 2010
CLIMATE RECORD PERIOD 1942 TO 2017

WEATHER         OBSERVED          NORMAL  DEPART  LAST YEAR`S
                 VALUE   DATE(S)  VALUE   FROM    VALUE  DATE(S)
                                          NORMAL
................................................................
TEMPERATURE (F)
MONTHLY RECORD
 HOTTEST         83.7   2011
 COLDEST         79.8   1967
DAILY RECORD
 HIGH              98   08/02/1999
                        08/07/1989
 LOW               63   08/03/1972
AUGUST 2017
HIGHEST            96   08/29                         96
LOWEST             72   08/30                         71
                        08/19
AVG. MAXIMUM     91.4              89.8     1.6     90.6
AVG. MINIMUM     75.5              73.6     1.9     75.4
MEAN             83.5              81.7     1.8     83.0
DAYS MAX >= 90     28              14.0    14.0       21
DAYS MAX <= 32      0               0.0     0.0        0
DAYS MIN <= 32      0               0.0     0.0        0
DAYS MIN <= 0       0               0.0     0.0        0

PRECIPITATION (INCHES)
MONTHLY RECORD
 MAXIMUM        18.91   2008
 MINIMUM         1.22   1980
DAILY RECORD
 MAXIMUM         6.48   08/27/2012
AUGUST 2017
TOTALS           6.63              7.03   -0.40    12.18
DAYS >= .01        16              14.2     1.8       17
DAYS >= .10         7               9.1    -2.1       10
DAYS >= .50         3               4.2    -1.2        7
DAYS >= 1.00        2               2.0     0.0        5
GREATEST
 24 HR. TOTAL    3.11   08/11 TO 08/11

SNOWFALL (INCHES)
TOTALS            0.0               0.0     0.0      0.0
SINCE 7/1         0.0               0.0     0.0      0.0
DAYS >= TRACE       0                                  0

DEGREE_DAYS
HEATING TOTAL       0                 0       0        0
 SINCE 7/1          0                 0       0        0
COOLING TOTAL     582               518      64      568
 SINCE 1/1       2712              2298     414     2590
.................................................................

WIND (MPH)
AVERAGE WIND SPEED              7.6
HIGHEST WIND SPEED/DIRECTION    28/190    DATE  08/03
HIGHEST GUST SPEED/DIRECTION    40/190    DATE  08/03

SKY COVER
POSSIBLE SUNSHINE (PERCENT)   MM
AVERAGE SKY COVER           0.20
NUMBER OF DAYS FAIR           26
NUMBER OF DAYS PC              5
NUMBER OF DAYS CLOUDY          0

AVERAGE RH (PERCENT)     77

WEATHER CONDITIONS. NUMBER OF DAYS WITH
THUNDERSTORM             13     MIXED PRECIP               0
HEAVY RAIN                9     RAIN                       7
LIGHT RAIN               11     LT FREEZING RAIN           0
HAIL                      0     LIGHT SNOW                 0
SLEET                     0     FOG                       15
FOG W/VIS <= 1/4 MILE     0     HAZE                       5

-  INDICATES NEGATIVE NUMBERS.
R  INDICATES RECORD WAS SET OR TIED.
MM INDICATES DATA IS MISSING.
T  INDICATES TRACE AMOUNT.

=====================================================================

...THE VERO BEACH CLIMATE SUMMARY FOR THE SUMMER SEASON, FROM
6/1/2017 TO 8/31/2017...

CLIMATE NORMAL PERIOD 1981 TO 2010
CLIMATE RECORD PERIOD 1942 TO 2017

WEATHER         OBSERVED          NORMAL  DEPART  LAST YEAR`S
                 VALUE   DATE(S)  VALUE   FROM    VALUE  DATE(S)
                                          NORMAL
................................................................
TEMPERATURE (F)
MONTHLY RECORD
 WARMEST         83.1   2010
 COLDEST         79.2   1974
DAILY RECORD
 HIGH             102   06/22/2009
 LOW               57   06/01/1984
SUMMER 2017
HIGHEST            97   07/29                         96
                        07/28
LOWEST             69   06/16                         70
AVG. MAXIMUM     90.5              89.4     1.1     90.7
AVG. MINIMUM     74.8              73.0     1.8     74.9
MEAN             82.6              81.2     1.4     82.8
DAYS MAX >= 90     67              36.8    30.2       66
DAYS MAX <= 32      0               0.0     0.0        0
DAYS MIN <= 32      0               0.0     0.0        0
DAYS MIN <= 0       0               0.0     0.0        0

PRECIPITATION (INCHES)
SUMMER RECORDS
 MAXIMUM        35.32   1968
 MINIMUM         8.24   1950
SUMMER 2017
TOTALS          18.38             19.33   -0.95    17.64
DAYS >= .01        43              41.5     1.5       33
DAYS >= .10        24              27.4    -3.4       20
DAYS >= .50        11              12.5    -1.5        9
DAYS >= 1.00        8               6.3     1.7        7
GREATEST
 24 HR. TOTAL    3.11   08/11 TO 08/11              6.10

SNOWFALL (INCHES)
TOTALS            0.0               0.0     0.0      0.0
SINCE 7/1         0.0                                0.0
DAYS >= TRACE       0                                  0

DEGREE_DAYS
HEATING TOTAL       0                 0       0        0
COOLING TOTAL    1647              1491     156     1661
.................................................................

WIND (MPH)
AVERAGE WIND SPEED              7.3
HIGHEST WIND SPEED/DIRECTION    38/190    DATE  07/29
HIGHEST GUST SPEED/DIRECTION    47/200    DATE  07/29

SKY COVER
POSSIBLE SUNSHINE (PERCENT)   MM
AVERAGE SKY COVER           0.20
NUMBER OF DAYS FAIR           80
NUMBER OF DAYS PC             10
NUMBER OF DAYS CLOUDY          2

AVERAGE RH (PERCENT)     78

WEATHER CONDITIONS. NUMBER OF DAYS WITH
THUNDERSTORM             49     MIXED PRECIP               0
HEAVY RAIN               22     RAIN                      21
LIGHT RAIN               40     HAIL                       0
SLEET                     0     FOG                       51
FOG W/VIS <= 1/4 MILE     3     HAZE                      14

-  INDICATES NEGATIVE NUMBERS.
R  INDICATES RECORD WAS SET OR TIED.
MM INDICATES DATA IS MISSING.
T  INDICATES TRACE AMOUNT.

$$

RODRIGUEZ
