071
CXUS52 KMLB 011415
CLMVRB


CLIMATE REPORT
NATIONAL WEATHER SERVICE MELBOURNE FL
859 AM EST WED FEB 1 2017

...................................

...THE VERO BEACH CLIMATE SUMMARY FOR THE MONTH OF JANUARY 2017...

CLIMATE NORMAL PERIOD 1981 TO 2010
CLIMATE RECORD PERIOD 1942 TO 2017

WEATHER         OBSERVED          NORMAL  DEPART  LAST YEAR`S
                 VALUE   DATE(S)  VALUE   FROM    VALUE  DATE(S)
                                          NORMAL
................................................................
TEMPERATURE (F)
MONTHLY
 HOTTEST         69.8   1947
 COLDEST         52.8   1981
DAILY RECORD
 HIGH              88   01/31/1991
                        01/26/1965
 LOW               21   01/22/1985
JANUARY 2017
HIGHEST            87   01/22                         83
LOWEST             34   01/31                         35
AVG. MAXIMUM     76.5              72.4     4.1     70.2
AVG. MINIMUM     53.6              51.7     1.9     52.4
MEAN             65.1              62.1     3.0     61.3
DAYS MAX >= 90      0               0.0     0.0        0
DAYS MAX <= 32      0               0.0     0.0        0
DAYS MIN <= 32      0               1.1    -1.1        0
DAYS MIN <= 0       0               0.0     0.0        0

PRECIPITATION (INCHES)
MONTHLY RECORD
 MAXIMUM         9.39   2016
 MINIMUM            T   2012
DAILY RECORD
 MAXIMUM         8.82   01/21/1957
JANUARY 2017
TOTALS           0.73              2.50   -1.77     9.39
DAYS >= .01         9               7.9     1.1       15
DAYS >= .10         3               4.3    -1.3        9
DAYS >= .50         0               1.6    -1.6        6
DAYS >= 1.00        0               0.8    -0.8        3
GREATEST
 24 HR. TOTAL    0.20   01/29 TO 01/29

SNOWFALL (INCHES)
TOTALS            0.0               0.0     0.0      0.0
SINCE 7/1         0.0               0.0     0.0      0.0
DAYS >= TRACE       0                                  0

DEGREE_DAYS
HEATING TOTAL      89               152     -63      138
 SINCE 7/1        123               287    -164      141
COOLING TOTAL     100                61      39       37
 SINCE 1/1        100                62      38       37
.................................................................

WIND (MPH)
AVERAGE WIND SPEED              8.0
HIGHEST WIND SPEED/DIRECTION    33/270    DATE  01/23
HIGHEST GUST SPEED/DIRECTION    41/200    DATE  01/22

SKY COVER
POSSIBLE SUNSHINE (PERCENT)   MM
AVERAGE SKY COVER           0.40
NUMBER OF DAYS FAIR           15
NUMBER OF DAYS PC             12
NUMBER OF DAYS CLOUDY          4

AVERAGE RH (PERCENT)     72

WEATHER CONDITIONS. NUMBER OF DAYS WITH
THUNDERSTORM              2     MIXED PRECIP               0
HEAVY RAIN                2     RAIN                       2
LIGHT RAIN               11     LT FREEZING RAIN           0
HAIL                      0     LIGHT SNOW                 0
SLEET                     0     FOG                       20
FOG W/VIS <= 1/4 MILE     6     HAZE                       4

-  INDICATES NEGATIVE NUMBERS.
R  INDICATES RECORD WAS SET OR TIED.
MM INDICATES DATA IS MISSING.
T  INDICATES TRACE AMOUNT.

$$
