000
CXUS52 KMLB 011800
CLMVRB


CLIMATE REPORT
NATIONAL WEATHER SERVICE MELBOURNE FL
134 PM EDT SAT OCT 1 2016

...................................

...THE VERO BEACH CLIMATE SUMMARY FOR THE MONTH OF SEPTEMBER 2016...

CLIMATE NORMAL PERIOD 1981 TO 2010
CLIMATE RECORD PERIOD 1942 TO 2016

WEATHER         OBSERVED          NORMAL  DEPART  LAST YEAR`S
                 VALUE   DATE(S)  VALUE   FROM    VALUE
                                          NORMAL
................................................................
TEMPERATURE (F)
MONTHLY RECORD
 HOTTEST         82.5   1996
 COLDEST         78.4   2001
DAILY RECORD
 HIGH              97   09/17/1996
                        09/13/1947
 LOW               61   09/29/2006
SEPTEMBER 2016
HIGHEST            94   09/03                         94
LOWEST             72   09/30                         71
                        09/28
                        09/26
AVG. MAXIMUM     89.7              88.0     1.7     89.6
AVG. MINIMUM     74.8              73.3     1.5     74.5
MEAN             82.2              80.6     1.6     82.1
DAYS MAX >= 90     17               5.5    11.5       18
DAYS MAX <= 32      0               0.0     0.0        0
DAYS MIN <= 32      0               0.0     0.0        0
DAYS MIN <= 0       0               0.0     0.0        0

PRECIPITATION (INCHES)
MONTHLY RECORD
 MAXIMUM        23.01   2004
 MINIMUM         1.67   1988
DAILY RECORD
MAXIMUM          7.30   09/05/2004
SEPTEMBER 2016
TOTALS           4.90              6.79   -1.89     8.52
DAYS >= .01        18              15.6     2.4       13
DAYS >= .10        10               9.8     0.2       10
DAYS >= .50         4               4.6    -0.6        7
DAYS >= 1.00        0               1.9    -1.9        2
GREATEST
 24 HR. TOTAL    0.99   09/19 TO 09/19
                        09/18 TO 09/19
                        09/19 TO 09/19

SNOWFALL (INCHES)
TOTALS            0.0               0.0     0.0      0.0
SINCE 7/1         0.0               0.0     0.0      0.0
DAYS >= TRACE       0                                  0

DEGREE_DAYS
HEATING TOTAL       0                 0       0        0
 SINCE 7/1          0                 0       0        0
COOLING TOTAL     523               469      54      518
 SINCE 1/1       3113              2767     346     3315
.................................................................

WIND (MPH)
AVERAGE WIND SPEED              6.1
HIGHEST WIND SPEED/DIRECTION    35/250    DATE  09/29
HIGHEST GUST SPEED/DIRECTION    49/250    DATE  09/29

SKY COVER
POSSIBLE SUNSHINE (PERCENT)   MM
AVERAGE SKY COVER           0.30
NUMBER OF DAYS FAIR           24
NUMBER OF DAYS PC              6
NUMBER OF DAYS CLOUDY          0

AVERAGE RH (PERCENT)     79

WEATHER CONDITIONS. NUMBER OF DAYS WITH
THUNDERSTORM             22     MIXED PRECIP               0
HEAVY RAIN               10     RAIN                      11
LIGHT RAIN               18     LT FREEZING RAIN           0
HAIL                      0     LIGHT SNOW                 0
SLEET                     0     FOG                       23
FOG W/VIS <= 1/4 MILE     2     HAZE                       9

-  INDICATES NEGATIVE NUMBERS.
R  INDICATES RECORD WAS SET OR TIED.
MM INDICATES DATA IS MISSING.
T  INDICATES TRACE AMOUNT.

$$
